CRAN Package Check Results for Package Amelia

Last updated on 2018-01-16 19:48:49 CET.

Flavor Version Tinstall Tcheck Ttotal Status Flags
r-devel-linux-x86_64-debian-clang 1.7.4 24.96 79.35 104.31 NOTE
r-devel-linux-x86_64-debian-gcc 1.7.4 20.41 59.27 79.68 NOTE
r-devel-linux-x86_64-fedora-clang 1.7.4 123.19 NOTE
r-devel-linux-x86_64-fedora-gcc 1.7.4 132.52 NOTE
r-devel-windows-ix86+x86_64 1.7.4 68.00 121.00 189.00 OK
r-patched-linux-x86_64 1.7.4 23.18 81.16 104.34 NOTE
r-patched-solaris-x86 1.7.4 159.00 OK
r-release-linux-x86_64 1.7.4 23.41 81.89 105.30 NOTE
r-release-windows-ix86+x86_64 1.7.4 66.00 198.00 264.00 OK
r-release-osx-x86_64 1.7.4 FAIL
r-oldrel-windows-ix86+x86_64 1.7.4 63.00 108.00 171.00 OK
r-oldrel-osx-x86_64 1.7.4 NOTE

Check Details

Version: 1.7.4
Check: compiled code
Result: NOTE
    File ‘Amelia/libs/Amelia.so’:
     Found no calls to: ‘R_registerRoutines’, ‘R_useDynamicSymbols’
    
    It is good practice to register native routines and to disable symbol
    search.
    
    See ‘Writing portable packages’ in the ‘Writing R Extensions’ manual.
Flavors: r-devel-linux-x86_64-debian-clang, r-devel-linux-x86_64-debian-gcc, r-devel-linux-x86_64-fedora-clang, r-devel-linux-x86_64-fedora-gcc, r-patched-linux-x86_64, r-release-linux-x86_64

Version: 1.7.4
Check: re-building of vignette outputs
Result: NOTE
    Error in re-building vignettes:
     ...
    Loading required package: Amelia
    Loading required package: Rcpp
    ##
    ## Amelia II: Multiple Imputation
    ## (Version 1.7.4, built: 2015-12-05)
    ## Copyright (C) 2005-2017 James Honaker, Gary King and Matthew Blackwell
    ## Refer to http://gking.harvard.edu/amelia/ for more information
    ##
    
    Execution halted
Flavor: r-release-osx-x86_64

Version: 1.7.4
Check: PDF version of manual
Result: FAIL
    
Flavor: r-release-osx-x86_64

Version: 1.7.4
Check: dependencies in R code
Result: NOTE
    Invalid MIT-MAGIC-COOKIE-1 key
Flavor: r-oldrel-osx-x86_64