CRAN Package Check Results for Package Amelia

Last updated on 2017-05-24 22:46:55.

Flavor Version Tinstall Tcheck Ttotal Status Flags
r-devel-linux-x86_64-debian-clang 1.7.4 17.93 52.49 70.42 NOTE
r-devel-linux-x86_64-debian-gcc 1.7.4 17.54 49.58 67.12 NOTE
r-devel-linux-x86_64-fedora-clang 1.7.4 128.65 NOTE --no-stop-on-test-error
r-devel-linux-x86_64-fedora-gcc 1.7.4 127.43 NOTE --no-stop-on-test-error
r-devel-windows-ix86+x86_64 1.7.4 52.00 130.00 182.00 OK
r-patched-linux-x86_64 1.7.4 16.29 49.65 65.93 NOTE
r-patched-solaris-sparc 1.7.4 712.30 OK
r-patched-solaris-x86 1.7.4 137.70 OK --no-stop-on-test-error
r-release-linux-x86_64 1.7.4 16.29 49.36 65.65 NOTE
r-release-windows-ix86+x86_64 1.7.4 48.00 198.00 246.00 OK
r-release-osx-x86_64 1.7.4 FAIL
r-oldrel-windows-ix86+x86_64 1.7.4 60.00 154.00 214.00 OK
r-oldrel-osx-x86_64 1.7.4 NOTE

Check Details

Version: 1.7.4
Check: compiled code
Result: NOTE
    File ‘Amelia/libs/Amelia.so’:
     Found no calls to: ‘R_registerRoutines’, ‘R_useDynamicSymbols’
    
    It is good practice to register native routines and to disable symbol
    search.
    
    See ‘Writing portable packages’ in the ‘Writing R Extensions’ manual.
Flavors: r-devel-linux-x86_64-debian-clang, r-devel-linux-x86_64-debian-gcc, r-patched-linux-x86_64, r-release-linux-x86_64

Version: 1.7.4
Flags: --no-stop-on-test-error
Check: compiled code
Result: NOTE
    File ‘Amelia/libs/Amelia.so’:
     Found no calls to: ‘R_registerRoutines’, ‘R_useDynamicSymbols’
    
    It is good practice to register native routines and to disable symbol
    search.
    
    See ‘Writing portable packages’ in the ‘Writing R Extensions’ manual.
Flavors: r-devel-linux-x86_64-fedora-clang, r-devel-linux-x86_64-fedora-gcc

Version: 1.7.4
Check: re-building of vignette outputs
Result: NOTE
    Error in re-building vignettes:
     ...
    Loading required package: Amelia
    Loading required package: Rcpp
    ##
    ## Amelia II: Multiple Imputation
    ## (Version 1.7.4, built: 2015-12-05)
    ## Copyright (C) 2005-2017 James Honaker, Gary King and Matthew Blackwell
    ## Refer to http://gking.harvard.edu/amelia/ for more information
    ##
    
    Execution halted
Flavor: r-release-osx-x86_64

Version: 1.7.4
Check: PDF version of manual
Result: FAIL
    
Flavor: r-release-osx-x86_64

Version: 1.7.4
Check: dependencies in R code
Result: NOTE
    Invalid MIT-MAGIC-COOKIE-1 key
Flavor: r-oldrel-osx-x86_64