CRAN Package Check Results for Package Amelia

Last updated on 2016-09-27 03:50:39.

Flavor Version Tinstall Tcheck Ttotal Status Flags
r-devel-linux-x86_64-debian-clang 1.7.4 17.42 44.45 61.86 OK
r-devel-linux-x86_64-debian-gcc 1.7.4 17.25 47.96 65.21 OK
r-devel-linux-x86_64-fedora-clang 1.7.4 114.55 OK
r-devel-linux-x86_64-fedora-gcc 1.7.4 108.00 OK
r-devel-macos-x86_64-clang 1.7.4 87.25 OK
r-devel-windows-ix86+x86_64 1.7.4 66.00 186.00 252.00 OK
r-patched-linux-x86_64 1.7.4 15.51 44.25 59.76 OK
r-patched-solaris-sparc 1.7.4 647.10 OK
r-patched-solaris-x86 1.7.4 122.80 OK
r-release-linux-x86_64 1.7.4 15.91 44.13 60.04 OK
r-release-osx-x86_64-mavericks 1.7.4 NOTE
r-release-windows-ix86+x86_64 1.7.4 67.00 155.00 222.00 OK
r-oldrel-windows-ix86+x86_64 1.7.4 60.00 206.00 266.00 OK

Check Details

Version: 1.7.4
Check: dependencies in R code
Result: NOTE
    Invalid MIT-MAGIC-COOKIE-1 key
Flavor: r-release-osx-x86_64-mavericks