CRAN Package Check Results for Package Amelia

Last updated on 2017-01-22 16:48:22.

Flavor Version Tinstall Tcheck Ttotal Status Flags
r-devel-linux-x86_64-debian-clang 1.7.4 17.73 49.91 67.65 OK
r-devel-linux-x86_64-debian-gcc 1.7.4 16.90 49.47 66.37 OK
r-devel-linux-x86_64-fedora-clang 1.7.4 126.40 OK --no-stop-on-test-error
r-devel-linux-x86_64-fedora-gcc 1.7.4 133.80 OK --no-stop-on-test-error
r-devel-macos-x86_64-clang 1.7.4 98.26 OK --no-stop-on-test-error
r-devel-windows-ix86+x86_64 1.7.4 51.00 123.00 174.00 OK
r-patched-linux-x86_64 1.7.4 15.97 43.34 59.31 OK
r-patched-solaris-sparc 1.7.4 644.10 OK
r-patched-solaris-x86 1.7.4 126.70 OK
r-release-linux-x86_64 1.7.4 15.38 43.41 58.79 OK
r-release-osx-x86_64-mavericks 1.7.4 NOTE
r-release-windows-ix86+x86_64 1.7.4 87.00 128.00 215.00 OK
r-oldrel-windows-ix86+x86_64 1.7.4 66.00 171.00 237.00 OK

Check Details

Version: 1.7.4
Check: dependencies in R code
Result: NOTE
    Invalid MIT-MAGIC-COOKIE-1 key
Flavor: r-release-osx-x86_64-mavericks