CRAN Package Check Results for Package Amelia

Last updated on 2015-04-18 03:50:08.

Flavor Version Tinstall Tcheck Ttotal Status Flags
r-devel-linux-x86_64-debian-clang 1.7.3 14.35 41.58 55.93 NOTE
r-devel-linux-x86_64-debian-gcc 1.7.3 14.24 41.34 55.58 NOTE
r-devel-linux-x86_64-fedora-clang 1.7.3 114.91 NOTE
r-devel-linux-x86_64-fedora-gcc 1.7.3 104.83 NOTE
r-devel-osx-x86_64-clang 1.7.3 103.61 NOTE
r-prerel-windows-ix86+x86_64 1.7.3 35.00 75.00 110.00 NOTE
r-prerel-linux-x86_64 1.7.3 16.23 41.46 57.69 NOTE
r-prerel-solaris-sparc 1.7.3 737.60 NOTE
r-prerel-solaris-x86 1.7.3 136.30 NOTE
r-release-linux-x86_64 1.7.3 14.52 45.35 59.87 NOTE
r-release-osx-x86_64-mavericks 1.7.3 NOTE
r-release-osx-x86_64-snowleopard 1.7.3 OK
r-release-windows-ix86+x86_64 1.7.3 48.00 110.00 158.00 NOTE
r-oldrel-windows-ix86+x86_64 1.7.3 48.00 106.00 154.00 OK

Check Details

Version: 1.7.3
Check: dependencies in R code
Result: NOTE
    'library' or 'require' call to ‘tcltk’ in package code.
     Please use :: or requireNamespace() instead.
     See section 'Suggested packages' in the 'Writing R Extensions' manual.
Flavors: r-devel-linux-x86_64-debian-clang, r-devel-linux-x86_64-debian-gcc, r-devel-linux-x86_64-fedora-clang, r-devel-linux-x86_64-fedora-gcc, r-devel-osx-x86_64-clang, r-prerel-windows-ix86+x86_64, r-prerel-linux-x86_64, r-prerel-solaris-sparc, r-prerel-solaris-x86, r-release-linux-x86_64, r-release-windows-ix86+x86_64

Version: 1.7.3
Check: line endings in Makefiles
Result: NOTE
    Found the following Makefile(s) without a final LF:
     src/Makevars
    Some ‘make’ programs ignore lines not ending in LF.
Flavors: r-devel-linux-x86_64-debian-clang, r-devel-linux-x86_64-debian-gcc, r-devel-linux-x86_64-fedora-clang, r-devel-linux-x86_64-fedora-gcc, r-devel-osx-x86_64-clang, r-prerel-windows-ix86+x86_64, r-prerel-linux-x86_64, r-prerel-solaris-sparc, r-prerel-solaris-x86, r-release-linux-x86_64, r-release-osx-x86_64-mavericks, r-release-windows-ix86+x86_64