CRAN Package Check Results for Package Amelia

Last updated on 2015-06-30 10:48:07.

Flavor Version Tinstall Tcheck Ttotal Status Flags
r-devel-linux-x86_64-debian-clang 1.7.3 14.27 42.35 56.62 NOTE
r-devel-linux-x86_64-debian-gcc 1.7.3 14.42 41.69 56.11 NOTE
r-devel-linux-x86_64-fedora-clang 1.7.3 110.07 NOTE
r-devel-linux-x86_64-fedora-gcc 1.7.3 101.13 NOTE
r-devel-osx-x86_64-clang 1.7.3 101.65 NOTE
r-devel-windows-ix86+x86_64 1.7.3 54.00 75.00 129.00 NOTE
r-patched-linux-x86_64 1.7.3 14.25 41.72 55.98 NOTE
r-patched-solaris-sparc 1.7.3 703.80 NOTE
r-patched-solaris-x86 1.7.3 138.10 NOTE
r-release-linux-x86_64 1.7.3 14.48 41.78 56.26 NOTE
r-release-osx-x86_64-mavericks 1.7.3 NOTE
r-release-windows-ix86+x86_64 1.7.3 49.00 85.00 134.00 NOTE
r-oldrel-windows-ix86+x86_64 1.7.3 52.00 89.00 141.00 NOTE

Check Details

Version: 1.7.3
Check: dependencies in R code
Result: NOTE
    'library' or 'require' call to ‘tcltk’ in package code.
     Please use :: or requireNamespace() instead.
     See section 'Suggested packages' in the 'Writing R Extensions' manual.
Flavors: r-devel-linux-x86_64-debian-clang, r-devel-linux-x86_64-debian-gcc, r-devel-linux-x86_64-fedora-clang, r-devel-linux-x86_64-fedora-gcc, r-devel-osx-x86_64-clang, r-devel-windows-ix86+x86_64, r-patched-linux-x86_64, r-patched-solaris-sparc, r-patched-solaris-x86, r-release-linux-x86_64, r-release-osx-x86_64-mavericks, r-release-windows-ix86+x86_64, r-oldrel-windows-ix86+x86_64

Version: 1.7.3
Check: R code for possible problems
Result: NOTE
    amcheck: no visible global function definition for ‘na.omit’
    amcheck : num.nonmissing: no visible global function definition for
     ‘na.omit’
    amcheck: no visible global function definition for ‘lm’
    amcheck: no visible global function definition for ‘coef’
    amelia.default: no visible binding for global variable ‘is’
    ameliabind: no visible binding for global variable ‘is’
    amsubset: no visible global function definition for ‘na.omit’
    bootx: no visible global function definition for ‘runif’
    compare.density: no visible global function definition for ‘dev.new’
    compare.density: no visible global function definition for ‘density’
    compare.density: no visible global function definition for ‘matplot’
    compare.density: no visible global function definition for ‘plot’
    disperse: no visible global function definition for ‘var’
    disperse: no visible global function definition for ‘prcomp’
    disperse: no visible global function definition for ‘rainbow’
    disperse: no visible global function definition for ‘dev.new’
    disperse: no visible global function definition for ‘plot’
    disperse: no visible global function definition for ‘segments’
    disperse: no visible global function definition for ‘abline’
    disperse: no visible global function definition for ‘legend’
    disperse: no visible global function definition for ‘xinch’
    disperse: no visible global function definition for ‘arrows’
    disperse: no visible global function definition for ‘xyinch’
    disperse: no visible global function definition for ‘chull’
    disperse: no visible global function definition for ‘lines’
    drawMissMap: no visible global function definition for ‘dev.new’
    emarch: no visible global function definition for ‘complete.cases’
    emarch: no visible global function definition for ‘cov’
    fillMainTree: no visible global function definition for ‘sd’
    generatepriors: no visible global function definition for ‘qnorm’
    gui.pri.setup : onOK: no visible global function definition for ‘qnorm’
    gui.pri.setup: no visible global function definition for
     ‘complete.cases’
    missmap: no visible global function definition for ‘image’
    missmap: no visible global function definition for ‘axis’
    missmap: no visible global function definition for ‘par’
    missmap: no visible global function definition for ‘reshape’
    missmap: no visible global function definition for ‘heat.colors’
    moPrep.default: no visible global function definition for ‘var’
    moPrep.default: no visible global function definition for ‘cov’
    overimpute: no visible global function definition for ‘rgb’
    overimpute: no visible global function definition for ‘dev.new’
    overimpute: no visible global function definition for ‘plot’
    overimpute: no visible global function definition for ‘segments’
    overimpute: no visible global function definition for ‘abline’
    plot.amelia: no visible global function definition for ‘par’
    plot.amelia: no visible global function definition for ‘devAskNewPage’
    plotHist: no visible global function definition for ‘dev.new’
    plotHist: no visible global function definition for ‘par’
    plotHist: no visible global function definition for ‘hist’
    rmvnorm: no visible global function definition for ‘rnorm’
    scalecenter: no visible binding for global variable ‘sd’
    sigalert: no visible global function definition for ‘colorRampPalette’
    sigalert: no visible global function definition for ‘plot.new’
    sigalert: no visible global function definition for ‘plot.window’
    sigalert: no visible global function definition for ‘text’
    sigalert: no visible global function definition for ‘rect’
    sigalert: no visible global function definition for ‘par’
    startval: no visible global function definition for ‘cov’
    summary.amelia: no visible global function definition for ‘na.omit’
    tscsPlot: no visible global function definition for ‘par’
    tscsPlot: no visible global function definition for ‘dev.new’
    tscsPlot: no visible binding for global variable ‘quantile’
    tscsPlot: no visible global function definition for ‘plot’
    tscsPlot: no visible global function definition for ‘segments’
    tscsPlot: no visible global function definition for ‘points’
    tscsPlot: no visible global function definition for ‘dev.copy2pdf’
    unsubset: no visible global function definition for ‘runif’
    unsubset: no visible global function definition for ‘na.omit’
    unsubset: no visible global function definition for ‘rbinom’
    updateTreeStats: no visible global function definition for ‘sd’
Flavors: r-devel-linux-x86_64-debian-clang, r-devel-linux-x86_64-debian-gcc, r-devel-windows-ix86+x86_64

Version: 1.7.3
Check: line endings in Makefiles
Result: NOTE
    Found the following Makefile(s) without a final LF:
     src/Makevars
    Some ‘make’ programs ignore lines not ending in LF.
Flavors: r-devel-linux-x86_64-debian-clang, r-devel-linux-x86_64-debian-gcc, r-devel-linux-x86_64-fedora-clang, r-devel-linux-x86_64-fedora-gcc, r-devel-osx-x86_64-clang, r-devel-windows-ix86+x86_64, r-patched-linux-x86_64, r-patched-solaris-sparc, r-patched-solaris-x86, r-release-linux-x86_64, r-release-osx-x86_64-mavericks, r-release-windows-ix86+x86_64, r-oldrel-windows-ix86+x86_64