CRAN Package Check Results for Package Amelia

Last updated on 2016-07-02 06:47:07.

Flavor Version Tinstall Tcheck Ttotal Status Flags
r-devel-linux-x86_64-debian-gcc 1.7.4 18.87 47.59 66.45 OK
r-devel-linux-x86_64-fedora-clang 1.7.4 118.67 OK
r-devel-linux-x86_64-fedora-gcc 1.7.4 105.44 OK
r-devel-osx-x86_64-clang 1.7.4 93.69 OK
r-devel-windows-ix86+x86_64 1.7.4 61.00 91.00 152.00 OK
r-patched-linux-x86_64 1.7.4 16.69 48.14 64.82 OK
r-patched-solaris-sparc 1.7.4 632.10 NOTE
r-patched-solaris-x86 1.7.4 133.60 NOTE
r-release-linux-x86_64 1.7.4 15.27 42.54 57.81 OK
r-release-osx-x86_64-mavericks 1.7.4 NOTE
r-release-windows-ix86+x86_64 1.7.4 61.00 97.00 158.00 OK
r-oldrel-windows-ix86+x86_64 1.7.4 44.00 111.00 155.00 OK

Check Details

Version: 1.7.4
Check: installed package size
Result: NOTE
     installed size is 6.7Mb
     sub-directories of 1Mb or more:
     libs 5.4Mb
Flavors: r-patched-solaris-sparc, r-patched-solaris-x86

Version: 1.7.4
Check: dependencies in R code
Result: NOTE
    Invalid MIT-MAGIC-COOKIE-1 key
Flavor: r-release-osx-x86_64-mavericks