CRAN Package Check Results for Package Amelia

Last updated on 2014-12-18 17:51:24.

Flavor Version Tinstall Tcheck Ttotal Status Flags
r-devel-linux-x86_64-debian-clang 1.7.3 13.06 44.41 57.47 OK
r-devel-linux-x86_64-debian-gcc 1.7.3 14.21 43.94 58.15 OK
r-devel-linux-x86_64-fedora-clang 1.7.3 119.27 OK
r-devel-linux-x86_64-fedora-gcc 1.7.3 112.46 OK
r-devel-osx-x86_64-clang 1.7.3 111.95 OK
r-devel-windows-ix86+x86_64 1.7.3 59.00 61.00 120.00 OK --no-vignettes
r-patched-linux-x86_64 1.7.3 14.62 46.39 61.01 OK
r-patched-solaris-sparc 1.7.3 654.10 OK
r-patched-solaris-x86 1.7.3 147.40 OK
r-release-linux-ix86 1.7.3 17.29 53.86 71.15 OK
r-release-linux-x86_64 1.7.3 14.33 46.02 60.35 OK
r-release-osx-x86_64-mavericks 1.7.3 NOTE
r-release-osx-x86_64-snowleopard 1.7.3 OK
r-release-windows-ix86+x86_64 1.7.3 44.00 67.00 111.00 OK --no-vignettes
r-oldrel-windows-ix86+x86_64 1.7.3 41.00 65.00 106.00 OK --no-vignettes

Check Details

Version: 1.7.3
Check: re-building of vignette outputs
Result: NOTE
    Error in re-building vignettes:
     ...
    (/usr/local/texlive/2013basic/texmf-dist/tex/generic/oberdiek/etexcmds.sty
    (/usr/local/texlive/2013basic/texmf-dist/tex/generic/oberdiek/ifluatex.sty))))
    (/usr/local/texlive/2013basic/texmf-dist/tex/generic/oberdiek/pdftexcmds.sty
    (/usr/local/texlive/2013basic/texmf-dist/tex/generic/oberdiek/ifpdf.sty))
    (/usr/local/texlive/2013basic/texmf-dist/tex/latex/latexconfig/epstopdf-sys.cfg
    ))) (/usr/local/texlive/2013basic/texmf-dist/tex/latex/natbib/natbib.sty)
    (/usr/local/texlive/2013basic/texmf-dist/tex/latex/setspace/setspace.sty)
    
    ! LaTeX Error: File `fullpage.sty' not found.
    
    Type X to quit or <RETURN> to proceed,
    or enter new name. (Default extension: sty)
    
    Enter file name:
    ! Emergency stop.
    <read *>
    
    l.31 \usepackage
     {caption}^^M
    ! ==> Fatal error occurred, no output PDF file produced!
    Transcript written on amelia.log.
    make: *** [amelia.pdf] Error 1
    Error in buildVignettes(dir = "/Builds/CRAN-QA-Simon/packages/mavericks-x86_64/results/3.1/Amelia.Rcheck/vign_test/Amelia") :
     running 'make' failed
    Execution halted
Flavor: r-release-osx-x86_64-mavericks