CRAN Package Check Results for Package Amelia

Last updated on 2016-05-31 13:47:12.

Flavor Version Tinstall Tcheck Ttotal Status Flags
r-devel-linux-x86_64-debian-gcc 1.7.4 17.81 42.55 60.36 OK
r-devel-linux-x86_64-fedora-clang 1.7.4 116.40 OK
r-devel-linux-x86_64-fedora-gcc 1.7.4 123.72 OK
r-devel-osx-x86_64-clang 1.7.4 130.01 OK
r-devel-windows-ix86+x86_64 1.7.4 41.00 96.00 137.00 OK
r-patched-linux-x86_64 1.7.4 15.74 44.73 60.47 OK
r-patched-solaris-sparc 1.7.4 625.20 OK
r-patched-solaris-x86 1.7.4 130.90 OK
r-release-linux-x86_64 1.7.4 15.19 41.93 57.12 OK
r-release-osx-x86_64-mavericks 1.7.4 NOTE
r-release-windows-ix86+x86_64 1.7.4 61.00 142.00 203.00 OK
r-oldrel-windows-ix86+x86_64 1.7.4 41.00 111.00 152.00 OK

Check Details

Version: 1.7.4
Check: dependencies in R code
Result: NOTE
    Invalid MIT-MAGIC-COOKIE-1 key
Flavor: r-release-osx-x86_64-mavericks