CRAN Package Check Results for Package Amelia

Last updated on 2015-03-30 21:49:06.

Flavor Version Tinstall Tcheck Ttotal Status Flags
r-devel-linux-x86_64-debian-clang 1.7.3 14.04 41.93 55.97 NOTE
r-devel-linux-x86_64-debian-gcc 1.7.3 14.19 42.75 56.94 NOTE
r-devel-linux-x86_64-fedora-clang 1.7.3 111.53 NOTE
r-devel-linux-x86_64-fedora-gcc 1.7.3 110.75 NOTE
r-devel-osx-x86_64-clang 1.7.3 107.57 NOTE
r-prerel-windows-ix86+x86_64 1.7.3 44.00 71.00 115.00 NOTE
r-prerel-linux-x86_64 1.7.3 14.47 43.08 57.55 NOTE
r-prerel-solaris-sparc 1.7.3 737.60 NOTE
r-prerel-solaris-x86 1.7.3 136.40 NOTE
r-release-linux-x86_64 1.7.3 15.22 45.32 60.54 NOTE
r-release-osx-x86_64-mavericks 1.7.3 NOTE
r-release-osx-x86_64-snowleopard 1.7.3 OK
r-release-windows-ix86+x86_64 1.7.3 44.00 82.00 126.00 NOTE
r-oldrel-windows-ix86+x86_64 1.7.3 44.00 86.00 130.00 OK

Check Details

Version: 1.7.3
Check: dependencies in R code
Result: NOTE
    'library' or 'require' call to ‘tcltk’ in package code.
     Please use :: or requireNamespace() instead.
     See section 'Suggested packages' in the 'Writing R Extensions' manual.
Flavors: r-devel-linux-x86_64-debian-clang, r-devel-linux-x86_64-debian-gcc, r-devel-linux-x86_64-fedora-clang, r-devel-linux-x86_64-fedora-gcc, r-devel-osx-x86_64-clang, r-prerel-windows-ix86+x86_64, r-prerel-linux-x86_64, r-prerel-solaris-sparc, r-prerel-solaris-x86, r-release-linux-x86_64, r-release-windows-ix86+x86_64

Version: 1.7.3
Check: line endings in Makefiles
Result: NOTE
    Found the following Makefile(s) without a final LF:
     src/Makevars
    Some ‘make’ programs ignore lines not ending in LF.
Flavors: r-devel-linux-x86_64-debian-clang, r-devel-linux-x86_64-debian-gcc, r-devel-linux-x86_64-fedora-clang, r-devel-linux-x86_64-fedora-gcc, r-devel-osx-x86_64-clang, r-prerel-windows-ix86+x86_64, r-prerel-linux-x86_64, r-prerel-solaris-sparc, r-prerel-solaris-x86, r-release-linux-x86_64, r-release-osx-x86_64-mavericks, r-release-windows-ix86+x86_64