CRAN Package Check Results for Package Amelia

Last updated on 2014-11-23 16:46:24.

Flavor Version Tinstall Tcheck Ttotal Status Flags
r-devel-linux-x86_64-debian-clang 1.7.3 12.70 47.21 59.92 OK
r-devel-linux-x86_64-debian-gcc 1.7.3 17.93 43.42 61.35 OK
r-devel-linux-x86_64-fedora-clang 1.7.3 119.06 OK
r-devel-linux-x86_64-fedora-gcc 1.7.3 111.63 OK
r-devel-osx-x86_64-clang 1.7.3 105.81 OK
r-devel-windows-ix86+x86_64 1.7.3 41.00 57.00 98.00 OK --no-vignettes
r-patched-linux-x86_64 1.7.3 14.98 44.98 59.97 OK
r-patched-solaris-sparc 1.7.3 654.10 OK
r-patched-solaris-x86 1.7.3 147.30 OK
r-release-linux-ix86 1.7.3 17.77 55.64 73.41 OK
r-release-linux-x86_64 1.7.3 14.37 45.92 60.30 OK
r-release-osx-x86_64-mavericks 1.7.3 NOTE
r-release-osx-x86_64-snowleopard 1.7.3 OK
r-release-windows-ix86+x86_64 1.7.3 45.00 66.00 111.00 OK --no-vignettes
r-oldrel-windows-ix86+x86_64 1.7.3 44.00 99.00 143.00 OK --no-vignettes

Check Details

Version: 1.7.3
Check: re-building of vignette outputs
Result: NOTE
    Error in re-building vignettes:
     ...
    (/usr/local/texlive/2013basic/texmf-dist/tex/generic/oberdiek/etexcmds.sty
    (/usr/local/texlive/2013basic/texmf-dist/tex/generic/oberdiek/ifluatex.sty))))
    (/usr/local/texlive/2013basic/texmf-dist/tex/generic/oberdiek/pdftexcmds.sty
    (/usr/local/texlive/2013basic/texmf-dist/tex/generic/oberdiek/ifpdf.sty))
    (/usr/local/texlive/2013basic/texmf-dist/tex/latex/latexconfig/epstopdf-sys.cfg
    ))) (/usr/local/texlive/2013basic/texmf-dist/tex/latex/natbib/natbib.sty)
    (/usr/local/texlive/2013basic/texmf-dist/tex/latex/setspace/setspace.sty)
    
    ! LaTeX Error: File `fullpage.sty' not found.
    
    Type X to quit or <RETURN> to proceed,
    or enter new name. (Default extension: sty)
    
    Enter file name:
    ! Emergency stop.
    <read *>
    
    l.31 \usepackage
     {caption}^^M
    ! ==> Fatal error occurred, no output PDF file produced!
    Transcript written on amelia.log.
    make: *** [amelia.pdf] Error 1
    Error in buildVignettes(dir = "/Builds/CRAN-QA-Simon/packages/mavericks-x86_64/results/3.1/Amelia.Rcheck/vign_test/Amelia") :
     running 'make' failed
    Execution halted
Flavor: r-release-osx-x86_64-mavericks