CRAN Package Check Results for Package Amelia

Last updated on 2017-10-23 11:48:14.

Flavor Version Tinstall Tcheck Ttotal Status Flags
r-devel-linux-x86_64-debian-clang 1.7.4 17.08 52.42 69.50 NOTE
r-devel-linux-x86_64-debian-gcc 1.7.4 16.91 52.99 69.90 NOTE
r-devel-linux-x86_64-fedora-clang 1.7.4 133.50 NOTE
r-devel-linux-x86_64-fedora-gcc 1.7.4 133.23 NOTE
r-devel-windows-ix86+x86_64 1.7.4 70.00 184.00 254.00 OK
r-patched-linux-x86_64 1.7.4 17.36 56.61 73.97 NOTE
r-patched-solaris-x86 1.7.4 142.90 OK
r-release-linux-x86_64 1.7.4 17.99 50.28 68.26 NOTE
r-release-windows-ix86+x86_64 1.7.4 66.00 127.00 193.00 OK
r-release-osx-x86_64 1.7.4 FAIL
r-oldrel-windows-ix86+x86_64 1.7.4 44.00 107.00 151.00 OK
r-oldrel-osx-x86_64 1.7.4 NOTE

Check Details

Version: 1.7.4
Check: compiled code
Result: NOTE
    File ‘Amelia/libs/Amelia.so’:
     Found no calls to: ‘R_registerRoutines’, ‘R_useDynamicSymbols’
    
    It is good practice to register native routines and to disable symbol
    search.
    
    See ‘Writing portable packages’ in the ‘Writing R Extensions’ manual.
Flavors: r-devel-linux-x86_64-debian-clang, r-devel-linux-x86_64-debian-gcc, r-devel-linux-x86_64-fedora-clang, r-devel-linux-x86_64-fedora-gcc, r-patched-linux-x86_64, r-release-linux-x86_64

Version: 1.7.4
Check: re-building of vignette outputs
Result: NOTE
    Error in re-building vignettes:
     ...
    Loading required package: Amelia
    Loading required package: Rcpp
    ##
    ## Amelia II: Multiple Imputation
    ## (Version 1.7.4, built: 2015-12-05)
    ## Copyright (C) 2005-2017 James Honaker, Gary King and Matthew Blackwell
    ## Refer to http://gking.harvard.edu/amelia/ for more information
    ##
    
    Execution halted
Flavor: r-release-osx-x86_64

Version: 1.7.4
Check: PDF version of manual
Result: FAIL
    
Flavor: r-release-osx-x86_64

Version: 1.7.4
Check: dependencies in R code
Result: NOTE
    Invalid MIT-MAGIC-COOKIE-1 key
Flavor: r-oldrel-osx-x86_64