CRAN Package Check Results for Package Amelia

Last updated on 2014-07-24 05:48:21.

Flavor Version Tinstall Tcheck Ttotal Status Flags
r-devel-linux-x86_64-debian-clang 1.7.2 12.70 41.77 54.46 NOTE
r-devel-linux-x86_64-debian-gcc 1.7.2 15.17 41.33 56.50 NOTE
r-devel-linux-x86_64-fedora-clang 1.7.2 118.95 NOTE
r-devel-linux-x86_64-fedora-gcc 1.7.2 114.42 NOTE
r-devel-osx-x86_64-clang 1.7.2 98.51 NOTE
r-devel-windows-ix86+x86_64 1.7.2 41.00 56.00 97.00 NOTE --no-vignettes
r-patched-linux-x86_64 1.7.2 15.19 41.40 56.59 NOTE
r-patched-solaris-sparc 1.7.2 691.00 NOTE
r-patched-solaris-x86 1.7.2 155.50 NOTE
r-release-linux-ix86 1.7.2 18.80 57.82 76.63 NOTE
r-release-linux-x86_64 1.7.2 15.14 42.38 57.51 NOTE
r-release-osx-x86_64-mavericks 1.7.2 NOTE
r-release-windows-ix86+x86_64 1.7.2 44.00 56.00 100.00 NOTE --no-vignettes
r-oldrel-windows-ix86+x86_64 1.7.2 47.00 59.00 106.00 NOTE --no-vignettes

Check Details

Version: 1.7.2
Check: dependencies in R code
Result: NOTE
    'library' or 'require' call to ‘foreign’ which was already attached by Depends.
     Please remove these calls from your code.
    Packages in Depends field not imported from:
     ‘Rcpp’ ‘RcppArmadillo’ ‘foreign’
     These packages need to be imported from (in the NAMESPACE file)
     for when this namespace is loaded but not attached.
    See the information on DESCRIPTION files in the chapter ‘Creating R
    packages’ of the ‘Writing R Extensions’ manual.
Flavors: r-devel-linux-x86_64-debian-clang, r-devel-linux-x86_64-debian-gcc, r-devel-linux-x86_64-fedora-clang, r-devel-linux-x86_64-fedora-gcc, r-devel-osx-x86_64-clang, r-patched-linux-x86_64, r-patched-solaris-sparc, r-patched-solaris-x86, r-release-linux-ix86, r-release-linux-x86_64, r-release-osx-x86_64-mavericks

Version: 1.7.2
Flags: --no-vignettes
Check: dependencies in R code
Result: NOTE
    'library' or 'require' call to 'foreign' which was already attached by Depends.
     Please remove these calls from your code.
    Packages in Depends field not imported from:
     'Rcpp' 'RcppArmadillo' 'foreign'
     These packages need to be imported from (in the NAMESPACE file)
     for when this namespace is loaded but not attached.
    See the information on DESCRIPTION files in the chapter 'Creating R
    packages' of the 'Writing R Extensions' manual.
Flavors: r-devel-windows-ix86+x86_64, r-release-windows-ix86+x86_64, r-oldrel-windows-ix86+x86_64

Version: 1.7.2
Check: re-building of vignette outputs
Result: NOTE
    Error in re-building vignettes:
     ...
    (/usr/local/texlive/2013basic/texmf-dist/tex/generic/oberdiek/etexcmds.sty
    (/usr/local/texlive/2013basic/texmf-dist/tex/generic/oberdiek/ifluatex.sty))))
    (/usr/local/texlive/2013basic/texmf-dist/tex/generic/oberdiek/pdftexcmds.sty
    (/usr/local/texlive/2013basic/texmf-dist/tex/generic/oberdiek/ifpdf.sty))
    (/usr/local/texlive/2013basic/texmf-dist/tex/latex/latexconfig/epstopdf-sys.cfg
    ))) (/usr/local/texlive/2013basic/texmf-dist/tex/latex/natbib/natbib.sty)
    (/usr/local/texlive/2013basic/texmf-dist/tex/latex/setspace/setspace.sty)
    
    ! LaTeX Error: File `fullpage.sty' not found.
    
    Type X to quit or <RETURN> to proceed,
    or enter new name. (Default extension: sty)
    
    Enter file name:
    ! Emergency stop.
    <read *>
    
    l.31 \usepackage
     {caption}^^M
    ! ==> Fatal error occurred, no output PDF file produced!
    Transcript written on amelia.log.
    make: *** [amelia.pdf] Error 1
    Error in buildVignettes(dir = "/Builds/CRAN-QA-Simon/packages/mavericks-x86_64/results/3.1/Amelia.Rcheck/vign_test/Amelia") :
     running 'make' failed
    Execution halted
Flavor: r-release-osx-x86_64-mavericks