CRAN Package Check Results for Package Amelia

Last updated on 2016-12-09 17:53:45.

Flavor Version Tinstall Tcheck Ttotal Status Flags
r-devel-linux-x86_64-debian-clang 1.7.4 17.49 50.91 68.41 OK
r-devel-linux-x86_64-debian-gcc 1.7.4 17.67 50.51 68.18 OK
r-devel-linux-x86_64-fedora-clang 1.7.4 131.89 OK --no-stop-on-test-error
r-devel-linux-x86_64-fedora-gcc 1.7.4 135.80 OK --no-stop-on-test-error
r-devel-macos-x86_64-clang 1.7.4 100.23 OK --no-stop-on-test-error
r-devel-windows-ix86+x86_64 1.7.4 51.00 117.00 168.00 OK
r-patched-linux-x86_64 1.7.4 15.12 44.25 59.37 OK
r-patched-solaris-sparc 1.7.4 647.10 OK
r-patched-solaris-x86 1.7.4 131.00 OK
r-release-linux-x86_64 1.7.4 15.09 43.44 58.52 OK
r-release-osx-x86_64-mavericks 1.7.4 NOTE
r-release-windows-ix86+x86_64 1.7.4 48.00 99.00 147.00 OK
r-oldrel-windows-ix86+x86_64 1.7.4 58.00 155.00 213.00 OK

Check Details

Version: 1.7.4
Check: dependencies in R code
Result: NOTE
    Invalid MIT-MAGIC-COOKIE-1 key
Flavor: r-release-osx-x86_64-mavericks