CRAN Package Check Results for Package Amelia

Last updated on 2015-01-27 17:53:10.

Flavor Version Tinstall Tcheck Ttotal Status Flags
r-devel-linux-x86_64-debian-clang 1.7.3 12.56 42.72 55.27 NOTE
r-devel-linux-x86_64-debian-gcc 1.7.3 16.74 42.12 58.86 NOTE
r-devel-linux-x86_64-fedora-clang 1.7.3 116.54 NOTE
r-devel-linux-x86_64-fedora-gcc 1.7.3 121.04 NOTE
r-devel-osx-x86_64-clang 1.7.3 107.49 NOTE
r-devel-windows-ix86+x86_64 1.7.3 44.00 87.00 131.00 NOTE
r-patched-linux-x86_64 1.7.3 15.68 46.34 62.02 NOTE
r-patched-solaris-sparc 1.7.3 777.00 NOTE
r-patched-solaris-x86 1.7.3 152.30 NOTE
r-release-linux-ix86 1.7.3 17.30 53.79 71.09 OK
r-release-linux-x86_64 1.7.3 14.58 45.19 59.77 OK
r-release-osx-x86_64-mavericks 1.7.3 NOTE
r-release-osx-x86_64-snowleopard 1.7.3 OK
r-release-windows-ix86+x86_64 1.7.3 44.00 84.00 128.00 OK
r-oldrel-windows-ix86+x86_64 1.7.3 42.00 83.00 125.00 OK

Memtest notes: UBSAN UBSAN-clang-trunk UBSAN-gcc

Check Details

Version: 1.7.3
Check: dependencies in R code
Result: NOTE
    'library' or 'require' call to ‘tcltk’ in package code.
     Please use :: or requireNamespace() instead.
     See section 'Suggested packages' in the 'Writing R Extensions' manual.
Flavors: r-devel-linux-x86_64-debian-clang, r-devel-linux-x86_64-debian-gcc, r-devel-linux-x86_64-fedora-clang, r-devel-linux-x86_64-fedora-gcc, r-devel-osx-x86_64-clang, r-devel-windows-ix86+x86_64

Version: 1.7.3
Check: line endings in Makefiles
Result: NOTE
    Found the following Makefile(s) without a final LF:
     src/Makevars
    Some ‘make’ programs ignore lines not ending in LF.
Flavors: r-devel-linux-x86_64-debian-clang, r-devel-linux-x86_64-debian-gcc, r-devel-linux-x86_64-fedora-clang, r-devel-linux-x86_64-fedora-gcc, r-devel-osx-x86_64-clang, r-devel-windows-ix86+x86_64, r-patched-linux-x86_64, r-patched-solaris-sparc, r-patched-solaris-x86, r-release-osx-x86_64-mavericks