CRAN Package Check Results for Package Amelia

Last updated on 2014-09-21 13:46:36.

Flavor Version Tinstall Tcheck Ttotal Status Flags
r-devel-linux-x86_64-debian-clang 1.7.2 13.38 43.03 56.40 NOTE
r-devel-linux-x86_64-debian-gcc 1.7.2 15.09 41.06 56.14 NOTE
r-devel-linux-x86_64-fedora-clang 1.7.2 114.36 NOTE
r-devel-linux-x86_64-fedora-gcc 1.7.2 122.20 NOTE
r-devel-osx-x86_64-clang 1.7.2 96.31 NOTE
r-devel-windows-ix86+x86_64 1.7.2 41.00 54.00 95.00 NOTE --no-vignettes
r-patched-linux-x86_64 1.7.2 21.66 45.51 67.17 NOTE
r-patched-solaris-sparc 1.7.2 688.20 NOTE
r-patched-solaris-x86 1.7.2 144.90 NOTE
r-release-linux-ix86 1.7.2 19.98 55.60 75.58 NOTE
r-release-linux-x86_64 1.7.2 15.25 46.22 61.47 NOTE
r-release-osx-x86_64-mavericks 1.7.2 NOTE
r-release-windows-ix86+x86_64 1.7.2 41.00 56.00 97.00 NOTE --no-vignettes
r-oldrel-windows-ix86+x86_64 1.7.2 45.00 60.00 105.00 NOTE --no-vignettes

Check Details

Version: 1.7.2
Check: dependencies in R code
Result: NOTE
    'library' or 'require' call to ‘foreign’ which was already attached by Depends.
     Please remove these calls from your code.
    Packages in Depends field not imported from:
     ‘Rcpp’ ‘RcppArmadillo’ ‘foreign’
     These packages need to be imported from (in the NAMESPACE file)
     for when this namespace is loaded but not attached.
    See the information on DESCRIPTION files in the chapter ‘Creating R
    packages’ of the ‘Writing R Extensions’ manual.
Flavors: r-devel-linux-x86_64-debian-clang, r-devel-linux-x86_64-debian-gcc, r-devel-linux-x86_64-fedora-clang, r-devel-linux-x86_64-fedora-gcc, r-devel-osx-x86_64-clang, r-patched-linux-x86_64, r-patched-solaris-sparc, r-patched-solaris-x86, r-release-linux-ix86, r-release-linux-x86_64, r-release-osx-x86_64-mavericks

Version: 1.7.2
Check: R code for possible problems
Result: NOTE
    AmeliaView: no visible global function definition for ‘tcl’
    AmeliaView: no visible global function definition for
     ‘tkfont.configure’
    AmeliaView: no visible global function definition for ‘tclServiceMode’
    AmeliaView: no visible global function definition for ‘tclVar’
    AmeliaView: no visible global function definition for ‘tkimage.create’
    AmeliaView: no visible global function definition for ‘tktoplevel’
    AmeliaView: no visible global function definition for ‘tkwm.title’
    AmeliaView: no visible global function definition for ‘tkwm.protocol’
    AmeliaView: no visible global function definition for ‘tkwm.geometry’
    AmeliaView: no visible global function definition for ‘tkmenu’
    AmeliaView: no visible global function definition for ‘tkadd’
    AmeliaView: no visible global function definition for ‘tkconfigure’
    AmeliaView: no visible global function definition for ‘ttkframe’
    AmeliaView: no visible global function definition for ‘ttklabel’
    AmeliaView: no visible global function definition for ‘ttkbutton’
    AmeliaView: no visible global function definition for ‘tkgrid’
    AmeliaView: no visible global function definition for ‘ttkpanedwindow’
    AmeliaView: no visible global function definition for ‘ttkseparator’
    AmeliaView: no visible global function definition for ‘ttkscrollbar’
    AmeliaView : <anonymous>: no visible global function definition for
     ‘tkyview’
    AmeliaView : <anonymous>: no visible global function definition for
     ‘tkxview’
    AmeliaView: no visible global function definition for ‘ttktreeview’
    AmeliaView : <anonymous>: no visible global function definition for
     ‘tkset’
    AmeliaView: no visible global function definition for ‘tkbind’
    AmeliaView: no visible global function definition for ‘tktag.configure’
    AmeliaView: no visible global function definition for
     ‘tkgrid.rowconfigure’
    AmeliaView: no visible global function definition for
     ‘tkgrid.columnconfigure’
    AmeliaView: no visible global function definition for ‘ttkprogressbar’
    AmeliaView: no visible global function definition for ‘tkwm.iconbitmap’
    AmeliaView: no visible global function definition for ‘tkraise’
    AmeliaView: no visible global function definition for ‘tkwm.deiconify’
    AmeliaView: no visible global function definition for ‘tkfocus’
    AmeliaView: no visible global function definition for ‘tkwait.window’
    activateGUI: no visible global function definition for ‘tkgrid.remove’
    activateGUI: no visible global function definition for ‘tkgrid’
    activateGUI: no visible global function definition for ‘tkwinfo’
    activateGUI: no visible global function definition for ‘tkconfigure’
    activateGUI: no visible global function definition for
     ‘tkentryconfigure’
    activateGUI: no visible global function definition for ‘tclVar’
    activateGUI: no visible global function definition for ‘tkset’
    activateGUI: no visible global function definition for ‘tcl’
    addBounds : onOK: no visible global function definition for ‘tclvalue’
    addBounds : onOK: no visible global function definition for
     ‘tkmessageBox’
    addBounds : onOK: no visible global function definition for ‘tkset’
    addBounds : onOK: no visible global function definition for
     ‘tkwm.withdraw’
    addBounds : onOK: no visible global function definition for
     ‘tkgrab.release’
    addBounds : onOK: no visible global function definition for ‘tkfocus’
    addBounds : validateNumeric: no visible global function definition for
     ‘tclVar’
    addBounds: no visible global function definition for ‘tclvalue’
    addBounds: no visible global function definition for ‘tcl’
    addBounds: no visible global function definition for ‘tkmessageBox’
    addBounds: no visible global function definition for ‘tclVar’
    addBounds: no visible global function definition for ‘tkconfigure’
    addBounds: no visible global function definition for ‘tkwm.deiconify’
    addBounds: no visible global function definition for ‘tkraise’
    addBounds: no visible global function definition for ‘tktoplevel’
    addBounds: no visible global function definition for ‘tkwm.title’
    addBounds: no visible global function definition for ‘ttkframe’
    addBounds: no visible global function definition for ‘ttkentry’
    addBounds: no visible global function definition for ‘tkgrid’
    addBounds: no visible global function definition for ‘ttklabel’
    addBounds: no visible global function definition for ‘ttkbutton’
    addBounds : <anonymous>: no visible global function definition for
     ‘tkwm.withdraw’
    addBounds : <anonymous>: no visible global function definition for
     ‘tkgrab.release’
    addBounds : <anonymous>: no visible global function definition for
     ‘tkfocus’
    addBounds: no visible global function definition for ‘tkwm.protocol’
    addLag: no visible global function definition for ‘tclvalue’
    addLag: no visible global function definition for ‘tcl’
    addLag: no visible global function definition for ‘tkset’
    addLead: no visible global function definition for ‘tclvalue’
    addLead: no visible global function definition for ‘tcl’
    addLead: no visible global function definition for ‘tkset’
    after: no visible global function definition for ‘.Tcl’
    after: no visible global function definition for ‘.Tcl.callback’
    amelia.default : do.amelia: no visible global function definition for
     ‘tcl’
    amelia.save: no visible global function definition for ‘tclvalue’
    ameliaTclSet: no visible global function definition for ‘tcl’
    bandTree: no visible global function definition for ‘tclvalue’
    bandTree: no visible global function definition for ‘tcl’
    bandTree: no visible global function definition for ‘tktag.configure’
    bindTooltip: no visible global function definition for ‘tkbind’
    buildAboutDialog: no visible global function definition for
     ‘tkwm.deiconify’
    buildAboutDialog: no visible global function definition for ‘tkraise’
    buildAboutDialog: no visible global function definition for
     ‘tktoplevel’
    buildAboutDialog: no visible global function definition for
     ‘tkwm.title’
    buildAboutDialog: no visible global function definition for ‘ttkframe’
    buildAboutDialog: no visible global function definition for ‘ttklabel’
    buildAboutDialog: no visible global function definition for ‘tkgrid’
    buildAboutDialog: no visible global function definition for ‘ttkbutton’
    buildAboutDialog : <anonymous>: no visible global function definition
     for ‘tkwm.withdraw’
    buildAboutDialog : <anonymous>: no visible global function definition
     for ‘tkgrab.release’
    buildAboutDialog : <anonymous>: no visible global function definition
     for ‘tkfocus’
    buildAboutDialog: no visible global function definition for
     ‘tkgrid.columnconfigure’
    buildAboutDialog: no visible global function definition for
     ‘tkwm.protocol’
    buildNumericalOptions : onCancel: no visible global function definition
     for ‘tcl’
    buildNumericalOptions : onCancel: no visible global function definition
     for ‘tkwm.withdraw’
    buildNumericalOptions : onCancel: no visible global function definition
     for ‘tkgrab.release’
    buildNumericalOptions : onCancel: no visible global function definition
     for ‘tkfocus’
    buildNumericalOptions: no visible global function definition for
     ‘tclvalue’
    buildNumericalOptions: no visible global function definition for
     ‘tkwm.deiconify’
    buildNumericalOptions: no visible global function definition for
     ‘tkraise’
    buildNumericalOptions: no visible global function definition for
     ‘tktoplevel’
    buildNumericalOptions: no visible global function definition for
     ‘tkwm.title’
    buildNumericalOptions: no visible global function definition for
     ‘ttkframe’
    buildNumericalOptions: no visible global function definition for
     ‘ttklabel’
    buildNumericalOptions: no visible global function definition for
     ‘ttkentry’
    buildNumericalOptions: no visible global function definition for
     ‘ttkbutton’
    buildNumericalOptions : <anonymous>: no visible global function
     definition for ‘tkwm.withdraw’
    buildNumericalOptions : <anonymous>: no visible global function
     definition for ‘tkgrab.release’
    buildNumericalOptions : <anonymous>: no visible global function
     definition for ‘tkfocus’
    buildNumericalOptions: no visible global function definition for
     ‘tkgrid’
    buildNumericalOptions: no visible global function definition for
     ‘tkwm.protocol’
    buildOutputOptions : onCancel: no visible global function definition
     for ‘tcl’
    buildOutputOptions : onCancel: no visible global function definition
     for ‘tkwm.withdraw’
    buildOutputOptions : onCancel: no visible global function definition
     for ‘tkgrab.release’
    buildOutputOptions : onCancel: no visible global function definition
     for ‘tkfocus’
    buildOutputOptions: no visible global function definition for
     ‘tclvalue’
    buildOutputOptions: no visible global function definition for
     ‘tkwm.deiconify’
    buildOutputOptions: no visible global function definition for ‘tkraise’
    buildOutputOptions: no visible global function definition for
     ‘tktoplevel’
    buildOutputOptions: no visible global function definition for
     ‘tkwm.title’
    buildOutputOptions: no visible global function definition for
     ‘ttkframe’
    buildOutputOptions: no visible global function definition for
     ‘ttklabel’
    buildOutputOptions: no visible global function definition for
     ‘ttkentry’
    buildOutputOptions: no visible global function definition for
     ‘ttkbutton’
    buildOutputOptions : <anonymous>: no visible global function definition
     for ‘tkwm.withdraw’
    buildOutputOptions : <anonymous>: no visible global function definition
     for ‘tkgrab.release’
    buildOutputOptions : <anonymous>: no visible global function definition
     for ‘tkfocus’
    buildOutputOptions: no visible global function definition for ‘tkgrid’
    buildOutputOptions: no visible global function definition for
     ‘tkwm.protocol’
    cancel.after: no visible global function definition for ‘.Tcl’
    centerModalDialog: no visible global function definition for ‘tkwinfo’
    centerModalDialog: no visible global function definition for
     ‘tkwm.geometry’
    centerModalDialog: no visible global function definition for ‘tkfocus’
    centerModalDialog: no visible global function definition for
     ‘tkgrab.set’
    centerModalDialog: no visible global function definition for
     ‘tkwm.resizable’
    centerModalDialog: no visible global function definition for
     ‘tkwm.transient’
    centerModalDialog: no visible global function definition for ‘tcl’
    drawArrow: no visible global function definition for ‘tcl’
    dropLag: no visible global function definition for ‘tclvalue’
    dropLag: no visible global function definition for ‘tcl’
    dropLag: no visible global function definition for ‘tkset’
    dropLead: no visible global function definition for ‘tclvalue’
    dropLead: no visible global function definition for ‘tcl’
    dropLead: no visible global function definition for ‘tkset’
    dropTrans: no visible global function definition for ‘tclvalue’
    dropTrans: no visible global function definition for ‘tcl’
    dropTrans: no visible global function definition for ‘tkset’
    fillMainTree: no visible global function definition for ‘tclvalue’
    fillMainTree: no visible global function definition for ‘tcl’
    fillMainTree: no visible global function definition for ‘tkdelete’
    fillMainTree: no visible global function definition for ‘tkinsert’
    getAmeliaInd: no visible global function definition for ‘tkindex’
    gui.diag.setup: no visible global function definition for
     ‘tkwm.deiconify’
    gui.diag.setup: no visible global function definition for ‘tkraise’
    gui.diag.setup: no visible global function definition for ‘tkfocus’
    gui.diag.setup: no visible global function definition for ‘tktoplevel’
    gui.diag.setup: no visible global function definition for ‘tkwm.title’
    gui.diag.setup: no visible global function definition for ‘ttkframe’
    gui.diag.setup: no visible global function definition for
     ‘ttkpanedwindow’
    gui.diag.setup: no visible global function definition for
     ‘ttklabelframe’
    gui.diag.setup: no visible global function definition for ‘tcl’
    gui.diag.setup: no visible global function definition for ‘ttkcombobox’
    gui.diag.setup: no visible global function definition for ‘ttklabel’
    gui.diag.setup: no visible global function definition for ‘ttkbutton’
    gui.diag.setup : <anonymous>: no visible global function definition for
     ‘tclvalue’
    gui.diag.setup: no visible global function definition for ‘tkgrid’
    gui.diag.setup: no visible global function definition for ‘tclVar’
    gui.diag.setup: no visible global function definition for
     ‘ttkradiobutton’
    gui.diag.setup: no visible global function definition for ‘ttkentry’
    gui.diag.setup: no visible global function definition for ‘tkadd’
    gui.diag.setup: no visible global function definition for
     ‘tkgrid.rowconfigure’
    gui.diag.setup: no visible global function definition for
     ‘tkgrid.columnconfigure’
    gui.diag.setup: no visible global function definition for
     ‘tkwm.protocol’
    gui.diag.setup : <anonymous>: no visible global function definition for
     ‘tkwm.withdraw’
    gui.diag.setup : <anonymous>: no visible global function definition for
     ‘tkgrab.release’
    gui.diag.setup : <anonymous>: no visible global function definition for
     ‘tkfocus’
    gui.pri.setup : onOK: no visible global function definition for ‘tcl’
    gui.pri.setup : onOK: no visible global function definition for
     ‘tclvalue’
    gui.pri.setup : onOK: no visible global function definition for ‘tkget’
    gui.pri.setup : onOK: no visible global function definition for
     ‘tkmessageBox’
    gui.pri.setup : onOK: no visible global function definition for
     ‘tkdelete’
    gui.pri.setup : onOK: no visible global function definition for
     ‘tkinsert’
    gui.pri.setup : validateNumeric: no visible global function definition
     for ‘tclVar’
    gui.pri.setup : validateSD: no visible global function definition for
     ‘tclVar’
    gui.pri.setup : validateConf: no visible global function definition for
     ‘tclVar’
    gui.pri.setup : setMissingVars: no visible global function definition
     for ‘tcl’
    gui.pri.setup : setMissingVars: no visible global function definition
     for ‘tkconfigure’
    gui.pri.setup : resetEntries: no visible global function definition for
     ‘tcl’
    gui.pri.setup : updateTree: no visible global function definition for
     ‘tcl’
    gui.pri.setup : updateTree: no visible global function definition for
     ‘tkdelete’
    gui.pri.setup : updateTree: no visible global function definition for
     ‘tkinsert’
    gui.pri.setup : dropPriors: no visible global function definition for
     ‘tclvalue’
    gui.pri.setup : dropPriors: no visible global function definition for
     ‘tcl’
    gui.pri.setup : dropPriors: no visible global function definition for
     ‘tkindex’
    gui.pri.setup : dropPriors: no visible global function definition for
     ‘tkdelete’
    gui.pri.setup : RightClick: no visible global function definition for
     ‘tkwinfo’
    gui.pri.setup : RightClick: no visible global function definition for
     ‘.Tcl’
    gui.pri.setup : RightClick: no visible global function definition for
     ‘.Tcl.args’
    gui.pri.setup: no visible global function definition for
     ‘tkwm.deiconify’
    gui.pri.setup: no visible global function definition for ‘tkraise’
    gui.pri.setup: no visible global function definition for ‘tkgrab’
    gui.pri.setup: no visible global function definition for ‘tktoplevel’
    gui.pri.setup: no visible global function definition for ‘tkwm.title’
    gui.pri.setup: no visible global function definition for ‘ttkframe’
    gui.pri.setup: no visible global function definition for
     ‘ttkpanedwindow’
    gui.pri.setup: no visible global function definition for
     ‘ttklabelframe’
    gui.pri.setup: no visible global function definition for ‘ttkbutton’
    gui.pri.setup: no visible global function definition for ‘ttkscrollbar’
    gui.pri.setup : <anonymous>: no visible global function definition for
     ‘tkyview’
    gui.pri.setup : <anonymous>: no visible global function definition for
     ‘tkxview’
    gui.pri.setup: no visible global function definition for ‘ttktreeview’
    gui.pri.setup : <anonymous>: no visible global function definition for
     ‘tkset’
    gui.pri.setup: no visible global function definition for ‘tkmenu’
    gui.pri.setup: no visible global function definition for ‘tkadd’
    gui.pri.setup: no visible global function definition for ‘tkbind’
    gui.pri.setup: no visible global function definition for ‘tcl’
    gui.pri.setup: no visible global function definition for
     ‘tktag.configure’
    gui.pri.setup: no visible global function definition for ‘ttknotebook’
    gui.pri.setup: no visible global function definition for ‘ttkcombobox’
    gui.pri.setup: no visible global function definition for ‘tkgrid’
    gui.pri.setup: no visible global function definition for ‘ttklabel’
    gui.pri.setup: no visible global function definition for ‘tkconfigure’
    gui.pri.setup: no visible global function definition for ‘tclVar’
    gui.pri.setup: no visible global function definition for ‘ttkentry’
    gui.pri.setup : <anonymous>: no visible global function definition for
     ‘tkwm.withdraw’
    gui.pri.setup : <anonymous>: no visible global function definition for
     ‘tkgrab.release’
    gui.pri.setup : <anonymous>: no visible global function definition for
     ‘tkfocus’
    gui.pri.setup: no visible global function definition for
     ‘tkgrid.rowconfigure’
    gui.pri.setup: no visible global function definition for
     ‘tkgrid.columnconfigure’
    gui.pri.setup: no visible global function definition for
     ‘tkwm.protocol’
    killTooltip: no visible global function definition for ‘tkwm.withdraw’
    load.session: no visible global function definition for ‘tclvalue’
    load.session: no visible global function definition for ‘tkgetOpenFile’
    load.session: no visible global function definition for ‘tkmessageBox’
    load.session: no visible global function definition for ‘tcl’
    load.session: no visible global function definition for
     ‘tkentryconfigure’
    load.session: no visible global function definition for ‘tkset’
    load.session: no visible global function definition for ‘tkgrid.remove’
    load.session: no visible global function definition for ‘tkgrid’
    load.session: no visible global function definition for ‘tkconfigure’
    loadCSV: no visible global function definition for ‘tclvalue’
    loadCSV: no visible global function definition for ‘tkgetOpenFile’
    loadCSV: no visible global function definition for ‘tkmessageBox’
    loadDemo: no visible global function definition for ‘tkmessageBox’
    loadDemo: no visible global function definition for ‘tclvalue’
    loadRData : onOK: no visible global function definition for ‘tclvalue’
    loadRData : onOK: no visible global function definition for ‘tkget’
    loadRData : onOK: no visible global function definition for ‘tkdestroy’
    loadRData : onOK: no visible global function definition for ‘tkfocus’
    loadRData : onOK: no visible global function definition for
     ‘tkgrab.release’
    loadRData : onCancel: no visible global function definition for
     ‘tkdestroy’
    loadRData : onCancel: no visible global function definition for
     ‘tkfocus’
    loadRData : onCancel: no visible global function definition for
     ‘tkgrab.release’
    loadRData: no visible global function definition for ‘tclvalue’
    loadRData: no visible global function definition for ‘tkgetOpenFile’
    loadRData: no visible global function definition for ‘tkmessageBox’
    loadRData: no visible global function definition for ‘tktoplevel’
    loadRData: no visible global function definition for ‘tkwm.title’
    loadRData: no visible global function definition for ‘ttkframe’
    loadRData: no visible global function definition for ‘ttkcombobox’
    loadRData: no visible global function definition for ‘tkconfigure’
    loadRData: no visible global function definition for ‘tkset’
    loadRData: no visible global function definition for ‘ttkbutton’
    loadRData: no visible global function definition for ‘tkgrid’
    loadRData: no visible global function definition for ‘ttklabel’
    loadRData: no visible global function definition for ‘tkgrab’
    loadRData: no visible global function definition for ‘tkfocus’
    loadRData: no visible global function definition for ‘tkwm.protocol’
    loadSAS: no visible global function definition for ‘tclvalue’
    loadSAS: no visible global function definition for ‘tkgetOpenFile’
    loadSAS: no visible global function definition for ‘tkmessageBox’
    loadSAS: no visible global function definition for ‘read.xport’
    loadSPSS: no visible global function definition for ‘tclvalue’
    loadSPSS: no visible global function definition for ‘tkgetOpenFile’
    loadSPSS: no visible global function definition for ‘tkmessageBox’
    loadSPSS: no visible global function definition for ‘read.spss’
    loadStata: no visible global function definition for ‘tclvalue’
    loadStata: no visible global function definition for ‘tkgetOpenFile’
    loadStata: no visible global function definition for ‘tkmessageBox’
    loadStata: no visible global function definition for ‘read.dta’
    loadTAB: no visible global function definition for ‘tclvalue’
    loadTAB: no visible global function definition for ‘tkgetOpenFile’
    loadTAB: no visible global function definition for ‘tkmessageBox’
    main.close: no visible global function definition for ‘tkmessageBox’
    main.close: no visible global function definition for ‘tclvalue’
    main.close: no visible global function definition for ‘tkdestroy’
    mainTreeRightClick: no visible global function definition for ‘tkwinfo’
    mainTreeRightClick: no visible global function definition for
     ‘tclvalue’
    mainTreeRightClick: no visible global function definition for ‘tcl’
    mainTreeRightClick: no visible global function definition for ‘tkmenu’
    mainTreeRightClick: no visible global function definition for ‘tkadd’
    mainTreeRightClick: no visible global function definition for ‘tkpopup’
    overimpute: no visible global function definition for ‘tkmessageBox’
    plotHist: no visible global function definition for ‘tclvalue’
    plotHist: no visible global function definition for ‘tcl’
    plotHist: no visible global function definition for ‘tkmessageBox’
    refreshSelection: no visible global function definition for ‘tclvalue’
    refreshSelection: no visible global function definition for ‘tcl’
    run.amelia: no visible global function definition for ‘tclvalue’
    run.amelia: no visible global function definition for ‘tkmessageBox’
    run.amelia: no visible global function definition for ‘tkgrid.remove’
    run.amelia: no visible global function definition for ‘tkgrid’
    run.amelia: no visible global function definition for ‘tkconfigure’
    run.amelia: no visible global function definition for
     ‘tkentryconfigure’
    save.log: no visible global function definition for ‘tclvalue’
    save.log: no visible global function definition for ‘tkgetSaveFile’
    save.session: no visible global function definition for ‘tkmessageBox’
    save.session: no visible global function definition for ‘tclvalue’
    save.session: no visible global function definition for ‘tkgetSaveFile’
    set.out: no visible global function definition for ‘tkget’
    setCS: no visible global function definition for ‘tclvalue’
    setCS: no visible global function definition for ‘tcl’
    setCS: no visible global function definition for ‘tkmessageBox’
    setCS: no visible global function definition for ‘tkentryconfigure’
    setTS: no visible global function definition for ‘tclvalue’
    setTS: no visible global function definition for ‘tcl’
    setTS: no visible global function definition for ‘tkmessageBox’
    setTS: no visible global function definition for ‘tkentryconfigure’
    setTrans: no visible global function definition for ‘tclvalue’
    setTrans: no visible global function definition for ‘tcl’
    setTrans: no visible global function definition for ‘tkset’
    setWorkingDir: no visible global function definition for
     ‘tkchooseDirectory’
    setWorkingDir: no visible global function definition for ‘tclvalue’
    show.output.log : RightClick: no visible global function definition for
     ‘tkwinfo’
    show.output.log : RightClick: no visible global function definition for
     ‘.Tcl’
    show.output.log : RightClick: no visible global function definition for
     ‘.Tcl.args’
    show.output.log: no visible global function definition for ‘tkdelete’
    show.output.log: no visible global function definition for ‘tkinsert’
    show.output.log: no visible global function definition for
     ‘tkwm.deiconify’
    show.output.log: no visible global function definition for ‘tkraise’
    show.output.log: no visible global function definition for ‘tkfocus’
    show.output.log: no visible global function definition for ‘tktoplevel’
    show.output.log: no visible global function definition for ‘tkwm.title’
    show.output.log: no visible global function definition for
     ‘ttkscrollbar’
    show.output.log : <anonymous>: no visible global function definition
     for ‘tkyview’
    show.output.log: no visible global function definition for ‘tktext’
    show.output.log : <anonymous>: no visible global function definition
     for ‘tkset’
    show.output.log: no visible global function definition for
     ‘tkconfigure’
    show.output.log: no visible global function definition for ‘tkmenu’
    show.output.log: no visible global function definition for ‘tkadd’
    show.output.log : <anonymous>: no visible global function definition
     for ‘tkwm.withdraw’
    show.output.log : <anonymous>: no visible global function definition
     for ‘tkgrab.release’
    show.output.log : <anonymous>: no visible global function definition
     for ‘tkfocus’
    show.output.log : <anonymous>: no visible global function definition
     for ‘tkevent.generate’
    show.output.log: no visible global function definition for ‘tkbind’
    show.output.log: no visible global function definition for ‘tkgrid’
    show.output.log: no visible global function definition for
     ‘tkgrid.columnconfigure’
    show.output.log: no visible global function definition for
     ‘tkgrid.rowconfigure’
    show.output.log: no visible global function definition for
     ‘tkwm.protocol’
    showTooltip : <anonymous>: no visible global function definition for
     ‘tclvalue’
    showTooltip : <anonymous>: no visible global function definition for
     ‘tkwinfo’
    showTooltip : <anonymous>: no visible global function definition for
     ‘tclServiceMode’
    showTooltip : <anonymous>: no visible global function definition for
     ‘tktoplevel’
    showTooltip : <anonymous>: no visible global function definition for
     ‘tkwm.geometry’
    showTooltip : <anonymous>: no visible global function definition for
     ‘tcl’
    showTooltip : <anonymous>: no visible global function definition for
     ‘ttklabel’
    showTooltip : <anonymous>: no visible global function definition for
     ‘tkpack’
    showTooltip : <anonymous>: no visible global function definition for
     ‘tkbind’
    showTooltip : <anonymous> : <anonymous>: no visible global function
     definition for ‘tkwm.withdraw’
    showTooltip : <anonymous>: no visible global function definition for
     ‘tkwm.deiconify’
    showTooltip : <anonymous>: no visible global function definition for
     ‘tkraise’
    sortTreeBy: no visible global function definition for ‘tclvalue’
    sortTreeBy: no visible global function definition for ‘tcl’
    sortTreeBy: no visible global function definition for ‘tkset’
    sortTreeBy: no visible global function definition for ‘tkmove’
    unsetCS: no visible global function definition for ‘tclvalue’
    unsetCS: no visible global function definition for ‘tcl’
    unsetCS: no visible global function definition for ‘tkmessageBox’
    unsetCS: no visible global function definition for ‘tkentryconfigure’
    unsetTS: no visible global function definition for ‘tclvalue’
    unsetTS: no visible global function definition for ‘tcl’
    unsetTS: no visible global function definition for ‘tkmessageBox’
    unsetTS: no visible global function definition for ‘tkentryconfigure’
    unsetTS: no visible global function definition for ‘tkset’
    updateTreeStats: no visible global function definition for ‘tclvalue’
    updateTreeStats: no visible global function definition for ‘tcl’
    updateTreeStats: no visible global function definition for ‘tkset’
    variableOptionsPost: no visible global function definition for
     ‘tclvalue’
    variableOptionsPost: no visible global function definition for ‘tcl’
    variableOptionsPost: no visible global function definition for ‘tktype’
    variableOptionsPost: no visible global function definition for
     ‘tkentryconfigure’
Flavors: r-devel-linux-x86_64-debian-clang, r-devel-linux-x86_64-debian-gcc, r-devel-linux-x86_64-fedora-clang, r-devel-linux-x86_64-fedora-gcc, r-devel-osx-x86_64-clang

Version: 1.7.2
Check: compiled code
Result: NOTE
    File ‘Amelia/libs/Amelia.so’:
     Found ‘rand’, possibly from ‘rand’ (C)
     Object: ‘em.o’
    
    Compiled code should not call entry points which might terminate R nor
    write to stdout/stderr instead of to the console, nor the C RNG.
    
    See ‘Writing portable packages’ in the ‘Writing R Extensions’ manual.
Flavors: r-devel-linux-x86_64-debian-clang, r-devel-linux-x86_64-debian-gcc, r-devel-linux-x86_64-fedora-clang, r-devel-linux-x86_64-fedora-gcc

Version: 1.7.2
Check: files in ‘vignettes’
Result: NOTE
    The following files look like leftovers/mistakes:
     ‘Rplots.pdf’
    Please remove them from your package.
Flavors: r-devel-linux-x86_64-debian-clang, r-devel-linux-x86_64-debian-gcc, r-devel-linux-x86_64-fedora-clang, r-devel-linux-x86_64-fedora-gcc, r-devel-osx-x86_64-clang, r-patched-linux-x86_64, r-patched-solaris-sparc, r-patched-solaris-x86

Version: 1.7.2
Check: compiled code
Result: NOTE
    File ‘Amelia/libs/Amelia.so’:
     Found ‘_rand’, possibly from ‘rand’ (C)
     Object: ‘em.o’
    
    Compiled code should not call entry points which might terminate R nor
    write to stdout/stderr instead of to the console, nor the C RNG.
    
    See ‘Writing portable packages’ in the ‘Writing R Extensions’ manual.
Flavor: r-devel-osx-x86_64-clang

Version: 1.7.2
Flags: --no-vignettes
Check: dependencies in R code
Result: NOTE
    'library' or 'require' call to 'foreign' which was already attached by Depends.
     Please remove these calls from your code.
    Packages in Depends field not imported from:
     'Rcpp' 'RcppArmadillo' 'foreign'
     These packages need to be imported from (in the NAMESPACE file)
     for when this namespace is loaded but not attached.
    See the information on DESCRIPTION files in the chapter 'Creating R
    packages' of the 'Writing R Extensions' manual.
Flavors: r-devel-windows-ix86+x86_64, r-release-windows-ix86+x86_64, r-oldrel-windows-ix86+x86_64

Version: 1.7.2
Flags: --no-vignettes
Check: R code for possible problems
Result: NOTE
    AmeliaView: no visible global function definition for 'tcl'
    AmeliaView: no visible global function definition for
     'tkfont.configure'
    AmeliaView: no visible global function definition for 'tclServiceMode'
    AmeliaView: no visible global function definition for 'tclVar'
    AmeliaView: no visible global function definition for 'tkimage.create'
    AmeliaView: no visible global function definition for 'tktoplevel'
    AmeliaView: no visible global function definition for 'tkwm.title'
    AmeliaView: no visible global function definition for 'tkwm.protocol'
    AmeliaView: no visible global function definition for 'tkwm.geometry'
    AmeliaView: no visible global function definition for 'tkmenu'
    AmeliaView: no visible global function definition for 'tkadd'
    AmeliaView: no visible global function definition for 'tkconfigure'
    AmeliaView: no visible global function definition for 'ttkframe'
    AmeliaView: no visible global function definition for 'ttklabel'
    AmeliaView: no visible global function definition for 'ttkbutton'
    AmeliaView: no visible global function definition for 'tkgrid'
    AmeliaView: no visible global function definition for 'ttkpanedwindow'
    AmeliaView: no visible global function definition for 'ttkseparator'
    AmeliaView: no visible global function definition for 'ttkscrollbar'
    AmeliaView : <anonymous>: no visible global function definition for
     'tkyview'
    AmeliaView : <anonymous>: no visible global function definition for
     'tkxview'
    AmeliaView: no visible global function definition for 'ttktreeview'
    AmeliaView : <anonymous>: no visible global function definition for
     'tkset'
    AmeliaView: no visible global function definition for 'tkbind'
    AmeliaView: no visible global function definition for 'tktag.configure'
    AmeliaView: no visible global function definition for
     'tkgrid.rowconfigure'
    AmeliaView: no visible global function definition for
     'tkgrid.columnconfigure'
    AmeliaView: no visible global function definition for 'ttkprogressbar'
    AmeliaView: no visible global function definition for 'tkwm.iconbitmap'
    AmeliaView: no visible global function definition for 'tkraise'
    AmeliaView: no visible global function definition for 'tkwm.deiconify'
    AmeliaView: no visible global function definition for 'tkfocus'
    AmeliaView: no visible global function definition for 'tkwait.window'
    activateGUI: no visible global function definition for 'tkgrid.remove'
    activateGUI: no visible global function definition for 'tkgrid'
    activateGUI: no visible global function definition for 'tkwinfo'
    activateGUI: no visible global function definition for 'tkconfigure'
    activateGUI: no visible global function definition for
     'tkentryconfigure'
    activateGUI: no visible global function definition for 'tclVar'
    activateGUI: no visible global function definition for 'tkset'
    activateGUI: no visible global function definition for 'tcl'
    addBounds : onOK: no visible global function definition for 'tclvalue'
    addBounds : onOK: no visible global function definition for
     'tkmessageBox'
    addBounds : onOK: no visible global function definition for 'tkset'
    addBounds : onOK: no visible global function definition for
     'tkwm.withdraw'
    addBounds : onOK: no visible global function definition for
     'tkgrab.release'
    addBounds : onOK: no visible global function definition for 'tkfocus'
    addBounds : validateNumeric: no visible global function definition for
     'tclVar'
    addBounds: no visible global function definition for 'tclvalue'
    addBounds: no visible global function definition for 'tcl'
    addBounds: no visible global function definition for 'tkmessageBox'
    addBounds: no visible global function definition for 'tclVar'
    addBounds: no visible global function definition for 'tkconfigure'
    addBounds: no visible global function definition for 'tkwm.deiconify'
    addBounds: no visible global function definition for 'tkraise'
    addBounds: no visible global function definition for 'tktoplevel'
    addBounds: no visible global function definition for 'tkwm.title'
    addBounds: no visible global function definition for 'ttkframe'
    addBounds: no visible global function definition for 'ttkentry'
    addBounds: no visible global function definition for 'tkgrid'
    addBounds: no visible global function definition for 'ttklabel'
    addBounds: no visible global function definition for 'ttkbutton'
    addBounds : <anonymous>: no visible global function definition for
     'tkwm.withdraw'
    addBounds : <anonymous>: no visible global function definition for
     'tkgrab.release'
    addBounds : <anonymous>: no visible global function definition for
     'tkfocus'
    addBounds: no visible global function definition for 'tkwm.protocol'
    addLag: no visible global function definition for 'tclvalue'
    addLag: no visible global function definition for 'tcl'
    addLag: no visible global function definition for 'tkset'
    addLead: no visible global function definition for 'tclvalue'
    addLead: no visible global function definition for 'tcl'
    addLead: no visible global function definition for 'tkset'
    after: no visible global function definition for '.Tcl'
    after: no visible global function definition for '.Tcl.callback'
    amelia.default : do.amelia: no visible global function definition for
     'tcl'
    amelia.save: no visible global function definition for 'tclvalue'
    ameliaTclSet: no visible global function definition for 'tcl'
    bandTree: no visible global function definition for 'tclvalue'
    bandTree: no visible global function definition for 'tcl'
    bandTree: no visible global function definition for 'tktag.configure'
    bindTooltip: no visible global function definition for 'tkbind'
    buildAboutDialog: no visible global function definition for
     'tkwm.deiconify'
    buildAboutDialog: no visible global function definition for 'tkraise'
    buildAboutDialog: no visible global function definition for
     'tktoplevel'
    buildAboutDialog: no visible global function definition for
     'tkwm.title'
    buildAboutDialog: no visible global function definition for 'ttkframe'
    buildAboutDialog: no visible global function definition for 'ttklabel'
    buildAboutDialog: no visible global function definition for 'tkgrid'
    buildAboutDialog: no visible global function definition for 'ttkbutton'
    buildAboutDialog : <anonymous>: no visible global function definition
     for 'tkwm.withdraw'
    buildAboutDialog : <anonymous>: no visible global function definition
     for 'tkgrab.release'
    buildAboutDialog : <anonymous>: no visible global function definition
     for 'tkfocus'
    buildAboutDialog: no visible global function definition for
     'tkgrid.columnconfigure'
    buildAboutDialog: no visible global function definition for
     'tkwm.protocol'
    buildNumericalOptions : onCancel: no visible global function definition
     for 'tcl'
    buildNumericalOptions : onCancel: no visible global function definition
     for 'tkwm.withdraw'
    buildNumericalOptions : onCancel: no visible global function definition
     for 'tkgrab.release'
    buildNumericalOptions : onCancel: no visible global function definition
     for 'tkfocus'
    buildNumericalOptions: no visible global function definition for
     'tclvalue'
    buildNumericalOptions: no visible global function definition for
     'tkwm.deiconify'
    buildNumericalOptions: no visible global function definition for
     'tkraise'
    buildNumericalOptions: no visible global function definition for
     'tktoplevel'
    buildNumericalOptions: no visible global function definition for
     'tkwm.title'
    buildNumericalOptions: no visible global function definition for
     'ttkframe'
    buildNumericalOptions: no visible global function definition for
     'ttklabel'
    buildNumericalOptions: no visible global function definition for
     'ttkentry'
    buildNumericalOptions: no visible global function definition for
     'ttkbutton'
    buildNumericalOptions : <anonymous>: no visible global function
     definition for 'tkwm.withdraw'
    buildNumericalOptions : <anonymous>: no visible global function
     definition for 'tkgrab.release'
    buildNumericalOptions : <anonymous>: no visible global function
     definition for 'tkfocus'
    buildNumericalOptions: no visible global function definition for
     'tkgrid'
    buildNumericalOptions: no visible global function definition for
     'tkwm.protocol'
    buildOutputOptions : onCancel: no visible global function definition
     for 'tcl'
    buildOutputOptions : onCancel: no visible global function definition
     for 'tkwm.withdraw'
    buildOutputOptions : onCancel: no visible global function definition
     for 'tkgrab.release'
    buildOutputOptions : onCancel: no visible global function definition
     for 'tkfocus'
    buildOutputOptions: no visible global function definition for
     'tclvalue'
    buildOutputOptions: no visible global function definition for
     'tkwm.deiconify'
    buildOutputOptions: no visible global function definition for 'tkraise'
    buildOutputOptions: no visible global function definition for
     'tktoplevel'
    buildOutputOptions: no visible global function definition for
     'tkwm.title'
    buildOutputOptions: no visible global function definition for
     'ttkframe'
    buildOutputOptions: no visible global function definition for
     'ttklabel'
    buildOutputOptions: no visible global function definition for
     'ttkentry'
    buildOutputOptions: no visible global function definition for
     'ttkbutton'
    buildOutputOptions : <anonymous>: no visible global function definition
     for 'tkwm.withdraw'
    buildOutputOptions : <anonymous>: no visible global function definition
     for 'tkgrab.release'
    buildOutputOptions : <anonymous>: no visible global function definition
     for 'tkfocus'
    buildOutputOptions: no visible global function definition for 'tkgrid'
    buildOutputOptions: no visible global function definition for
     'tkwm.protocol'
    cancel.after: no visible global function definition for '.Tcl'
    centerModalDialog: no visible global function definition for 'tkwinfo'
    centerModalDialog: no visible global function definition for
     'tkwm.geometry'
    centerModalDialog: no visible global function definition for 'tkfocus'
    centerModalDialog: no visible global function definition for
     'tkgrab.set'
    centerModalDialog: no visible global function definition for
     'tkwm.resizable'
    centerModalDialog: no visible global function definition for
     'tkwm.transient'
    centerModalDialog: no visible global function definition for 'tcl'
    drawArrow: no visible global function definition for 'tcl'
    dropLag: no visible global function definition for 'tclvalue'
    dropLag: no visible global function definition for 'tcl'
    dropLag: no visible global function definition for 'tkset'
    dropLead: no visible global function definition for 'tclvalue'
    dropLead: no visible global function definition for 'tcl'
    dropLead: no visible global function definition for 'tkset'
    dropTrans: no visible global function definition for 'tclvalue'
    dropTrans: no visible global function definition for 'tcl'
    dropTrans: no visible global function definition for 'tkset'
    fillMainTree: no visible global function definition for 'tclvalue'
    fillMainTree: no visible global function definition for 'tcl'
    fillMainTree: no visible global function definition for 'tkdelete'
    fillMainTree: no visible global function definition for 'tkinsert'
    getAmeliaInd: no visible global function definition for 'tkindex'
    gui.diag.setup: no visible global function definition for
     'tkwm.deiconify'
    gui.diag.setup: no visible global function definition for 'tkraise'
    gui.diag.setup: no visible global function definition for 'tkfocus'
    gui.diag.setup: no visible global function definition for 'tktoplevel'
    gui.diag.setup: no visible global function definition for 'tkwm.title'
    gui.diag.setup: no visible global function definition for 'ttkframe'
    gui.diag.setup: no visible global function definition for
     'ttkpanedwindow'
    gui.diag.setup: no visible global function definition for
     'ttklabelframe'
    gui.diag.setup: no visible global function definition for 'tcl'
    gui.diag.setup: no visible global function definition for 'ttkcombobox'
    gui.diag.setup: no visible global function definition for 'ttklabel'
    gui.diag.setup: no visible global function definition for 'ttkbutton'
    gui.diag.setup : <anonymous>: no visible global function definition for
     'tclvalue'
    gui.diag.setup: no visible global function definition for 'tkgrid'
    gui.diag.setup: no visible global function definition for 'tclVar'
    gui.diag.setup: no visible global function definition for
     'ttkradiobutton'
    gui.diag.setup: no visible global function definition for 'ttkentry'
    gui.diag.setup: no visible global function definition for 'tkadd'
    gui.diag.setup: no visible global function definition for
     'tkgrid.rowconfigure'
    gui.diag.setup: no visible global function definition for
     'tkgrid.columnconfigure'
    gui.diag.setup: no visible global function definition for
     'tkwm.protocol'
    gui.diag.setup : <anonymous>: no visible global function definition for
     'tkwm.withdraw'
    gui.diag.setup : <anonymous>: no visible global function definition for
     'tkgrab.release'
    gui.diag.setup : <anonymous>: no visible global function definition for
     'tkfocus'
    gui.pri.setup : onOK: no visible global function definition for 'tcl'
    gui.pri.setup : onOK: no visible global function definition for
     'tclvalue'
    gui.pri.setup : onOK: no visible global function definition for 'tkget'
    gui.pri.setup : onOK: no visible global function definition for
     'tkmessageBox'
    gui.pri.setup : onOK: no visible global function definition for
     'tkdelete'
    gui.pri.setup : onOK: no visible global function definition for
     'tkinsert'
    gui.pri.setup : validateNumeric: no visible global function definition
     for 'tclVar'
    gui.pri.setup : validateSD: no visible global function definition for
     'tclVar'
    gui.pri.setup : validateConf: no visible global function definition for
     'tclVar'
    gui.pri.setup : setMissingVars: no visible global function definition
     for 'tcl'
    gui.pri.setup : setMissingVars: no visible global function definition
     for 'tkconfigure'
    gui.pri.setup : resetEntries: no visible global function definition for
     'tcl'
    gui.pri.setup : updateTree: no visible global function definition for
     'tcl'
    gui.pri.setup : updateTree: no visible global function definition for
     'tkdelete'
    gui.pri.setup : updateTree: no visible global function definition for
     'tkinsert'
    gui.pri.setup : dropPriors: no visible global function definition for
     'tclvalue'
    gui.pri.setup : dropPriors: no visible global function definition for
     'tcl'
    gui.pri.setup : dropPriors: no visible global function definition for
     'tkindex'
    gui.pri.setup : dropPriors: no visible global function definition for
     'tkdelete'
    gui.pri.setup : RightClick: no visible global function definition for
     'tkwinfo'
    gui.pri.setup : RightClick: no visible global function definition for
     '.Tcl'
    gui.pri.setup : RightClick: no visible global function definition for
     '.Tcl.args'
    gui.pri.setup: no visible global function definition for
     'tkwm.deiconify'
    gui.pri.setup: no visible global function definition for 'tkraise'
    gui.pri.setup: no visible global function definition for 'tkgrab'
    gui.pri.setup: no visible global function definition for 'tktoplevel'
    gui.pri.setup: no visible global function definition for 'tkwm.title'
    gui.pri.setup: no visible global function definition for 'ttkframe'
    gui.pri.setup: no visible global function definition for
     'ttkpanedwindow'
    gui.pri.setup: no visible global function definition for
     'ttklabelframe'
    gui.pri.setup: no visible global function definition for 'ttkbutton'
    gui.pri.setup: no visible global function definition for 'ttkscrollbar'
    gui.pri.setup : <anonymous>: no visible global function definition for
     'tkyview'
    gui.pri.setup : <anonymous>: no visible global function definition for
     'tkxview'
    gui.pri.setup: no visible global function definition for 'ttktreeview'
    gui.pri.setup : <anonymous>: no visible global function definition for
     'tkset'
    gui.pri.setup: no visible global function definition for 'tkmenu'
    gui.pri.setup: no visible global function definition for 'tkadd'
    gui.pri.setup: no visible global function definition for 'tkbind'
    gui.pri.setup: no visible global function definition for 'tcl'
    gui.pri.setup: no visible global function definition for
     'tktag.configure'
    gui.pri.setup: no visible global function definition for 'ttknotebook'
    gui.pri.setup: no visible global function definition for 'ttkcombobox'
    gui.pri.setup: no visible global function definition for 'tkgrid'
    gui.pri.setup: no visible global function definition for 'ttklabel'
    gui.pri.setup: no visible global function definition for 'tkconfigure'
    gui.pri.setup: no visible global function definition for 'tclVar'
    gui.pri.setup: no visible global function definition for 'ttkentry'
    gui.pri.setup : <anonymous>: no visible global function definition for
     'tkwm.withdraw'
    gui.pri.setup : <anonymous>: no visible global function definition for
     'tkgrab.release'
    gui.pri.setup : <anonymous>: no visible global function definition for
     'tkfocus'
    gui.pri.setup: no visible global function definition for
     'tkgrid.rowconfigure'
    gui.pri.setup: no visible global function definition for
     'tkgrid.columnconfigure'
    gui.pri.setup: no visible global function definition for
     'tkwm.protocol'
    killTooltip: no visible global function definition for 'tkwm.withdraw'
    load.session: no visible global function definition for 'tclvalue'
    load.session: no visible global function definition for 'tkgetOpenFile'
    load.session: no visible global function definition for 'tkmessageBox'
    load.session: no visible global function definition for 'tcl'
    load.session: no visible global function definition for
     'tkentryconfigure'
    load.session: no visible global function definition for 'tkset'
    load.session: no visible global function definition for 'tkgrid.remove'
    load.session: no visible global function definition for 'tkgrid'
    load.session: no visible global function definition for 'tkconfigure'
    loadCSV: no visible global function definition for 'tclvalue'
    loadCSV: no visible global function definition for 'tkgetOpenFile'
    loadCSV: no visible global function definition for 'tkmessageBox'
    loadDemo: no visible global function definition for 'tkmessageBox'
    loadDemo: no visible global function definition for 'tclvalue'
    loadRData : onOK: no visible global function definition for 'tclvalue'
    loadRData : onOK: no visible global function definition for 'tkget'
    loadRData : onOK: no visible global function definition for 'tkdestroy'
    loadRData : onOK: no visible global function definition for 'tkfocus'
    loadRData : onOK: no visible global function definition for
     'tkgrab.release'
    loadRData : onCancel: no visible global function definition for
     'tkdestroy'
    loadRData : onCancel: no visible global function definition for
     'tkfocus'
    loadRData : onCancel: no visible global function definition for
     'tkgrab.release'
    loadRData: no visible global function definition for 'tclvalue'
    loadRData: no visible global function definition for 'tkgetOpenFile'
    loadRData: no visible global function definition for 'tkmessageBox'
    loadRData: no visible global function definition for 'tktoplevel'
    loadRData: no visible global function definition for 'tkwm.title'
    loadRData: no visible global function definition for 'ttkframe'
    loadRData: no visible global function definition for 'ttkcombobox'
    loadRData: no visible global function definition for 'tkconfigure'
    loadRData: no visible global function definition for 'tkset'
    loadRData: no visible global function definition for 'ttkbutton'
    loadRData: no visible global function definition for 'tkgrid'
    loadRData: no visible global function definition for 'ttklabel'
    loadRData: no visible global function definition for 'tkgrab'
    loadRData: no visible global function definition for 'tkfocus'
    loadRData: no visible global function definition for 'tkwm.protocol'
    loadSAS: no visible global function definition for 'tclvalue'
    loadSAS: no visible global function definition for 'tkgetOpenFile'
    loadSAS: no visible global function definition for 'tkmessageBox'
    loadSAS: no visible global function definition for 'read.xport'
    loadSPSS: no visible global function definition for 'tclvalue'
    loadSPSS: no visible global function definition for 'tkgetOpenFile'
    loadSPSS: no visible global function definition for 'tkmessageBox'
    loadSPSS: no visible global function definition for 'read.spss'
    loadStata: no visible global function definition for 'tclvalue'
    loadStata: no visible global function definition for 'tkgetOpenFile'
    loadStata: no visible global function definition for 'tkmessageBox'
    loadStata: no visible global function definition for 'read.dta'
    loadTAB: no visible global function definition for 'tclvalue'
    loadTAB: no visible global function definition for 'tkgetOpenFile'
    loadTAB: no visible global function definition for 'tkmessageBox'
    main.close: no visible global function definition for 'tkmessageBox'
    main.close: no visible global function definition for 'tclvalue'
    main.close: no visible global function definition for 'tkdestroy'
    mainTreeRightClick: no visible global function definition for 'tkwinfo'
    mainTreeRightClick: no visible global function definition for
     'tclvalue'
    mainTreeRightClick: no visible global function definition for 'tcl'
    mainTreeRightClick: no visible global function definition for 'tkmenu'
    mainTreeRightClick: no visible global function definition for 'tkadd'
    mainTreeRightClick: no visible global function definition for 'tkpopup'
    overimpute: no visible global function definition for 'tkmessageBox'
    plotHist: no visible global function definition for 'tclvalue'
    plotHist: no visible global function definition for 'tcl'
    plotHist: no visible global function definition for 'tkmessageBox'
    refreshSelection: no visible global function definition for 'tclvalue'
    refreshSelection: no visible global function definition for 'tcl'
    run.amelia: no visible global function definition for 'tclvalue'
    run.amelia: no visible global function definition for 'tkmessageBox'
    run.amelia: no visible global function definition for 'tkgrid.remove'
    run.amelia: no visible global function definition for 'tkgrid'
    run.amelia: no visible global function definition for 'tkconfigure'
    run.amelia: no visible global function definition for
     'tkentryconfigure'
    save.log: no visible global function definition for 'tclvalue'
    save.log: no visible global function definition for 'tkgetSaveFile'
    save.session: no visible global function definition for 'tkmessageBox'
    save.session: no visible global function definition for 'tclvalue'
    save.session: no visible global function definition for 'tkgetSaveFile'
    set.out: no visible global function definition for 'tkget'
    setCS: no visible global function definition for 'tclvalue'
    setCS: no visible global function definition for 'tcl'
    setCS: no visible global function definition for 'tkmessageBox'
    setCS: no visible global function definition for 'tkentryconfigure'
    setTS: no visible global function definition for 'tclvalue'
    setTS: no visible global function definition for 'tcl'
    setTS: no visible global function definition for 'tkmessageBox'
    setTS: no visible global function definition for 'tkentryconfigure'
    setTrans: no visible global function definition for 'tclvalue'
    setTrans: no visible global function definition for 'tcl'
    setTrans: no visible global function definition for 'tkset'
    setWorkingDir: no visible global function definition for
     'tkchooseDirectory'
    setWorkingDir: no visible global function definition for 'tclvalue'
    show.output.log : RightClick: no visible global function definition for
     'tkwinfo'
    show.output.log : RightClick: no visible global function definition for
     '.Tcl'
    show.output.log : RightClick: no visible global function definition for
     '.Tcl.args'
    show.output.log: no visible global function definition for 'tkdelete'
    show.output.log: no visible global function definition for 'tkinsert'
    show.output.log: no visible global function definition for
     'tkwm.deiconify'
    show.output.log: no visible global function definition for 'tkraise'
    show.output.log: no visible global function definition for 'tkfocus'
    show.output.log: no visible global function definition for 'tktoplevel'
    show.output.log: no visible global function definition for 'tkwm.title'
    show.output.log: no visible global function definition for
     'ttkscrollbar'
    show.output.log : <anonymous>: no visible global function definition
     for 'tkyview'
    show.output.log: no visible global function definition for 'tktext'
    show.output.log : <anonymous>: no visible global function definition
     for 'tkset'
    show.output.log: no visible global function definition for
     'tkconfigure'
    show.output.log: no visible global function definition for 'tkmenu'
    show.output.log: no visible global function definition for 'tkadd'
    show.output.log : <anonymous>: no visible global function definition
     for 'tkwm.withdraw'
    show.output.log : <anonymous>: no visible global function definition
     for 'tkgrab.release'
    show.output.log : <anonymous>: no visible global function definition
     for 'tkfocus'
    show.output.log : <anonymous>: no visible global function definition
     for 'tkevent.generate'
    show.output.log: no visible global function definition for 'tkbind'
    show.output.log: no visible global function definition for 'tkgrid'
    show.output.log: no visible global function definition for
     'tkgrid.columnconfigure'
    show.output.log: no visible global function definition for
     'tkgrid.rowconfigure'
    show.output.log: no visible global function definition for
     'tkwm.protocol'
    showTooltip : <anonymous>: no visible global function definition for
     'tclvalue'
    showTooltip : <anonymous>: no visible global function definition for
     'tkwinfo'
    showTooltip : <anonymous>: no visible global function definition for
     'tclServiceMode'
    showTooltip : <anonymous>: no visible global function definition for
     'tktoplevel'
    showTooltip : <anonymous>: no visible global function definition for
     'tkwm.geometry'
    showTooltip : <anonymous>: no visible global function definition for
     'tcl'
    showTooltip : <anonymous>: no visible global function definition for
     'ttklabel'
    showTooltip : <anonymous>: no visible global function definition for
     'tkpack'
    showTooltip : <anonymous>: no visible global function definition for
     'tkbind'
    showTooltip : <anonymous> : <anonymous>: no visible global function
     definition for 'tkwm.withdraw'
    showTooltip : <anonymous>: no visible global function definition for
     'tkwm.deiconify'
    showTooltip : <anonymous>: no visible global function definition for
     'tkraise'
    sortTreeBy: no visible global function definition for 'tclvalue'
    sortTreeBy: no visible global function definition for 'tcl'
    sortTreeBy: no visible global function definition for 'tkset'
    sortTreeBy: no visible global function definition for 'tkmove'
    unsetCS: no visible global function definition for 'tclvalue'
    unsetCS: no visible global function definition for 'tcl'
    unsetCS: no visible global function definition for 'tkmessageBox'
    unsetCS: no visible global function definition for 'tkentryconfigure'
    unsetTS: no visible global function definition for 'tclvalue'
    unsetTS: no visible global function definition for 'tcl'
    unsetTS: no visible global function definition for 'tkmessageBox'
    unsetTS: no visible global function definition for 'tkentryconfigure'
    unsetTS: no visible global function definition for 'tkset'
    updateTreeStats: no visible global function definition for 'tclvalue'
    updateTreeStats: no visible global function definition for 'tcl'
    updateTreeStats: no visible global function definition for 'tkset'
    variableOptionsPost: no visible global function definition for
     'tclvalue'
    variableOptionsPost: no visible global function definition for 'tcl'
    variableOptionsPost: no visible global function definition for 'tktype'
    variableOptionsPost: no visible global function definition for
     'tkentryconfigure'
Flavor: r-devel-windows-ix86+x86_64

Version: 1.7.2
Flags: --no-vignettes
Check: compiled code
Result: NOTE
    File 'Amelia/libs/i386/Amelia.dll':
     Found 'rand', possibly from 'rand' (C)
     Object: 'em.o'
    File 'Amelia/libs/x64/Amelia.dll':
     Found 'rand', possibly from 'rand' (C)
     Object: 'em.o'
    
    Compiled code should not call entry points which might terminate R nor
    write to stdout/stderr instead of to the console, nor the C RNG.
    
    See 'Writing portable packages' in the 'Writing R Extensions' manual.
Flavor: r-devel-windows-ix86+x86_64

Version: 1.7.2
Flags: --no-vignettes
Check: files in 'vignettes'
Result: NOTE
    The following files look like leftovers/mistakes:
     'Rplots.pdf'
    Please remove them from your package.
Flavor: r-devel-windows-ix86+x86_64

Version: 1.7.2
Check: re-building of vignette outputs
Result: NOTE
    Error in re-building vignettes:
     ...
    (/usr/local/texlive/2013basic/texmf-dist/tex/generic/oberdiek/etexcmds.sty
    (/usr/local/texlive/2013basic/texmf-dist/tex/generic/oberdiek/ifluatex.sty))))
    (/usr/local/texlive/2013basic/texmf-dist/tex/generic/oberdiek/pdftexcmds.sty
    (/usr/local/texlive/2013basic/texmf-dist/tex/generic/oberdiek/ifpdf.sty))
    (/usr/local/texlive/2013basic/texmf-dist/tex/latex/latexconfig/epstopdf-sys.cfg
    ))) (/usr/local/texlive/2013basic/texmf-dist/tex/latex/natbib/natbib.sty)
    (/usr/local/texlive/2013basic/texmf-dist/tex/latex/setspace/setspace.sty)
    
    ! LaTeX Error: File `fullpage.sty' not found.
    
    Type X to quit or <RETURN> to proceed,
    or enter new name. (Default extension: sty)
    
    Enter file name:
    ! Emergency stop.
    <read *>
    
    l.31 \usepackage
     {caption}^^M
    ! ==> Fatal error occurred, no output PDF file produced!
    Transcript written on amelia.log.
    make: *** [amelia.pdf] Error 1
    Error in buildVignettes(dir = "/Builds/CRAN-QA-Simon/packages/mavericks-x86_64/results/3.1/Amelia.Rcheck/vign_test/Amelia") :
     running 'make' failed
    Execution halted
Flavor: r-release-osx-x86_64-mavericks