CRAN Package Check Results for Package Amelia

Last updated on 2017-02-27 11:48:11.

Flavor Version Tinstall Tcheck Ttotal Status Flags
r-devel-linux-x86_64-debian-clang 1.7.4 18.32 50.03 68.35 NOTE
r-devel-linux-x86_64-debian-gcc 1.7.4 17.47 50.36 67.83 NOTE
r-devel-linux-x86_64-fedora-clang 1.7.4 149.25 NOTE --no-stop-on-test-error
r-devel-linux-x86_64-fedora-gcc 1.7.4 145.45 NOTE --no-stop-on-test-error
r-devel-macos-x86_64-clang 1.7.4 98.74 NOTE --no-stop-on-test-error
r-devel-windows-ix86+x86_64 1.7.4 49.00 181.00 230.00 OK
r-patched-linux-x86_64 1.7.4 14.92 43.45 58.37 OK
r-patched-solaris-sparc 1.7.4 644.10 OK
r-patched-solaris-x86 1.7.4 129.10 OK
r-release-linux-x86_64 1.7.4 14.95 47.79 62.74 OK
r-release-osx-x86_64-mavericks 1.7.4 NOTE
r-release-windows-ix86+x86_64 1.7.4 82.00 286.00 368.00 OK
r-oldrel-windows-ix86+x86_64 1.7.4 58.00 151.00 209.00 OK

Check Details

Version: 1.7.4
Check: compiled code
Result: NOTE
    File ‘Amelia/libs/Amelia.so’:
     Found no calls to: ‘R_registerRoutines’, ‘R_useDynamicSymbols’
    
    It is good practice to register native routines and to disable symbol
    search.
    
    See ‘Writing portable packages’ in the ‘Writing R Extensions’ manual.
Flavors: r-devel-linux-x86_64-debian-clang, r-devel-linux-x86_64-debian-gcc

Version: 1.7.4
Flags: --no-stop-on-test-error
Check: compiled code
Result: NOTE
    File ‘Amelia/libs/Amelia.so’:
     Found no calls to: ‘R_registerRoutines’, ‘R_useDynamicSymbols’
    
    It is good practice to register native routines and to disable symbol
    search.
    
    See ‘Writing portable packages’ in the ‘Writing R Extensions’ manual.
Flavors: r-devel-linux-x86_64-fedora-clang, r-devel-linux-x86_64-fedora-gcc, r-devel-macos-x86_64-clang

Version: 1.7.4
Check: dependencies in R code
Result: NOTE
    Invalid MIT-MAGIC-COOKIE-1 key
Flavor: r-release-osx-x86_64-mavericks