CRAN Package Check Results for Package Amelia

Last updated on 2015-05-25 08:48:18.

Flavor Version Tinstall Tcheck Ttotal Status Flags
r-devel-linux-x86_64-debian-clang 1.7.3 14.44 41.97 56.41 NOTE
r-devel-linux-x86_64-debian-gcc 1.7.3 14.35 41.52 55.88 NOTE
r-devel-linux-x86_64-fedora-clang 1.7.3 111.40 NOTE
r-devel-linux-x86_64-fedora-gcc 1.7.3 102.77 NOTE
r-devel-osx-x86_64-clang 1.7.3 102.92 NOTE
r-devel-windows-ix86+x86_64 1.7.3 43.00 81.00 124.00 NOTE
r-patched-linux-x86_64 1.7.3 14.57 41.53 56.10 NOTE
r-patched-solaris-sparc 1.7.3 703.80 NOTE
r-patched-solaris-x86 1.7.3 137.10 NOTE
r-release-linux-x86_64 1.7.3 14.55 41.08 55.63 NOTE
r-release-osx-x86_64-mavericks 1.7.3 NOTE
r-release-osx-x86_64-snowleopard 1.7.3 WARN
r-release-windows-ix86+x86_64 1.7.3 44.00 70.00 114.00 NOTE
r-oldrel-windows-ix86+x86_64 1.7.3 46.00 83.00 129.00 NOTE

Check Details

Version: 1.7.3
Check: dependencies in R code
Result: NOTE
    'library' or 'require' call to ‘tcltk’ in package code.
     Please use :: or requireNamespace() instead.
     See section 'Suggested packages' in the 'Writing R Extensions' manual.
Flavors: r-devel-linux-x86_64-debian-clang, r-devel-linux-x86_64-debian-gcc, r-devel-linux-x86_64-fedora-clang, r-devel-linux-x86_64-fedora-gcc, r-devel-osx-x86_64-clang, r-devel-windows-ix86+x86_64, r-patched-linux-x86_64, r-patched-solaris-sparc, r-patched-solaris-x86, r-release-linux-x86_64, r-release-osx-x86_64-mavericks, r-release-osx-x86_64-snowleopard, r-release-windows-ix86+x86_64, r-oldrel-windows-ix86+x86_64

Version: 1.7.3
Check: line endings in Makefiles
Result: NOTE
    Found the following Makefile(s) without a final LF:
     src/Makevars
    Some ‘make’ programs ignore lines not ending in LF.
Flavors: r-devel-linux-x86_64-debian-clang, r-devel-linux-x86_64-debian-gcc, r-devel-linux-x86_64-fedora-clang, r-devel-linux-x86_64-fedora-gcc, r-devel-osx-x86_64-clang, r-devel-windows-ix86+x86_64, r-patched-linux-x86_64, r-patched-solaris-sparc, r-patched-solaris-x86, r-release-linux-x86_64, r-release-osx-x86_64-mavericks, r-release-osx-x86_64-snowleopard, r-release-windows-ix86+x86_64, r-oldrel-windows-ix86+x86_64

Version: 1.7.3
Check: package dependencies
Result: NOTE
    Package suggested but not available for checking: ‘Zelig’
Flavor: r-release-osx-x86_64-snowleopard

Version: 1.7.3
Check: running R code from vignettes
Result: WARN
    Errors in running code in vignettes:
    when running code in ‘amelia.Rnw’
     ...
    Loading required package: Zelig
    Warning in library(package, lib.loc = lib.loc, character.only = TRUE, logical.return = TRUE, :
     there is no package called ‘Zelig’
    
    > z.out <- zelig(tariff ~ polity + pop + gdp.pc + year +
    + country, data = freetrade, model = "ls")
    
     When sourcing ‘amelia.R’:
    Error: could not find function "zelig"
    Execution halted
Flavor: r-release-osx-x86_64-snowleopard

Version: 1.7.3
Check: re-building of vignette outputs
Result: NOTE
    Error in re-building vignettes:
     ...
    Loading required package: Amelia
    Loading required package: Rcpp
    ##
    ## Amelia II: Multiple Imputation
    ## (Version 1.7.3, built: 2014-11-14)
    ## Copyright (C) 2005-2015 James Honaker, Gary King and Matthew Blackwell
    ## Refer to http://gking.harvard.edu/amelia/ for more information
    ##
    Loading required package: Zelig
    Warning in library(package, lib.loc = lib.loc, character.only = TRUE, logical.return = TRUE, :
     there is no package called ‘Zelig’
    
    Error: processing vignette 'amelia.Rnw' failed with diagnostics:
     chunk 64
    Error in eval(expr, envir, enclos) : could not find function "zelig"
    Execution halted
Flavor: r-release-osx-x86_64-snowleopard