CRAN Package Check Results for Package Amelia

Last updated on 2014-04-23 12:48:13.

Flavor Version Tinstall Tcheck Ttotal Status Flags
r-devel-linux-x86_64-debian-clang 1.7.2 12.92 44.05 56.98 NOTE
r-devel-linux-x86_64-debian-gcc 1.7.2 14.82 43.49 58.31 NOTE
r-devel-linux-x86_64-fedora-clang 1.7.2 118.90 NOTE
r-devel-linux-x86_64-fedora-gcc 1.7.2 114.88 NOTE
r-devel-osx-x86_64-clang 1.7.2 101.71 NOTE
r-devel-osx-x86_64-gcc 1.7.2 WARN
r-devel-windows-ix86+x86_64 1.7.2 38.00 54.00 92.00 NOTE --no-vignettes
r-patched-linux-x86_64 1.7.2 15.11 42.74 57.84 NOTE
r-patched-solaris-sparc 1.7.2 691.00 NOTE
r-patched-solaris-x86 1.7.2 152.60 NOTE
r-release-linux-ix86 1.7.2 23.00 71.00 94.00 NOTE
r-release-linux-x86_64 1.7.2 15.32 42.84 58.15 NOTE
r-release-osx-x86_64-mavericks 1.7.2 WARN
r-release-windows-ix86+x86_64 1.7.2 43.00 55.00 98.00 NOTE --no-vignettes
r-oldrel-windows-ix86+x86_64 1.7.2 44.00 57.00 101.00 NOTE --no-vignettes

Check Details

Version: 1.7.2
Check: dependencies in R code
Result: NOTE
    'library' or 'require' call to ‘foreign’ which was already attached by Depends.
     Please remove these calls from your code.
    Packages in Depends field not imported from:
     ‘Rcpp’ ‘RcppArmadillo’ ‘foreign’
     These packages need to be imported from (in the NAMESPACE file)
     for when this namespace is loaded but not attached.
    See the information on DESCRIPTION files in the chapter ‘Creating R
    packages’ of the ‘Writing R Extensions’ manual.
Flavors: r-devel-linux-x86_64-debian-clang, r-devel-linux-x86_64-debian-gcc, r-devel-linux-x86_64-fedora-clang, r-devel-linux-x86_64-fedora-gcc, r-devel-osx-x86_64-clang, r-devel-osx-x86_64-gcc, r-patched-linux-x86_64, r-patched-solaris-sparc, r-patched-solaris-x86, r-release-linux-ix86, r-release-linux-x86_64, r-release-osx-x86_64-mavericks

Version: 1.7.2
Check: package dependencies
Result: NOTE
    Package suggested but not available for checking: ‘Zelig’
Flavors: r-devel-osx-x86_64-gcc, r-release-osx-x86_64-mavericks

Version: 1.7.2
Check: running R code from vignettes
Result: WARNING
    Errors in running code in vignettes:
    when running code in ‘amelia.Rnw’
     ...
    Loading required package: Zelig
    Warning in library(package, lib.loc = lib.loc, character.only = TRUE, logical.return = TRUE, :
     there is no package called ‘Zelig’
    
    > z.out <- zelig(tariff ~ polity + pop + gdp.pc + year +
    + country, data = freetrade, model = "ls")
    
     When sourcing ‘amelia.R’:
    Error: could not find function "zelig"
    Execution halted
Flavors: r-devel-osx-x86_64-gcc, r-release-osx-x86_64-mavericks

Version: 1.7.2
Check: re-building of vignette outputs
Result: NOTE
    Error in re-building vignettes:
     ...
    Loading required package: Amelia
    Loading required package: foreign
    Loading required package: Rcpp
    Loading required package: RcppArmadillo
    ##
    ## Amelia II: Multiple Imputation
    ## (Version 1.7.2, built: 2013-04-03)
    ## Copyright (C) 2005-2014 James Honaker, Gary King and Matthew Blackwell
    ## Refer to http://gking.harvard.edu/amelia/ for more information
    ##
    Loading required package: Zelig
    Warning in library(package, lib.loc = lib.loc, character.only = TRUE, logical.return = TRUE, :
     there is no package called ‘Zelig’
    
    Error: processing vignette 'amelia.Rnw' failed with diagnostics:
     chunk 64
    Error in eval(expr, envir, enclos) : could not find function "zelig"
    Execution halted
Flavors: r-devel-osx-x86_64-gcc, r-release-osx-x86_64-mavericks

Version: 1.7.2
Flags: --no-vignettes
Check: dependencies in R code
Result: NOTE
    'library' or 'require' call to 'foreign' which was already attached by Depends.
     Please remove these calls from your code.
    Packages in Depends field not imported from:
     'Rcpp' 'RcppArmadillo' 'foreign'
     These packages need to be imported from (in the NAMESPACE file)
     for when this namespace is loaded but not attached.
    See the information on DESCRIPTION files in the chapter 'Creating R
    packages' of the 'Writing R Extensions' manual.
Flavors: r-devel-windows-ix86+x86_64, r-release-windows-ix86+x86_64, r-oldrel-windows-ix86+x86_64

Version: 1.7.2
Check: PDF version of manual
Result: WARNING
    LaTeX errors when creating PDF version.
    This typically indicates Rd problems.
    LaTeX errors found:
    ! LaTeX Error: File `upquote.sty' not found.
    
    Type X to quit or <RETURN> to proceed,
    or enter new name. (Default extension: sty)
    
    e3aed5b/Rd2.tex:8: ==> Fatal error occurred, no output PDF file produced!
Flavor: r-release-osx-x86_64-mavericks