CRAN Package Check Results for Package Amelia

Last updated on 2017-03-29 22:46:48.

Flavor Version Tinstall Tcheck Ttotal Status Flags
r-devel-linux-x86_64-debian-clang 1.7.4 17.56 50.11 67.67 NOTE
r-devel-linux-x86_64-debian-gcc 1.7.4 17.46 49.31 66.77 NOTE
r-devel-linux-x86_64-fedora-clang 1.7.4 130.57 NOTE --no-stop-on-test-error
r-devel-linux-x86_64-fedora-gcc 1.7.4 145.60 NOTE --no-stop-on-test-error
r-devel-macos-x86_64-clang 1.7.4 97.94 NOTE --no-stop-on-test-error
r-devel-windows-ix86+x86_64 1.7.4 51.00 128.00 179.00 OK
r-patched-linux-x86_64 1.7.4 15.78 52.03 67.81 NOTE
r-patched-solaris-sparc 1.7.4 712.30 OK
r-patched-solaris-x86 1.7.4 143.80 OK
r-release-linux-x86_64 1.7.4 15.24 43.31 58.56 OK
r-release-osx-x86_64-mavericks 1.7.4 NOTE
r-release-windows-ix86+x86_64 1.7.4 67.00 157.00 224.00 OK
r-oldrel-windows-ix86+x86_64 1.7.4 74.00 168.00 242.00 OK

Check Details

Version: 1.7.4
Check: compiled code
Result: NOTE
    File ‘Amelia/libs/Amelia.so’:
     Found no calls to: ‘R_registerRoutines’, ‘R_useDynamicSymbols’
    
    It is good practice to register native routines and to disable symbol
    search.
    
    See ‘Writing portable packages’ in the ‘Writing R Extensions’ manual.
Flavors: r-devel-linux-x86_64-debian-clang, r-devel-linux-x86_64-debian-gcc, r-patched-linux-x86_64

Version: 1.7.4
Flags: --no-stop-on-test-error
Check: compiled code
Result: NOTE
    File ‘Amelia/libs/Amelia.so’:
     Found no calls to: ‘R_registerRoutines’, ‘R_useDynamicSymbols’
    
    It is good practice to register native routines and to disable symbol
    search.
    
    See ‘Writing portable packages’ in the ‘Writing R Extensions’ manual.
Flavors: r-devel-linux-x86_64-fedora-clang, r-devel-linux-x86_64-fedora-gcc, r-devel-macos-x86_64-clang

Version: 1.7.4
Check: dependencies in R code
Result: NOTE
    Invalid MIT-MAGIC-COOKIE-1 key
Flavor: r-release-osx-x86_64-mavericks