CRAN Package Check Results for Package Amelia

Last updated on 2018-05-22 05:49:06 CEST.

Flavor Version Tinstall Tcheck Ttotal Status Flags
r-devel-linux-x86_64-debian-clang 1.7.5 34.19 60.15 94.34 OK
r-devel-linux-x86_64-debian-gcc 1.7.5 27.07 51.86 78.93 OK
r-devel-linux-x86_64-fedora-clang 1.7.5 130.96 OK
r-devel-linux-x86_64-fedora-gcc 1.7.5 127.38 OK
r-devel-windows-ix86+x86_64 1.7.5 77.00 110.00 187.00 OK
r-patched-linux-x86_64 1.7.5 29.49 64.36 93.85 OK
r-patched-solaris-x86 1.7.5 145.60 OK
r-release-linux-x86_64 1.7.5 31.41 64.34 95.75 OK
r-release-windows-ix86+x86_64 1.7.5 78.00 100.00 178.00 OK
r-release-osx-x86_64 1.7.5 OK
r-oldrel-windows-ix86+x86_64 1.7.5 68.00 185.00 253.00 OK
r-oldrel-osx-x86_64 1.7.4 FAIL

Check Details

Version: 1.7.4
Check: re-building of vignette outputs
Result: NOTE
    Error in re-building vignettes:
     ...
    Loading required package: Amelia
    Loading required package: Rcpp
    ##
    ## Amelia II: Multiple Imputation
    ## (Version 1.7.4, built: 2015-12-05)
    ## Copyright (C) 2005-2017 James Honaker, Gary King and Matthew Blackwell
    ## Refer to http://gking.harvard.edu/amelia/ for more information
    ##
    
    Execution halted
Flavor: r-oldrel-osx-x86_64

Version: 1.7.4
Check: PDF version of manual
Result: FAIL
    
Flavor: r-oldrel-osx-x86_64