CRAN Package Check Results for Package AmericanCallOpt

Last updated on 2015-03-06 23:48:11.

Flavor Version Tinstall Tcheck Ttotal Status Flags
r-devel-linux-x86_64-debian-clang 0.95 0.58 10.48 11.06 NOTE
r-devel-linux-x86_64-debian-gcc 0.95 0.60 9.77 10.36 NOTE
r-devel-linux-x86_64-fedora-clang 0.95 21.39 NOTE
r-devel-linux-x86_64-fedora-gcc 0.95 20.08 NOTE
r-devel-osx-x86_64-clang 0.95 24.86 NOTE
r-devel-windows-ix86+x86_64 0.95 4.00 18.00 22.00 NOTE
r-patched-linux-x86_64 0.95 0.58 10.64 11.22 OK
r-patched-solaris-sparc 0.95 172.60 OK
r-patched-solaris-x86 0.95 33.00 OK
r-release-linux-ix86 0.95 0.91 17.16 18.07 OK
r-release-linux-x86_64 0.95 0.62 10.58 11.20 OK
r-release-osx-x86_64-mavericks 0.95 OK
r-release-windows-ix86+x86_64 0.95 2.00 17.00 19.00 OK
r-oldrel-windows-ix86+x86_64 0.95 2.00 17.00 19.00 OK

Check Details

Version: 0.95
Check: DESCRIPTION meta-information
Result: NOTE
    Malformed Title field: should not end in a period.
Flavors: r-devel-linux-x86_64-debian-clang, r-devel-linux-x86_64-debian-gcc, r-devel-linux-x86_64-fedora-clang, r-devel-linux-x86_64-fedora-gcc, r-devel-osx-x86_64-clang, r-devel-windows-ix86+x86_64