CRAN Package Check Results for Package AmericanCallOpt

Last updated on 2017-04-27 05:51:29.

Flavor Version Tinstall Tcheck Ttotal Status Flags
r-devel-linux-x86_64-debian-clang 0.95 0.66 11.96 12.62 NOTE
r-devel-linux-x86_64-debian-gcc 0.95 0.63 11.97 12.60 NOTE
r-devel-linux-x86_64-fedora-clang 0.95 20.88 NOTE --no-stop-on-test-error
r-devel-linux-x86_64-fedora-gcc 0.95 19.74 NOTE --no-stop-on-test-error
r-devel-windows-ix86+x86_64 0.95 4.00 35.00 39.00 NOTE
r-patched-linux-x86_64 0.95 0.63 11.55 12.18 NOTE
r-patched-solaris-sparc 0.95 128.70 NOTE
r-patched-solaris-x86 0.95 28.30 NOTE
r-release-linux-x86_64 0.95 0.64 11.84 12.48 NOTE
r-release-windows-ix86+x86_64 0.95 2.00 26.00 28.00 NOTE
r-release-osx-x86_64 0.95 NOTE
r-oldrel-windows-ix86+x86_64 0.95 2.00 25.00 27.00 NOTE
r-oldrel-osx-x86_64 0.95 NOTE

Check Details

Version: 0.95
Check: DESCRIPTION meta-information
Result: NOTE
    Malformed Title field: should not end in a period.
Flavors: r-devel-linux-x86_64-debian-clang, r-devel-linux-x86_64-debian-gcc, r-devel-windows-ix86+x86_64, r-patched-linux-x86_64, r-patched-solaris-sparc, r-patched-solaris-x86, r-release-linux-x86_64, r-release-windows-ix86+x86_64, r-release-osx-x86_64, r-oldrel-windows-ix86+x86_64, r-oldrel-osx-x86_64

Version: 0.95
Flags: --no-stop-on-test-error
Check: DESCRIPTION meta-information
Result: NOTE
    Malformed Title field: should not end in a period.
Flavors: r-devel-linux-x86_64-fedora-clang, r-devel-linux-x86_64-fedora-gcc