CRAN Package Check Results for Package AmericanCallOpt

Last updated on 2016-02-11 06:50:34.

Flavor Version Tinstall Tcheck Ttotal Status Flags
r-devel-linux-x86_64-debian-gcc 0.95 0.59 9.31 9.90 NOTE
r-devel-linux-x86_64-fedora-clang 0.95 17.67 NOTE
r-devel-linux-x86_64-fedora-gcc 0.95 16.53 NOTE
r-devel-osx-x86_64-clang 0.95 21.10 NOTE
r-devel-windows-ix86+x86_64 0.95 4.00 20.00 24.00 NOTE
r-patched-linux-x86_64 0.95 0.64 10.00 10.63 NOTE
r-patched-solaris-sparc 0.95 119.40 NOTE
r-patched-solaris-x86 0.95 25.10 NOTE
r-release-linux-x86_64 0.95 0.64 9.96 10.60 NOTE
r-release-osx-x86_64-mavericks 0.95 NOTE
r-release-windows-ix86+x86_64 0.95 3.00 18.00 21.00 NOTE
r-oldrel-windows-ix86+x86_64 0.95 4.00 23.00 27.00 OK

Check Details

Version: 0.95
Check: DESCRIPTION meta-information
Result: NOTE
    Malformed Title field: should not end in a period.
Flavors: r-devel-linux-x86_64-debian-gcc, r-devel-linux-x86_64-fedora-clang, r-devel-linux-x86_64-fedora-gcc, r-devel-osx-x86_64-clang, r-devel-windows-ix86+x86_64, r-patched-linux-x86_64, r-patched-solaris-sparc, r-patched-solaris-x86, r-release-linux-x86_64, r-release-osx-x86_64-mavericks, r-release-windows-ix86+x86_64