CRAN Package Check Results for Package AmericanCallOpt

Last updated on 2015-07-07 03:47:29.

Flavor Version Tinstall Tcheck Ttotal Status Flags
r-devel-linux-x86_64-debian-clang 0.95 0.57 9.94 10.51 NOTE
r-devel-linux-x86_64-debian-gcc 0.95 0.53 9.86 10.38 NOTE
r-devel-linux-x86_64-fedora-clang 0.95 19.02 NOTE
r-devel-linux-x86_64-fedora-gcc 0.95 18.12 NOTE
r-devel-osx-x86_64-clang 0.95 19.98 NOTE
r-devel-windows-ix86+x86_64 0.95 3.00 17.00 20.00 NOTE
r-patched-linux-x86_64 0.95 0.58 10.04 10.62 NOTE
r-patched-solaris-sparc 0.95 144.30 NOTE
r-patched-solaris-x86 0.95 29.30 NOTE
r-release-linux-x86_64 0.95 0.53 10.19 10.72 NOTE
r-release-osx-x86_64-mavericks 0.95 NOTE
r-release-windows-ix86+x86_64 0.95 3.00 19.00 22.00 NOTE
r-oldrel-windows-ix86+x86_64 0.95 4.00 23.00 27.00 OK

Check Details

Version: 0.95
Check: DESCRIPTION meta-information
Result: NOTE
    Malformed Title field: should not end in a period.
Flavors: r-devel-linux-x86_64-debian-clang, r-devel-linux-x86_64-debian-gcc, r-devel-linux-x86_64-fedora-clang, r-devel-linux-x86_64-fedora-gcc, r-devel-osx-x86_64-clang, r-devel-windows-ix86+x86_64, r-patched-linux-x86_64, r-patched-solaris-sparc, r-patched-solaris-x86, r-release-linux-x86_64, r-release-osx-x86_64-mavericks, r-release-windows-ix86+x86_64