CRAN Package Check Results for Package AmericanCallOpt

Last updated on 2018-05-21 14:51:32 CEST.

Flavor Version Tinstall Tcheck Ttotal Status Flags
r-devel-linux-x86_64-debian-clang 0.95 1.18 16.76 17.94 NOTE
r-devel-linux-x86_64-debian-gcc 0.95 0.94 14.72 15.66 NOTE
r-devel-linux-x86_64-fedora-clang 0.95 25.16 NOTE
r-devel-linux-x86_64-fedora-gcc 0.95 24.05 NOTE
r-devel-windows-ix86+x86_64 0.95 4.00 29.00 33.00 NOTE
r-patched-linux-x86_64 0.95 1.30 17.80 19.10 NOTE
r-patched-solaris-x86 0.95 35.40 NOTE
r-release-linux-x86_64 0.95 0.85 17.74 18.59 NOTE
r-release-windows-ix86+x86_64 0.95 4.00 33.00 37.00 NOTE
r-release-osx-x86_64 0.95 NOTE
r-oldrel-windows-ix86+x86_64 0.95 3.00 27.00 30.00 NOTE
r-oldrel-osx-x86_64 0.95 NOTE

Check Details

Version: 0.95
Check: DESCRIPTION meta-information
Result: NOTE
    Malformed Title field: should not end in a period.
Flavors: r-devel-linux-x86_64-debian-clang, r-devel-linux-x86_64-debian-gcc, r-devel-linux-x86_64-fedora-clang, r-devel-linux-x86_64-fedora-gcc, r-devel-windows-ix86+x86_64, r-patched-linux-x86_64, r-patched-solaris-x86, r-release-linux-x86_64, r-release-windows-ix86+x86_64, r-release-osx-x86_64, r-oldrel-windows-ix86+x86_64, r-oldrel-osx-x86_64