CRAN Package Check Results for Package AmericanCallOpt

Last updated on 2016-05-27 17:58:41.

Flavor Version Tinstall Tcheck Ttotal Status Flags
r-devel-linux-x86_64-debian-gcc 0.95 0.85 10.19 11.03 NOTE
r-devel-linux-x86_64-fedora-clang 0.95 17.93 NOTE
r-devel-linux-x86_64-fedora-gcc 0.95 19.94 NOTE
r-devel-osx-x86_64-clang 0.95 21.40 NOTE
r-devel-windows-ix86+x86_64 0.95 2.00 25.00 27.00 NOTE
r-patched-linux-x86_64 0.95 0.52 10.17 10.69 NOTE
r-patched-solaris-sparc 0.95 112.10 NOTE
r-patched-solaris-x86 0.95 23.80 NOTE
r-release-linux-x86_64 0.95 0.68 10.17 10.85 NOTE
r-release-osx-x86_64-mavericks 0.95 NOTE
r-release-windows-ix86+x86_64 0.95 3.00 27.00 30.00 NOTE
r-oldrel-windows-ix86+x86_64 0.95 3.00 18.00 21.00 NOTE

Check Details

Version: 0.95
Check: DESCRIPTION meta-information
Result: NOTE
    Malformed Title field: should not end in a period.
Flavors: r-devel-linux-x86_64-debian-gcc, r-devel-linux-x86_64-fedora-clang, r-devel-linux-x86_64-fedora-gcc, r-devel-osx-x86_64-clang, r-devel-windows-ix86+x86_64, r-patched-linux-x86_64, r-patched-solaris-sparc, r-patched-solaris-x86, r-release-linux-x86_64, r-release-osx-x86_64-mavericks, r-release-windows-ix86+x86_64, r-oldrel-windows-ix86+x86_64