CRAN Package Check Results for Package AmericanCallOpt

Last updated on 2015-08-04 19:50:21.

Flavor Version Tinstall Tcheck Ttotal Status Flags
r-devel-linux-x86_64-debian-clang 0.95 0.55 9.88 10.43 NOTE
r-devel-linux-x86_64-debian-gcc 0.95 0.60 9.38 9.97 NOTE
r-devel-linux-x86_64-fedora-clang 0.95 20.41 NOTE
r-devel-linux-x86_64-fedora-gcc 0.95 18.83 NOTE
r-devel-osx-x86_64-clang 0.95 20.25 NOTE
r-devel-windows-ix86+x86_64 0.95 3.00 18.00 21.00 NOTE
r-patched-linux-x86_64 0.95 0.56 10.02 10.58 NOTE
r-patched-solaris-sparc 0.95 139.90 NOTE
r-patched-solaris-x86 0.95 30.10 NOTE
r-release-linux-x86_64 0.95 0.58 11.18 11.76 NOTE
r-release-osx-x86_64-mavericks 0.95 NOTE
r-release-windows-ix86+x86_64 0.95 3.00 19.00 22.00 NOTE
r-oldrel-windows-ix86+x86_64 0.95 4.00 23.00 27.00 OK

Check Details

Version: 0.95
Check: DESCRIPTION meta-information
Result: NOTE
    Malformed Title field: should not end in a period.
Flavors: r-devel-linux-x86_64-debian-clang, r-devel-linux-x86_64-debian-gcc, r-devel-linux-x86_64-fedora-clang, r-devel-linux-x86_64-fedora-gcc, r-devel-osx-x86_64-clang, r-devel-windows-ix86+x86_64, r-patched-linux-x86_64, r-patched-solaris-sparc, r-patched-solaris-x86, r-release-linux-x86_64, r-release-osx-x86_64-mavericks, r-release-windows-ix86+x86_64