CRAN Package Check Results for Package AmericanCallOpt

Last updated on 2017-01-24 23:49:35.

Flavor Version Tinstall Tcheck Ttotal Status Flags
r-devel-linux-x86_64-debian-clang 0.95 0.63 11.83 12.47 NOTE
r-devel-linux-x86_64-debian-gcc 0.95 0.68 11.42 12.10 NOTE
r-devel-linux-x86_64-fedora-clang 0.95 20.67 NOTE --no-stop-on-test-error
r-devel-linux-x86_64-fedora-gcc 0.95 21.39 NOTE --no-stop-on-test-error
r-devel-macos-x86_64-clang 0.95 18.08 NOTE --no-stop-on-test-error
r-devel-windows-ix86+x86_64 0.95 2.00 28.00 30.00 NOTE
r-patched-linux-x86_64 0.95 0.52 10.29 10.81 NOTE
r-patched-solaris-sparc 0.95 112.40 NOTE
r-patched-solaris-x86 0.95 24.90 NOTE
r-release-linux-x86_64 0.95 0.62 16.75 17.36 NOTE
r-release-osx-x86_64-mavericks 0.95 NOTE
r-release-windows-ix86+x86_64 0.95 2.00 25.00 27.00 NOTE
r-oldrel-windows-ix86+x86_64 0.95 2.00 23.00 25.00 NOTE

Check Details

Version: 0.95
Check: DESCRIPTION meta-information
Result: NOTE
    Malformed Title field: should not end in a period.
Flavors: r-devel-linux-x86_64-debian-clang, r-devel-linux-x86_64-debian-gcc, r-devel-windows-ix86+x86_64, r-patched-linux-x86_64, r-patched-solaris-sparc, r-patched-solaris-x86, r-release-linux-x86_64, r-release-osx-x86_64-mavericks, r-release-windows-ix86+x86_64, r-oldrel-windows-ix86+x86_64

Version: 0.95
Flags: --no-stop-on-test-error
Check: DESCRIPTION meta-information
Result: NOTE
    Malformed Title field: should not end in a period.
Flavors: r-devel-linux-x86_64-fedora-clang, r-devel-linux-x86_64-fedora-gcc, r-devel-macos-x86_64-clang