CRAN Package Check Results for Package AmericanCallOpt

Last updated on 2024-02-26 08:48:38 CET.

Flavor Version Tinstall Tcheck Ttotal Status Flags
r-devel-linux-x86_64-debian-clang 0.95 1.93 23.97 25.90 NOTE
r-devel-linux-x86_64-debian-gcc 0.95 1.80 18.37 20.17 NOTE
r-devel-linux-x86_64-fedora-clang 0.95 32.80 NOTE
r-devel-linux-x86_64-fedora-gcc 0.95 31.85 NOTE
r-devel-windows-x86_64 0.95 4.00 38.00 42.00 NOTE
r-patched-linux-x86_64 0.95 2.16 23.17 25.33 NOTE
r-release-linux-x86_64 0.95 2.47 23.27 25.74 NOTE
r-release-macos-arm64 0.95 16.00 NOTE
r-release-macos-x86_64 0.95 20.00 NOTE
r-release-windows-x86_64 0.95 3.00 37.00 40.00 NOTE
r-oldrel-macos-arm64 0.95 16.00 NOTE
r-oldrel-windows-x86_64 0.95 4.00 45.00 49.00 NOTE

Check Details

Version: 0.95
Check: DESCRIPTION meta-information
Result: NOTE Malformed Title field: should not end in a period. Flavors: r-devel-linux-x86_64-debian-clang, r-devel-linux-x86_64-debian-gcc, r-devel-linux-x86_64-fedora-clang, r-devel-linux-x86_64-fedora-gcc, r-devel-windows-x86_64, r-patched-linux-x86_64, r-release-linux-x86_64, r-release-macos-arm64, r-release-macos-x86_64, r-release-windows-x86_64, r-oldrel-macos-arm64, r-oldrel-windows-x86_64