CRAN Package Check Results for Package AmericanCallOpt

Last updated on 2017-08-16 16:46:24.

Flavor Version Tinstall Tcheck Ttotal Status Flags
r-devel-linux-x86_64-debian-clang 0.95 0.63 13.05 13.68 NOTE
r-devel-linux-x86_64-debian-gcc 0.95 0.60 12.03 12.62 NOTE
r-devel-linux-x86_64-fedora-clang 0.95 26.05 NOTE
r-devel-linux-x86_64-fedora-gcc 0.95 21.23 NOTE
r-devel-windows-ix86+x86_64 0.95 4.00 34.00 38.00 NOTE
r-patched-linux-x86_64 0.95 0.66 12.22 12.89 NOTE
r-patched-solaris-x86 0.95 28.90 NOTE
r-release-linux-x86_64 0.95 1.14 12.31 13.45 NOTE
r-release-windows-ix86+x86_64 0.95 2.00 26.00 28.00 NOTE
r-release-osx-x86_64 0.95 NOTE
r-oldrel-windows-ix86+x86_64 0.95 2.00 25.00 27.00 NOTE
r-oldrel-osx-x86_64 0.95 NOTE

Check Details

Version: 0.95
Check: DESCRIPTION meta-information
Result: NOTE
    Malformed Title field: should not end in a period.
Flavors: r-devel-linux-x86_64-debian-clang, r-devel-linux-x86_64-debian-gcc, r-devel-linux-x86_64-fedora-clang, r-devel-linux-x86_64-fedora-gcc, r-devel-windows-ix86+x86_64, r-patched-linux-x86_64, r-patched-solaris-x86, r-release-linux-x86_64, r-release-windows-ix86+x86_64, r-release-osx-x86_64, r-oldrel-windows-ix86+x86_64, r-oldrel-osx-x86_64