CRAN Package Check Results for Package AmericanCallOpt

Last updated on 2017-03-27 03:49:28.

Flavor Version Tinstall Tcheck Ttotal Status Flags
r-devel-linux-x86_64-debian-clang 0.95 0.63 12.11 12.74 NOTE
r-devel-linux-x86_64-debian-gcc 0.95 0.66 12.13 12.79 NOTE
r-devel-linux-x86_64-fedora-clang 0.95 20.50 NOTE --no-stop-on-test-error
r-devel-linux-x86_64-fedora-gcc 0.95 22.99 NOTE --no-stop-on-test-error
r-devel-macos-x86_64-clang 0.95 18.20 NOTE --no-stop-on-test-error
r-devel-windows-ix86+x86_64 0.95 3.00 25.00 28.00 NOTE
r-patched-linux-x86_64 0.95 0.70 11.80 12.49 NOTE
r-patched-solaris-sparc 0.95 128.70 NOTE
r-patched-solaris-x86 0.95 28.20 NOTE
r-release-linux-x86_64 0.95 0.64 10.65 11.30 NOTE
r-release-osx-x86_64-mavericks 0.95 NOTE
r-release-windows-ix86+x86_64 0.95 2.00 25.00 27.00 NOTE
r-oldrel-windows-ix86+x86_64 0.95 2.00 23.00 25.00 NOTE

Check Details

Version: 0.95
Check: DESCRIPTION meta-information
Result: NOTE
    Malformed Title field: should not end in a period.
Flavors: r-devel-linux-x86_64-debian-clang, r-devel-linux-x86_64-debian-gcc, r-devel-windows-ix86+x86_64, r-patched-linux-x86_64, r-patched-solaris-sparc, r-patched-solaris-x86, r-release-linux-x86_64, r-release-osx-x86_64-mavericks, r-release-windows-ix86+x86_64, r-oldrel-windows-ix86+x86_64

Version: 0.95
Flags: --no-stop-on-test-error
Check: DESCRIPTION meta-information
Result: NOTE
    Malformed Title field: should not end in a period.
Flavors: r-devel-linux-x86_64-fedora-clang, r-devel-linux-x86_64-fedora-gcc, r-devel-macos-x86_64-clang