CRAN Package Check Results for Package AmericanCallOpt

Last updated on 2017-10-21 18:47:01.

Flavor Version Tinstall Tcheck Ttotal Status Flags
r-devel-linux-x86_64-debian-clang 0.95 0.63 12.49 13.12 NOTE
r-devel-linux-x86_64-debian-gcc 0.95 0.72 13.09 13.81 NOTE
r-devel-linux-x86_64-fedora-clang 0.95 21.99 NOTE
r-devel-linux-x86_64-fedora-gcc 0.95 21.01 NOTE
r-devel-windows-ix86+x86_64 0.95 4.00 26.00 30.00 NOTE
r-patched-linux-x86_64 0.95 0.64 12.23 12.86 NOTE
r-patched-solaris-x86 0.95 30.50 NOTE
r-release-linux-x86_64 0.95 0.59 12.47 13.07 NOTE
r-release-windows-ix86+x86_64 0.95 3.00 27.00 30.00 NOTE
r-release-osx-x86_64 0.95 NOTE
r-oldrel-windows-ix86+x86_64 0.95 2.00 25.00 27.00 NOTE
r-oldrel-osx-x86_64 0.95 NOTE

Check Details

Version: 0.95
Check: DESCRIPTION meta-information
Result: NOTE
    Malformed Title field: should not end in a period.
Flavors: r-devel-linux-x86_64-debian-clang, r-devel-linux-x86_64-debian-gcc, r-devel-linux-x86_64-fedora-clang, r-devel-linux-x86_64-fedora-gcc, r-devel-windows-ix86+x86_64, r-patched-linux-x86_64, r-patched-solaris-x86, r-release-linux-x86_64, r-release-windows-ix86+x86_64, r-release-osx-x86_64, r-oldrel-windows-ix86+x86_64, r-oldrel-osx-x86_64