CRAN Package Check Results for Package AmericanCallOpt

Last updated on 2017-02-25 16:47:59.

Flavor Version Tinstall Tcheck Ttotal Status Flags
r-devel-linux-x86_64-debian-clang 0.95 0.70 11.91 12.61 NOTE
r-devel-linux-x86_64-debian-gcc 0.95 0.75 12.00 12.75 NOTE
r-devel-linux-x86_64-fedora-clang 0.95 20.33 NOTE --no-stop-on-test-error
r-devel-linux-x86_64-fedora-gcc 0.95 24.04 NOTE --no-stop-on-test-error
r-devel-macos-x86_64-clang 0.95 18.70 NOTE --no-stop-on-test-error
r-devel-windows-ix86+x86_64 0.95 3.00 41.00 44.00 NOTE
r-patched-linux-x86_64 0.95 0.54 10.20 10.74 NOTE
r-patched-solaris-sparc 0.95 112.40 NOTE
r-patched-solaris-x86 0.95 24.80 NOTE
r-release-linux-x86_64 0.95 0.56 13.65 14.21 NOTE
r-release-osx-x86_64-mavericks 0.95 NOTE
r-release-windows-ix86+x86_64 0.95 2.00 25.00 27.00 NOTE
r-oldrel-windows-ix86+x86_64 0.95 2.00 23.00 25.00 NOTE

Check Details

Version: 0.95
Check: DESCRIPTION meta-information
Result: NOTE
    Malformed Title field: should not end in a period.
Flavors: r-devel-linux-x86_64-debian-clang, r-devel-linux-x86_64-debian-gcc, r-devel-windows-ix86+x86_64, r-patched-linux-x86_64, r-patched-solaris-sparc, r-patched-solaris-x86, r-release-linux-x86_64, r-release-osx-x86_64-mavericks, r-release-windows-ix86+x86_64, r-oldrel-windows-ix86+x86_64

Version: 0.95
Flags: --no-stop-on-test-error
Check: DESCRIPTION meta-information
Result: NOTE
    Malformed Title field: should not end in a period.
Flavors: r-devel-linux-x86_64-fedora-clang, r-devel-linux-x86_64-fedora-gcc, r-devel-macos-x86_64-clang