CRAN Package Check Results for Package AmericanCallOpt

Last updated on 2016-12-10 12:53:29.

Flavor Version Tinstall Tcheck Ttotal Status Flags
r-devel-linux-x86_64-debian-clang 0.95 0.71 12.34 13.05 NOTE
r-devel-linux-x86_64-debian-gcc 0.95 0.69 11.89 12.59 NOTE
r-devel-linux-x86_64-fedora-clang 0.95 21.66 NOTE --no-stop-on-test-error
r-devel-linux-x86_64-fedora-gcc 0.95 19.95 NOTE --no-stop-on-test-error
r-devel-macos-x86_64-clang 0.95 18.57 NOTE --no-stop-on-test-error
r-devel-windows-ix86+x86_64 0.95 4.00 35.00 39.00 NOTE
r-patched-linux-x86_64 0.95 0.65 10.27 10.93 NOTE
r-patched-solaris-sparc 0.95 113.30 NOTE
r-patched-solaris-x86 0.95 23.90 NOTE
r-release-linux-x86_64 0.95 0.60 10.39 10.99 NOTE
r-release-osx-x86_64-mavericks 0.95 NOTE
r-release-windows-ix86+x86_64 0.95 2.00 25.00 27.00 NOTE
r-oldrel-windows-ix86+x86_64 0.95 2.00 23.00 25.00 NOTE

Check Details

Version: 0.95
Check: DESCRIPTION meta-information
Result: NOTE
    Malformed Title field: should not end in a period.
Flavors: r-devel-linux-x86_64-debian-clang, r-devel-linux-x86_64-debian-gcc, r-devel-windows-ix86+x86_64, r-patched-linux-x86_64, r-patched-solaris-sparc, r-patched-solaris-x86, r-release-linux-x86_64, r-release-osx-x86_64-mavericks, r-release-windows-ix86+x86_64, r-oldrel-windows-ix86+x86_64

Version: 0.95
Flags: --no-stop-on-test-error
Check: DESCRIPTION meta-information
Result: NOTE
    Malformed Title field: should not end in a period.
Flavors: r-devel-linux-x86_64-fedora-clang, r-devel-linux-x86_64-fedora-gcc, r-devel-macos-x86_64-clang