CRAN Package Check Results for Package AmericanCallOpt

Last updated on 2016-07-24 06:46:41.

Flavor Version Tinstall Tcheck Ttotal Status Flags
r-devel-linux-x86_64-debian-clang 0.95 0.67 12.27 12.93 NOTE
r-devel-linux-x86_64-debian-gcc 0.95 0.74 12.07 12.81 NOTE
r-devel-linux-x86_64-fedora-clang 0.95 18.54 NOTE
r-devel-linux-x86_64-fedora-gcc 0.95 16.76 NOTE
r-devel-osx-x86_64-clang 0.95 16.45 NOTE
r-devel-windows-ix86+x86_64 0.95 2.00 25.00 27.00 NOTE
r-patched-linux-x86_64 0.95 0.71 12.00 12.71 NOTE
r-patched-solaris-sparc 0.95 113.30 NOTE
r-patched-solaris-x86 0.95 23.10 NOTE
r-release-linux-x86_64 0.95 0.64 11.78 12.42 NOTE
r-release-osx-x86_64-mavericks 0.95 NOTE
r-release-windows-ix86+x86_64 0.95 3.00 27.00 30.00 NOTE
r-oldrel-windows-ix86+x86_64 0.95 3.00 18.00 21.00 NOTE

Check Details

Version: 0.95
Check: DESCRIPTION meta-information
Result: NOTE
    Malformed Title field: should not end in a period.
Flavors: r-devel-linux-x86_64-debian-clang, r-devel-linux-x86_64-debian-gcc, r-devel-linux-x86_64-fedora-clang, r-devel-linux-x86_64-fedora-gcc, r-devel-osx-x86_64-clang, r-devel-windows-ix86+x86_64, r-patched-linux-x86_64, r-patched-solaris-sparc, r-patched-solaris-x86, r-release-linux-x86_64, r-release-osx-x86_64-mavericks, r-release-windows-ix86+x86_64, r-oldrel-windows-ix86+x86_64