CRAN Package Check Results for Package AmericanCallOpt

Last updated on 2017-06-25 18:47:18.

Flavor Version Tinstall Tcheck Ttotal Status Flags
r-devel-linux-x86_64-debian-clang 0.95 0.72 13.23 13.95 NOTE
r-devel-linux-x86_64-debian-gcc 0.95 0.60 12.27 12.87 NOTE
r-devel-linux-x86_64-fedora-clang 0.95 24.61 NOTE
r-devel-linux-x86_64-fedora-gcc 0.95 21.01 NOTE
r-devel-windows-ix86+x86_64 0.95 4.00 34.00 38.00 NOTE
r-patched-linux-x86_64 0.95 0.68 12.31 12.99 NOTE
r-patched-solaris-sparc 0.95 128.70 NOTE
r-patched-solaris-x86 0.95 28.60 NOTE
r-release-linux-x86_64 0.95 0.58 12.20 12.78 NOTE
r-release-windows-ix86+x86_64 0.95 2.00 26.00 28.00 NOTE
r-release-osx-x86_64 0.95 NOTE
r-oldrel-windows-ix86+x86_64 0.95 2.00 25.00 27.00 NOTE
r-oldrel-osx-x86_64 0.95 NOTE

Check Details

Version: 0.95
Check: DESCRIPTION meta-information
Result: NOTE
    Malformed Title field: should not end in a period.
Flavors: r-devel-linux-x86_64-debian-clang, r-devel-linux-x86_64-debian-gcc, r-devel-linux-x86_64-fedora-clang, r-devel-linux-x86_64-fedora-gcc, r-devel-windows-ix86+x86_64, r-patched-linux-x86_64, r-patched-solaris-sparc, r-patched-solaris-x86, r-release-linux-x86_64, r-release-windows-ix86+x86_64, r-release-osx-x86_64, r-oldrel-windows-ix86+x86_64, r-oldrel-osx-x86_64