CRAN Package Check Results for Package AmericanCallOpt

Last updated on 2016-06-26 22:47:36.

Flavor Version Tinstall Tcheck Ttotal Status Flags
r-devel-linux-x86_64-debian-gcc 0.95 0.56 9.98 10.54 NOTE
r-devel-linux-x86_64-fedora-clang 0.95 17.57 NOTE
r-devel-linux-x86_64-fedora-gcc 0.95 16.23 NOTE
r-devel-osx-x86_64-clang 0.95 16.53 NOTE
r-devel-windows-ix86+x86_64 0.95 3.00 25.00 28.00 NOTE
r-patched-linux-x86_64 0.95 0.68 10.77 11.44 NOTE
r-patched-solaris-sparc 0.95 113.30 NOTE
r-patched-solaris-x86 0.95 23.80 NOTE
r-release-linux-x86_64 0.95 0.55 10.56 11.11 NOTE
r-release-osx-x86_64-mavericks 0.95 NOTE
r-release-windows-ix86+x86_64 0.95 3.00 27.00 30.00 NOTE
r-oldrel-windows-ix86+x86_64 0.95 3.00 18.00 21.00 NOTE

Check Details

Version: 0.95
Check: DESCRIPTION meta-information
Result: NOTE
    Malformed Title field: should not end in a period.
Flavors: r-devel-linux-x86_64-debian-gcc, r-devel-linux-x86_64-fedora-clang, r-devel-linux-x86_64-fedora-gcc, r-devel-osx-x86_64-clang, r-devel-windows-ix86+x86_64, r-patched-linux-x86_64, r-patched-solaris-sparc, r-patched-solaris-x86, r-release-linux-x86_64, r-release-osx-x86_64-mavericks, r-release-windows-ix86+x86_64, r-oldrel-windows-ix86+x86_64