CRAN Package Check Results for Package AmericanCallOpt

Last updated on 2015-04-18 13:48:40.

Flavor Version Tinstall Tcheck Ttotal Status Flags
r-devel-linux-x86_64-debian-clang 0.95 0.58 9.98 10.57 NOTE
r-devel-linux-x86_64-debian-gcc 0.95 0.54 10.38 10.92 NOTE
r-devel-linux-x86_64-fedora-clang 0.95 21.83 NOTE
r-devel-linux-x86_64-fedora-gcc 0.95 20.02 NOTE
r-devel-osx-x86_64-clang 0.95 24.18 NOTE
r-patched-linux-x86_64 0.95 0.60 10.48 11.09 NOTE
r-patched-solaris-sparc 0.95 149.30 NOTE
r-patched-solaris-x86 0.95 28.80 NOTE
r-release-linux-x86_64 0.95 0.57 10.40 10.97 NOTE
r-release-osx-x86_64-mavericks 0.95 NOTE
r-release-windows-ix86+x86_64 0.95 4.00 23.00 27.00 OK
r-oldrel-windows-ix86+x86_64 0.95 2.00 17.00 19.00 OK

Check Details

Version: 0.95
Check: DESCRIPTION meta-information
Result: NOTE
    Malformed Title field: should not end in a period.
Flavors: r-devel-linux-x86_64-debian-clang, r-devel-linux-x86_64-debian-gcc, r-devel-linux-x86_64-fedora-clang, r-devel-linux-x86_64-fedora-gcc, r-devel-osx-x86_64-clang, r-patched-linux-x86_64, r-patched-solaris-sparc, r-patched-solaris-x86, r-release-linux-x86_64, r-release-osx-x86_64-mavericks