CRAN Package Check Results for Package AnDE

Last updated on 2014-08-22 03:47:52.

Flavor Version Tinstall Tcheck Ttotal Status Flags
r-devel-linux-x86_64-debian-clang 1.0 0.64 12.96 13.60 NOTE
r-devel-linux-x86_64-debian-gcc 1.0 0.64 13.20 13.84 NOTE
r-devel-linux-x86_64-fedora-clang 1.0 26.87 NOTE
r-devel-linux-x86_64-fedora-gcc 1.0 24.87 NOTE
r-devel-osx-x86_64-clang 1.0 28.14 NOTE
r-devel-windows-ix86+x86_64 1.0 4.00 23.00 27.00 NOTE
r-patched-linux-x86_64 1.0 0.70 13.09 13.80 NOTE
r-patched-solaris-sparc 1.0 181.20 NOTE
r-patched-solaris-x86 1.0 37.00 NOTE
r-release-linux-ix86 1.0 1.08 19.48 20.56 NOTE
r-release-linux-x86_64 1.0 0.92 13.59 14.51 NOTE
r-release-osx-x86_64-mavericks 1.0 NOTE
r-release-windows-ix86+x86_64 1.0 4.00 27.00 31.00 NOTE
r-oldrel-windows-ix86+x86_64 1.0 5.00 27.00 32.00 NOTE

Check Details

Version: 1.0
Check: dependencies in R code
Result: NOTE
    Packages in Depends field not imported from:
     ‘discretization’ ‘foreign’ ‘functional’ ‘stringr’
     These packages need to be imported from (in the NAMESPACE file)
     for when this namespace is loaded but not attached.
    See the information on DESCRIPTION files in the chapter ‘Creating R
    packages’ of the ‘Writing R Extensions’ manual.
Flavors: r-devel-linux-x86_64-debian-clang, r-devel-linux-x86_64-debian-gcc, r-devel-linux-x86_64-fedora-clang, r-devel-linux-x86_64-fedora-gcc, r-devel-osx-x86_64-clang, r-devel-windows-ix86+x86_64, r-patched-linux-x86_64, r-patched-solaris-sparc, r-patched-solaris-x86, r-release-linux-ix86, r-release-linux-x86_64, r-release-osx-x86_64-mavericks, r-release-windows-ix86+x86_64, r-oldrel-windows-ix86+x86_64

Version: 1.0
Check: top-level files
Result: NOTE
    Non-standard files/directories found at top level:
     ‘AnDE.pdf’ ‘DESCRIPTION.dcf’ ‘helpme’
Flavors: r-devel-linux-x86_64-fedora-clang, r-devel-linux-x86_64-fedora-gcc

Version: 1.0
Check: R code for possible problems
Result: NOTE
    aode: no visible global function definition for ‘Compose’
    mdl: no visible global function definition for ‘cutPoints’
    setVar: no visible global function definition for ‘Compose’
Flavors: r-devel-linux-x86_64-fedora-clang, r-devel-linux-x86_64-fedora-gcc, r-devel-osx-x86_64-clang