CRAN Package Check Results for Package AnDE

Last updated on 2016-06-24 23:47:21.

Flavor Version Tinstall Tcheck Ttotal Status Flags
r-devel-linux-x86_64-debian-gcc 1.0 0.96 12.63 13.59 NOTE
r-devel-linux-x86_64-fedora-clang 1.0 21.44 NOTE
r-devel-linux-x86_64-fedora-gcc 1.0 20.63 NOTE
r-devel-osx-x86_64-clang 1.0 19.76 NOTE
r-devel-windows-ix86+x86_64 1.0 4.00 31.00 35.00 NOTE
r-patched-linux-x86_64 1.0 0.66 12.61 13.27 NOTE
r-patched-solaris-x86 1.0 33.60 NOTE
r-release-linux-x86_64 1.0 0.82 12.79 13.61 NOTE
r-release-osx-x86_64-mavericks 1.0 NOTE
r-release-windows-ix86+x86_64 1.0 6.00 28.00 34.00 NOTE
r-oldrel-windows-ix86+x86_64 1.0 5.00 31.00 36.00 NOTE

Check Details

Version: 1.0
Check: top-level files
Result: NOTE
    Non-standard files/directories found at top level:
     ‘AnDE.pdf’ ‘DESCRIPTION.dcf’ ‘helpme’
Flavors: r-devel-linux-x86_64-debian-gcc, r-devel-linux-x86_64-fedora-clang, r-devel-linux-x86_64-fedora-gcc, r-patched-linux-x86_64, r-release-linux-x86_64

Version: 1.0
Check: dependencies in R code
Result: NOTE
    Packages in Depends field not imported from:
     ‘discretization’ ‘foreign’ ‘functional’ ‘stringr’
     These packages need to be imported from (in the NAMESPACE file)
     for when this namespace is loaded but not attached.
Flavors: r-devel-linux-x86_64-debian-gcc, r-devel-linux-x86_64-fedora-clang, r-devel-linux-x86_64-fedora-gcc, r-devel-osx-x86_64-clang, r-devel-windows-ix86+x86_64, r-patched-linux-x86_64, r-patched-solaris-sparc, r-patched-solaris-x86, r-release-linux-x86_64, r-release-osx-x86_64-mavericks, r-release-windows-ix86+x86_64, r-oldrel-windows-ix86+x86_64

Version: 1.0
Check: R code for possible problems
Result: NOTE
    aode: no visible global function definition for ‘Compose’
    mdl: no visible global function definition for ‘cutPoints’
    setVar: no visible global function definition for ‘Compose’
    Undefined global functions or variables:
     Compose cutPoints
Flavors: r-devel-linux-x86_64-debian-gcc, r-devel-linux-x86_64-fedora-clang, r-devel-linux-x86_64-fedora-gcc, r-devel-osx-x86_64-clang, r-devel-windows-ix86+x86_64, r-patched-linux-x86_64, r-patched-solaris-sparc, r-patched-solaris-x86, r-release-linux-x86_64, r-release-osx-x86_64-mavericks, r-release-windows-ix86+x86_64

Version: 1.0
Check: R code for possible problems
Result: NOTE
    aode: no visible global function definition for 'Compose'
    mdl: no visible global function definition for 'cutPoints'
    setVar: no visible global function definition for 'Compose'
Flavor: r-oldrel-windows-ix86+x86_64