CRAN Package Check Results for Package AnDE

Last updated on 2016-02-14 13:46:59.

Flavor Version Tinstall Tcheck Ttotal Status Flags
r-devel-linux-x86_64-debian-gcc 1.0 0.65 11.26 11.91 NOTE
r-devel-linux-x86_64-fedora-clang 1.0 21.19 NOTE
r-devel-linux-x86_64-fedora-gcc 1.0 19.69 NOTE
r-devel-osx-x86_64-clang 1.0 26.31 NOTE
r-devel-windows-ix86+x86_64 1.0 4.00 26.00 30.00 NOTE
r-patched-linux-x86_64 1.0 0.73 12.12 12.85 NOTE
r-patched-solaris-sparc 1.0 144.00 NOTE
r-patched-solaris-x86 1.0 31.60 NOTE
r-release-linux-x86_64 1.0 0.90 11.76 12.66 NOTE
r-release-osx-x86_64-mavericks 1.0 NOTE
r-release-windows-ix86+x86_64 1.0 4.00 35.00 39.00 NOTE
r-oldrel-windows-ix86+x86_64 1.0 7.00 31.00 38.00 NOTE

Check Details

Version: 1.0
Check: top-level files
Result: NOTE
    Non-standard files/directories found at top level:
     ‘AnDE.pdf’ ‘DESCRIPTION.dcf’ ‘helpme’
Flavors: r-devel-linux-x86_64-debian-gcc, r-devel-linux-x86_64-fedora-clang, r-devel-linux-x86_64-fedora-gcc, r-patched-linux-x86_64, r-release-linux-x86_64

Version: 1.0
Check: dependencies in R code
Result: NOTE
    Packages in Depends field not imported from:
     ‘discretization’ ‘foreign’ ‘functional’ ‘stringr’
     These packages need to be imported from (in the NAMESPACE file)
     for when this namespace is loaded but not attached.
Flavors: r-devel-linux-x86_64-debian-gcc, r-devel-linux-x86_64-fedora-clang, r-devel-linux-x86_64-fedora-gcc, r-devel-osx-x86_64-clang, r-devel-windows-ix86+x86_64, r-patched-linux-x86_64, r-patched-solaris-sparc, r-patched-solaris-x86, r-release-linux-x86_64, r-release-osx-x86_64-mavericks, r-release-windows-ix86+x86_64, r-oldrel-windows-ix86+x86_64

Version: 1.0
Check: R code for possible problems
Result: NOTE
    aode: no visible global function definition for ‘Compose’
    mdl: no visible global function definition for ‘cutPoints’
    setVar: no visible global function definition for ‘Compose’
    Undefined global functions or variables:
     Compose cutPoints
Flavors: r-devel-linux-x86_64-debian-gcc, r-devel-linux-x86_64-fedora-clang, r-devel-linux-x86_64-fedora-gcc, r-devel-osx-x86_64-clang, r-devel-windows-ix86+x86_64

Version: 1.0
Check: R code for possible problems
Result: NOTE
    aode: no visible global function definition for ‘Compose’
    mdl: no visible global function definition for ‘cutPoints’
    setVar: no visible global function definition for ‘Compose’
Flavors: r-patched-linux-x86_64, r-patched-solaris-sparc, r-patched-solaris-x86, r-release-linux-x86_64, r-release-osx-x86_64-mavericks, r-release-windows-ix86+x86_64, r-oldrel-windows-ix86+x86_64