CRAN Package Check Results for Package AntWeb

Last updated on 2016-07-29 20:49:20.

Flavor Version Tinstall Tcheck Ttotal Status Flags
r-devel-linux-x86_64-debian-clang 0.7 0.91 14.15 15.06 NOTE
r-devel-linux-x86_64-debian-gcc 0.7 0.96 13.33 14.29 NOTE
r-devel-linux-x86_64-fedora-clang 0.7 30.42 NOTE
r-devel-linux-x86_64-fedora-gcc 0.7 23.18 NOTE
r-devel-osx-x86_64-clang 0.7 22.03 NOTE
r-devel-windows-ix86+x86_64 0.7 6.00 31.00 37.00 NOTE
r-patched-linux-x86_64 0.7 1.09 15.56 16.65 NOTE
r-patched-solaris-sparc 0.7 165.60 NOTE
r-patched-solaris-x86 0.7 38.20 NOTE
r-release-linux-x86_64 0.7 1.23 15.39 16.62 NOTE
r-release-osx-x86_64-mavericks 0.7 NOTE
r-release-windows-ix86+x86_64 0.7 5.00 41.00 46.00 NOTE
r-oldrel-windows-ix86+x86_64 0.7 5.00 31.00 36.00 OK

Check Details

Version: 0.7
Check: R code for possible problems
Result: NOTE
    aw_map: no visible global function definition for ‘browseURL’
    Undefined global functions or variables:
     browseURL
    Consider adding
     importFrom("utils", "browseURL")
    to your NAMESPACE file.
Flavors: r-devel-linux-x86_64-debian-clang, r-devel-linux-x86_64-debian-gcc, r-devel-linux-x86_64-fedora-clang, r-devel-linux-x86_64-fedora-gcc, r-devel-osx-x86_64-clang, r-devel-windows-ix86+x86_64, r-patched-linux-x86_64, r-patched-solaris-sparc, r-patched-solaris-x86, r-release-linux-x86_64, r-release-osx-x86_64-mavericks, r-release-windows-ix86+x86_64