CRAN Package Check Results for Package AntWeb

Last updated on 2017-12-17 04:46:49 CET.

Flavor Version Tinstall Tcheck Ttotal Status Flags
r-devel-linux-x86_64-debian-clang 0.7 0.95 22.95 23.90 NOTE
r-devel-linux-x86_64-debian-gcc 0.7 1.03 18.85 19.88 NOTE
r-devel-linux-x86_64-fedora-clang 0.7 28.60 NOTE
r-devel-linux-x86_64-fedora-gcc 0.7 25.09 NOTE
r-devel-windows-ix86+x86_64 0.7 3.00 35.00 38.00 NOTE
r-patched-linux-x86_64 0.7 1.14 22.01 23.15 NOTE
r-patched-solaris-x86 0.7 43.50 NOTE
r-release-linux-x86_64 0.7 1.37 22.11 23.48 NOTE
r-release-windows-ix86+x86_64 0.7 4.00 36.00 40.00 NOTE
r-release-osx-x86_64 0.7 NOTE
r-oldrel-windows-ix86+x86_64 0.7 5.00 47.00 52.00 NOTE
r-oldrel-osx-x86_64 0.7 NOTE

Check Details

Version: 0.7
Check: R code for possible problems
Result: NOTE
    aw_map: no visible global function definition for ‘browseURL’
    Undefined global functions or variables:
     browseURL
    Consider adding
     importFrom("utils", "browseURL")
    to your NAMESPACE file.
Flavors: r-devel-linux-x86_64-debian-clang, r-devel-linux-x86_64-debian-gcc, r-devel-linux-x86_64-fedora-clang, r-devel-linux-x86_64-fedora-gcc, r-devel-windows-ix86+x86_64, r-patched-linux-x86_64, r-patched-solaris-x86, r-release-linux-x86_64, r-release-windows-ix86+x86_64, r-release-osx-x86_64, r-oldrel-windows-ix86+x86_64, r-oldrel-osx-x86_64