CRAN Package Check Results for Package AntWeb

Last updated on 2020-01-26 03:48:10 CET.

Flavor Version Tinstall Tcheck Ttotal Status Flags
r-devel-linux-x86_64-debian-clang 0.7 2.58 26.75 29.33 NOTE
r-devel-linux-x86_64-debian-gcc 0.7 2.69 21.07 23.76 NOTE
r-devel-linux-x86_64-fedora-clang 0.7 35.92 NOTE
r-devel-linux-x86_64-fedora-gcc 0.7 35.23 NOTE
r-devel-windows-ix86+x86_64 0.7 11.00 58.00 69.00 NOTE
r-devel-windows-ix86+x86_64-gcc8 0.7 11.00 43.00 54.00 NOTE
r-patched-linux-x86_64 0.7 2.46 24.29 26.75 NOTE
r-patched-solaris-x86 0.7 53.20 NOTE
r-release-linux-x86_64 0.7 2.56 24.17 26.73 NOTE
r-release-windows-ix86+x86_64 0.7 6.00 38.00 44.00 NOTE
r-release-osx-x86_64 0.7 NOTE
r-oldrel-windows-ix86+x86_64 0.7 3.00 37.00 40.00 NOTE
r-oldrel-osx-x86_64 0.7 NOTE

Check Details

Version: 0.7
Check: R code for possible problems
Result: NOTE
    aw_map: no visible global function definition for 'browseURL'
    Undefined global functions or variables:
     browseURL
    Consider adding
     importFrom("utils", "browseURL")
    to your NAMESPACE file.
Flavors: r-devel-linux-x86_64-debian-clang, r-devel-linux-x86_64-debian-gcc, r-devel-linux-x86_64-fedora-clang, r-devel-linux-x86_64-fedora-gcc, r-devel-windows-ix86+x86_64, r-devel-windows-ix86+x86_64-gcc8, r-patched-linux-x86_64, r-patched-solaris-x86, r-release-linux-x86_64, r-release-windows-ix86+x86_64, r-release-osx-x86_64, r-oldrel-windows-ix86+x86_64, r-oldrel-osx-x86_64