CRAN Package Check Results for Package AntWeb

Last updated on 2017-10-17 00:51:32.

Flavor Version Tinstall Tcheck Ttotal Status Flags
r-devel-linux-x86_64-debian-clang 0.7 0.99 15.85 16.84 NOTE
r-devel-linux-x86_64-debian-gcc 0.7 1.22 17.95 19.17 NOTE
r-devel-linux-x86_64-fedora-clang 0.7 29.32 NOTE
r-devel-linux-x86_64-fedora-gcc 0.7 28.10 NOTE
r-devel-windows-ix86+x86_64 0.7 4.00 36.00 40.00 NOTE
r-patched-linux-x86_64 0.7 1.01 15.54 16.55 NOTE
r-patched-solaris-x86 0.7 44.10 NOTE
r-release-linux-x86_64 0.7 1.01 15.61 16.62 NOTE
r-release-windows-ix86+x86_64 0.7 4.00 34.00 38.00 NOTE
r-release-osx-x86_64 0.7 NOTE
r-oldrel-windows-ix86+x86_64 0.7 4.00 45.00 49.00 NOTE
r-oldrel-osx-x86_64 0.7 NOTE

Check Details

Version: 0.7
Check: R code for possible problems
Result: NOTE
    aw_map: no visible global function definition for ‘browseURL’
    Undefined global functions or variables:
     browseURL
    Consider adding
     importFrom("utils", "browseURL")
    to your NAMESPACE file.
Flavors: r-devel-linux-x86_64-debian-clang, r-devel-linux-x86_64-debian-gcc, r-devel-linux-x86_64-fedora-clang, r-devel-linux-x86_64-fedora-gcc, r-devel-windows-ix86+x86_64, r-patched-linux-x86_64, r-patched-solaris-x86, r-release-linux-x86_64, r-release-windows-ix86+x86_64, r-release-osx-x86_64, r-oldrel-windows-ix86+x86_64, r-oldrel-osx-x86_64