CRAN Package Check Results for Package AntWeb

Last updated on 2016-12-07 10:48:11.

Flavor Version Tinstall Tcheck Ttotal Status Flags
r-devel-linux-x86_64-debian-clang 0.7 0.97 15.16 16.13 NOTE
r-devel-linux-x86_64-debian-gcc 0.7 1.05 14.99 16.04 NOTE
r-devel-linux-x86_64-fedora-clang 0.7 31.27 NOTE --no-stop-on-test-error
r-devel-linux-x86_64-fedora-gcc 0.7 31.14 NOTE --no-stop-on-test-error
r-devel-macos-x86_64-clang 0.7 25.81 NOTE --no-stop-on-test-error
r-devel-windows-ix86+x86_64 0.7 7.00 34.00 41.00 NOTE
r-patched-linux-x86_64 0.7 0.98 13.25 14.23 NOTE
r-patched-solaris-sparc 0.7 165.60 NOTE
r-patched-solaris-x86 0.7 38.10 NOTE
r-release-linux-x86_64 0.7 0.90 13.31 14.20 NOTE
r-release-osx-x86_64-mavericks 0.7 NOTE
r-release-windows-ix86+x86_64 0.7 3.00 31.00 34.00 NOTE
r-oldrel-windows-ix86+x86_64 0.7 7.00 30.00 37.00 OK

Check Details

Version: 0.7
Check: R code for possible problems
Result: NOTE
    aw_map: no visible global function definition for ‘browseURL’
    Undefined global functions or variables:
     browseURL
    Consider adding
     importFrom("utils", "browseURL")
    to your NAMESPACE file.
Flavors: r-devel-linux-x86_64-debian-clang, r-devel-linux-x86_64-debian-gcc, r-devel-windows-ix86+x86_64, r-patched-linux-x86_64, r-patched-solaris-sparc, r-patched-solaris-x86, r-release-linux-x86_64, r-release-osx-x86_64-mavericks, r-release-windows-ix86+x86_64

Version: 0.7
Flags: --no-stop-on-test-error
Check: R code for possible problems
Result: NOTE
    aw_map: no visible global function definition for ‘browseURL’
    Undefined global functions or variables:
     browseURL
    Consider adding
     importFrom("utils", "browseURL")
    to your NAMESPACE file.
Flavors: r-devel-linux-x86_64-fedora-clang, r-devel-linux-x86_64-fedora-gcc, r-devel-macos-x86_64-clang