CRAN Package Check Results for Package AntWeb

Last updated on 2018-05-22 05:49:07 CEST.

Flavor Version Tinstall Tcheck Ttotal Status Flags
r-devel-linux-x86_64-debian-clang 0.7 1.89 22.38 24.27 NOTE
r-devel-linux-x86_64-debian-gcc 0.7 1.07 20.03 21.10 NOTE
r-devel-linux-x86_64-fedora-clang 0.7 34.51 NOTE
r-devel-linux-x86_64-fedora-gcc 0.7 32.95 NOTE
r-devel-windows-ix86+x86_64 0.7 5.00 37.00 42.00 NOTE
r-patched-linux-x86_64 0.7 1.90 23.11 25.01 NOTE
r-patched-solaris-x86 0.7 49.30 NOTE
r-release-linux-x86_64 0.7 1.36 23.07 24.43 NOTE
r-release-windows-ix86+x86_64 0.7 6.00 36.00 42.00 NOTE
r-release-osx-x86_64 0.7 NOTE
r-oldrel-windows-ix86+x86_64 0.7 6.00 46.00 52.00 NOTE
r-oldrel-osx-x86_64 0.7 NOTE

Check Details

Version: 0.7
Check: R code for possible problems
Result: NOTE
    aw_map: no visible global function definition for ‘browseURL’
    Undefined global functions or variables:
     browseURL
    Consider adding
     importFrom("utils", "browseURL")
    to your NAMESPACE file.
Flavors: r-devel-linux-x86_64-debian-clang, r-devel-linux-x86_64-debian-gcc, r-devel-linux-x86_64-fedora-clang, r-devel-linux-x86_64-fedora-gcc, r-devel-windows-ix86+x86_64, r-patched-linux-x86_64, r-patched-solaris-x86, r-release-linux-x86_64, r-release-windows-ix86+x86_64, r-release-osx-x86_64, r-oldrel-windows-ix86+x86_64, r-oldrel-osx-x86_64