CRAN Package Check Results for Package AntWeb

Last updated on 2016-02-12 18:49:32.

Flavor Version Tinstall Tcheck Ttotal Status Flags
r-devel-linux-x86_64-debian-gcc 0.7 0.94 12.72 13.66 NOTE
r-devel-linux-x86_64-fedora-clang 0.7 23.85 NOTE
r-devel-linux-x86_64-fedora-gcc 0.7 22.90 NOTE
r-devel-osx-x86_64-clang 0.7 29.34 NOTE
r-devel-windows-ix86+x86_64 0.7 4.00 36.00 40.00 NOTE
r-patched-linux-x86_64 0.7 0.96 13.52 14.47 OK
r-patched-solaris-sparc 0.7 170.70 OK
r-patched-solaris-x86 0.7 36.70 OK
r-release-linux-x86_64 0.7 1.03 13.60 14.63 OK
r-release-osx-x86_64-mavericks 0.7 OK
r-release-windows-ix86+x86_64 0.7 5.00 37.00 42.00 OK
r-oldrel-windows-ix86+x86_64 0.7 8.00 34.00 42.00 OK

Check Details

Version: 0.7
Check: R code for possible problems
Result: NOTE
    aw_map: no visible global function definition for ‘browseURL’
    Undefined global functions or variables:
     browseURL
    Consider adding
     importFrom("utils", "browseURL")
    to your NAMESPACE file.
Flavors: r-devel-linux-x86_64-debian-gcc, r-devel-linux-x86_64-fedora-clang, r-devel-linux-x86_64-fedora-gcc, r-devel-osx-x86_64-clang, r-devel-windows-ix86+x86_64