CRAN Package Check Results for Package AntWeb

Last updated on 2017-08-18 04:46:32.

Flavor Version Tinstall Tcheck Ttotal Status Flags
r-devel-linux-x86_64-debian-clang 0.7 1.09 15.15 16.25 NOTE
r-devel-linux-x86_64-debian-gcc 0.7 1.00 14.96 15.95 NOTE
r-devel-linux-x86_64-fedora-clang 0.7 36.10 NOTE
r-devel-linux-x86_64-fedora-gcc 0.7 30.02 NOTE
r-devel-windows-ix86+x86_64 0.7 3.00 36.00 39.00 NOTE
r-patched-linux-x86_64 0.7 0.98 15.47 16.45 NOTE
r-patched-solaris-x86 0.7 43.50 NOTE
r-release-linux-x86_64 0.7 0.94 15.39 16.32 NOTE
r-release-windows-ix86+x86_64 0.7 3.00 36.00 39.00 NOTE
r-release-osx-x86_64 0.7 NOTE
r-oldrel-windows-ix86+x86_64 0.7 3.00 31.00 34.00 NOTE
r-oldrel-osx-x86_64 0.7 NOTE

Check Details

Version: 0.7
Check: R code for possible problems
Result: NOTE
    aw_map: no visible global function definition for ‘browseURL’
    Undefined global functions or variables:
     browseURL
    Consider adding
     importFrom("utils", "browseURL")
    to your NAMESPACE file.
Flavors: r-devel-linux-x86_64-debian-clang, r-devel-linux-x86_64-debian-gcc, r-devel-linux-x86_64-fedora-clang, r-devel-linux-x86_64-fedora-gcc, r-devel-windows-ix86+x86_64, r-patched-linux-x86_64, r-patched-solaris-x86, r-release-linux-x86_64, r-release-windows-ix86+x86_64, r-release-osx-x86_64, r-oldrel-windows-ix86+x86_64, r-oldrel-osx-x86_64