CRAN Package Check Results for Package AntWeb

Last updated on 2015-08-03 03:47:32.

Flavor Version Tinstall Tcheck Ttotal Status Flags
r-devel-linux-x86_64-debian-clang 0.7 0.95 14.19 15.14 NOTE
r-devel-linux-x86_64-debian-gcc 0.7 1.15 13.40 14.55 NOTE
r-devel-linux-x86_64-fedora-clang 0.7 28.34 NOTE
r-devel-linux-x86_64-fedora-gcc 0.7 26.76 NOTE
r-devel-osx-x86_64-clang 0.7 26.77 OK
r-devel-windows-ix86+x86_64 0.7 4.00 25.00 29.00 NOTE
r-patched-linux-x86_64 0.7 1.01 14.63 15.64 OK
r-patched-solaris-sparc 0.7 188.70 OK
r-patched-solaris-x86 0.7 43.80 OK
r-release-linux-x86_64 0.7 0.94 14.28 15.21 OK
r-release-osx-x86_64-mavericks 0.7 OK
r-release-windows-ix86+x86_64 0.7 5.00 26.00 31.00 OK
r-oldrel-windows-ix86+x86_64 0.7 9.00 40.00 49.00 OK

Check Details

Version: 0.7
Check: R code for possible problems
Result: NOTE
    aw_map: no visible global function definition for ‘browseURL’
    Undefined global functions or variables:
     browseURL
    Consider adding
     importFrom("utils", "browseURL")
    to your NAMESPACE.
Flavors: r-devel-linux-x86_64-debian-clang, r-devel-linux-x86_64-debian-gcc, r-devel-linux-x86_64-fedora-clang, r-devel-linux-x86_64-fedora-gcc, r-devel-windows-ix86+x86_64