CRAN Package Check Results for Package AntWeb

Last updated on 2017-01-19 08:46:48.

Flavor Version Tinstall Tcheck Ttotal Status Flags
r-devel-linux-x86_64-debian-clang 0.7 1.00 15.17 16.17 NOTE
r-devel-linux-x86_64-debian-gcc 0.7 0.98 14.93 15.91 NOTE
r-devel-linux-x86_64-fedora-clang 0.7 27.92 NOTE --no-stop-on-test-error
r-devel-linux-x86_64-fedora-gcc 0.7 33.70 NOTE --no-stop-on-test-error
r-devel-macos-x86_64-clang 0.7 23.80 NOTE --no-stop-on-test-error
r-devel-windows-ix86+x86_64 0.7 6.00 36.00 42.00 NOTE
r-patched-linux-x86_64 0.7 0.91 13.21 14.11 NOTE
r-patched-solaris-sparc 0.7 160.10 NOTE
r-patched-solaris-x86 0.7 36.30 NOTE
r-release-linux-x86_64 0.7 0.89 13.39 14.28 NOTE
r-release-osx-x86_64-mavericks 0.7 NOTE
r-release-windows-ix86+x86_64 0.7 4.00 47.00 51.00 NOTE
r-oldrel-windows-ix86+x86_64 0.7 3.00 31.00 34.00 OK

Check Details

Version: 0.7
Check: R code for possible problems
Result: NOTE
    aw_map: no visible global function definition for ‘browseURL’
    Undefined global functions or variables:
     browseURL
    Consider adding
     importFrom("utils", "browseURL")
    to your NAMESPACE file.
Flavors: r-devel-linux-x86_64-debian-clang, r-devel-linux-x86_64-debian-gcc, r-devel-windows-ix86+x86_64, r-patched-linux-x86_64, r-patched-solaris-sparc, r-patched-solaris-x86, r-release-linux-x86_64, r-release-osx-x86_64-mavericks, r-release-windows-ix86+x86_64

Version: 0.7
Flags: --no-stop-on-test-error
Check: R code for possible problems
Result: NOTE
    aw_map: no visible global function definition for ‘browseURL’
    Undefined global functions or variables:
     browseURL
    Consider adding
     importFrom("utils", "browseURL")
    to your NAMESPACE file.
Flavors: r-devel-linux-x86_64-fedora-clang, r-devel-linux-x86_64-fedora-gcc, r-devel-macos-x86_64-clang