CRAN Package Check Results for Package AntWeb

Last updated on 2016-09-29 05:48:11.

Flavor Version Tinstall Tcheck Ttotal Status Flags
r-devel-linux-x86_64-debian-clang 0.7 0.92 13.98 14.90 NOTE
r-devel-linux-x86_64-debian-gcc 0.7 1.02 13.37 14.39 NOTE
r-devel-linux-x86_64-fedora-clang 0.7 24.37 NOTE
r-devel-linux-x86_64-fedora-gcc 0.7 22.89 NOTE
r-devel-macos-x86_64-clang 0.7 21.41 NOTE
r-devel-windows-ix86+x86_64 0.7 4.00 43.00 47.00 NOTE
r-patched-linux-x86_64 0.7 0.96 13.55 14.51 NOTE
r-patched-solaris-sparc 0.7 165.60 NOTE
r-patched-solaris-x86 0.7 37.60 NOTE
r-release-linux-x86_64 0.7 1.08 13.78 14.85 NOTE
r-release-osx-x86_64-mavericks 0.7 NOTE
r-release-windows-ix86+x86_64 0.7 5.00 30.00 35.00 NOTE
r-oldrel-windows-ix86+x86_64 0.7 5.00 39.00 44.00 OK

Check Details

Version: 0.7
Check: R code for possible problems
Result: NOTE
    aw_map: no visible global function definition for ‘browseURL’
    Undefined global functions or variables:
     browseURL
    Consider adding
     importFrom("utils", "browseURL")
    to your NAMESPACE file.
Flavors: r-devel-linux-x86_64-debian-clang, r-devel-linux-x86_64-debian-gcc, r-devel-linux-x86_64-fedora-clang, r-devel-linux-x86_64-fedora-gcc, r-devel-macos-x86_64-clang, r-devel-windows-ix86+x86_64, r-patched-linux-x86_64, r-patched-solaris-sparc, r-patched-solaris-x86, r-release-linux-x86_64, r-release-osx-x86_64-mavericks, r-release-windows-ix86+x86_64