CRAN Package Check Results for Package AntWeb

Last updated on 2016-04-30 03:51:04.

Flavor Version Tinstall Tcheck Ttotal Status Flags
r-devel-linux-x86_64-debian-gcc 0.7 0.87 13.22 14.09 NOTE
r-devel-linux-x86_64-fedora-clang 0.7 24.90 NOTE
r-devel-linux-x86_64-fedora-gcc 0.7 23.26 NOTE
r-devel-osx-x86_64-clang 0.7 27.62 NOTE
r-devel-windows-ix86+x86_64 0.7 3.00 32.00 35.00 NOTE
r-patched-linux-x86_64 0.7 0.91 13.22 14.13 NOTE
r-patched-solaris-sparc 0.7 161.70 NOTE
r-patched-solaris-x86 0.7 38.90 NOTE
r-release-linux-x86_64 0.7 0.97 14.40 15.37 OK
r-release-osx-x86_64-mavericks 0.7 OK
r-release-windows-ix86+x86_64 0.7 3.00 28.00 31.00 OK
r-oldrel-windows-ix86+x86_64 0.7 8.00 55.00 63.00 OK

Check Details

Version: 0.7
Check: R code for possible problems
Result: NOTE
    aw_map: no visible global function definition for ‘browseURL’
    Undefined global functions or variables:
     browseURL
    Consider adding
     importFrom("utils", "browseURL")
    to your NAMESPACE file.
Flavors: r-devel-linux-x86_64-debian-gcc, r-devel-linux-x86_64-fedora-clang, r-devel-linux-x86_64-fedora-gcc, r-devel-osx-x86_64-clang, r-devel-windows-ix86+x86_64, r-patched-linux-x86_64, r-patched-solaris-sparc, r-patched-solaris-x86