CRAN Package Check Results for Package AntWeb

Last updated on 2016-05-31 23:48:10.

Flavor Version Tinstall Tcheck Ttotal Status Flags
r-devel-linux-x86_64-debian-gcc 0.7 1.19 13.96 15.15 NOTE
r-devel-linux-x86_64-fedora-clang 0.7 24.28 NOTE
r-devel-linux-x86_64-fedora-gcc 0.7 28.55 NOTE
r-devel-osx-x86_64-clang 0.7 28.67 NOTE
r-devel-windows-ix86+x86_64 0.7 2.00 31.00 33.00 NOTE
r-patched-linux-x86_64 0.7 1.08 14.32 15.41 NOTE
r-patched-solaris-sparc 0.7 161.20 NOTE
r-patched-solaris-x86 0.7 39.90 NOTE
r-release-linux-x86_64 0.7 0.87 13.19 14.06 NOTE
r-release-osx-x86_64-mavericks 0.7 NOTE
r-release-windows-ix86+x86_64 0.7 6.00 47.00 53.00 NOTE
r-oldrel-windows-ix86+x86_64 0.7 3.00 31.00 34.00 OK

Check Details

Version: 0.7
Check: R code for possible problems
Result: NOTE
    aw_map: no visible global function definition for ‘browseURL’
    Undefined global functions or variables:
     browseURL
    Consider adding
     importFrom("utils", "browseURL")
    to your NAMESPACE file.
Flavors: r-devel-linux-x86_64-debian-gcc, r-devel-linux-x86_64-fedora-clang, r-devel-linux-x86_64-fedora-gcc, r-devel-osx-x86_64-clang, r-devel-windows-ix86+x86_64, r-patched-linux-x86_64, r-patched-solaris-sparc, r-patched-solaris-x86, r-release-linux-x86_64, r-release-osx-x86_64-mavericks, r-release-windows-ix86+x86_64