CRAN Package Check Results for Package AntWeb

Last updated on 2017-06-22 19:46:45.

Flavor Version Tinstall Tcheck Ttotal Status Flags
r-devel-linux-x86_64-debian-clang 0.7 1.11 15.48 16.59 NOTE
r-devel-linux-x86_64-debian-gcc 0.7 1.06 16.14 17.20 NOTE
r-devel-linux-x86_64-fedora-clang 0.7 34.38 NOTE
r-devel-linux-x86_64-fedora-gcc 0.7 28.29 NOTE
r-devel-windows-ix86+x86_64 0.7 5.00 35.00 40.00 NOTE
r-patched-linux-x86_64 0.7 0.98 15.64 16.62 NOTE
r-patched-solaris-sparc 0.7 173.80 NOTE
r-patched-solaris-x86 0.7 43.10 NOTE
r-release-linux-x86_64 0.7 0.92 15.43 16.35 NOTE
r-release-windows-ix86+x86_64 0.7 5.00 38.00 43.00 NOTE
r-release-osx-x86_64 0.7 NOTE
r-oldrel-windows-ix86+x86_64 0.7 4.00 32.00 36.00 NOTE
r-oldrel-osx-x86_64 0.7 NOTE

Check Details

Version: 0.7
Check: R code for possible problems
Result: NOTE
    aw_map: no visible global function definition for ‘browseURL’
    Undefined global functions or variables:
     browseURL
    Consider adding
     importFrom("utils", "browseURL")
    to your NAMESPACE file.
Flavors: r-devel-linux-x86_64-debian-clang, r-devel-linux-x86_64-debian-gcc, r-devel-linux-x86_64-fedora-clang, r-devel-linux-x86_64-fedora-gcc, r-devel-windows-ix86+x86_64, r-patched-linux-x86_64, r-patched-solaris-sparc, r-patched-solaris-x86, r-release-linux-x86_64, r-release-windows-ix86+x86_64, r-release-osx-x86_64, r-oldrel-windows-ix86+x86_64, r-oldrel-osx-x86_64