CRAN Package Check Results for Package AntWeb

Last updated on 2016-08-28 06:49:20.

Flavor Version Tinstall Tcheck Ttotal Status Flags
r-devel-linux-x86_64-debian-clang 0.7 1.02 13.58 14.60 NOTE
r-devel-linux-x86_64-debian-gcc 0.7 0.91 13.41 14.32 NOTE
r-devel-linux-x86_64-fedora-clang 0.7 25.04 NOTE
r-devel-linux-x86_64-fedora-gcc 0.7 30.89 NOTE
r-devel-osx-x86_64-clang 0.7 21.63 NOTE
r-devel-windows-ix86+x86_64 0.7 4.00 35.00 39.00 NOTE
r-patched-linux-x86_64 0.7 0.86 13.13 13.99 NOTE
r-patched-solaris-sparc 0.7 165.60 NOTE
r-patched-solaris-x86 0.7 38.80 NOTE
r-release-linux-x86_64 0.7 0.89 13.67 14.56 NOTE
r-release-osx-x86_64-mavericks 0.7 NOTE
r-release-windows-ix86+x86_64 0.7 4.00 34.00 38.00 NOTE
r-oldrel-windows-ix86+x86_64 0.7 3.00 30.00 33.00 OK

Check Details

Version: 0.7
Check: R code for possible problems
Result: NOTE
    aw_map: no visible global function definition for ‘browseURL’
    Undefined global functions or variables:
     browseURL
    Consider adding
     importFrom("utils", "browseURL")
    to your NAMESPACE file.
Flavors: r-devel-linux-x86_64-debian-clang, r-devel-linux-x86_64-debian-gcc, r-devel-linux-x86_64-fedora-clang, r-devel-linux-x86_64-fedora-gcc, r-devel-osx-x86_64-clang, r-devel-windows-ix86+x86_64, r-patched-linux-x86_64, r-patched-solaris-sparc, r-patched-solaris-x86, r-release-linux-x86_64, r-release-osx-x86_64-mavericks, r-release-windows-ix86+x86_64