CRAN Package Check Results for Package AnthropMMD

Last updated on 2014-09-23 19:47:58.

Flavor Version Tinstall Tcheck Ttotal Status Flags
r-devel-linux-x86_64-debian-clang 0.9.9 0.72 12.41 13.13 NOTE
r-devel-linux-x86_64-debian-gcc 0.9.9 0.74 12.53 13.26 NOTE
r-devel-linux-x86_64-fedora-clang 0.9.9 25.88 NOTE
r-devel-linux-x86_64-fedora-gcc 0.9.9 23.43 NOTE
r-devel-osx-x86_64-clang 0.9.9 35.19 NOTE
r-devel-windows-ix86+x86_64 0.9.9 7.00 22.00 29.00 NOTE
r-patched-linux-x86_64 0.9.9 0.74 12.49 13.23 NOTE
r-patched-solaris-sparc 0.9.9 176.00 NOTE
r-patched-solaris-x86 0.9.9 40.50 NOTE
r-release-linux-ix86 0.9.9 1.39 20.21 21.60 OK
r-release-linux-x86_64 0.9.9 0.79 12.68 13.47 OK
r-release-osx-x86_64-mavericks 0.9.9 OK
r-release-osx-x86_64-snowleopard 0.9.9 OK
r-release-windows-ix86+x86_64 0.9.9 9.00 23.00 32.00 OK
r-oldrel-windows-ix86+x86_64 0.9.9 9.00 44.00 53.00 OK

Check Details

Version: 0.9.9
Check: dependencies in R code
Result: NOTE
    Package in Depends field not imported from: ‘tcltk’
     These packages need to be imported from (in the NAMESPACE file)
     for when this namespace is loaded but not attached.
    See the information on DESCRIPTION files in the chapter ‘Creating R
    packages’ of the ‘Writing R Extensions’ manual.
Flavors: r-devel-linux-x86_64-debian-clang, r-devel-linux-x86_64-debian-gcc, r-devel-linux-x86_64-fedora-clang, r-devel-linux-x86_64-fedora-gcc, r-devel-osx-x86_64-clang, r-devel-windows-ix86+x86_64, r-patched-linux-x86_64, r-patched-solaris-sparc, r-patched-solaris-x86

Version: 0.9.9
Check: R code for possible problems
Result: NOTE
    AnaSettings: no visible global function definition for ‘tktoplevel’
    AnaSettings: no visible global function definition for
     ‘tkpack.propagate’
    AnaSettings: no visible global function definition for ‘tktitle<-’
    AnaSettings: no visible global function definition for ‘tkfont.create’
    AnaSettings: no visible global function definition for ‘tkframe’
    AnaSettings: no visible global function definition for ‘tkpack’
    AnaSettings: no visible global function definition for ‘tklabel’
    AnaSettings: no visible global function definition for ‘tkscrollbar’
    AnaSettings : <anonymous>: no visible global function definition for
     ‘tkyview’
    AnaSettings: no visible global function definition for ‘tklistbox’
    AnaSettings : <anonymous>: no visible global function definition for
     ‘tkset’
    AnaSettings: no visible global function definition for ‘tkinsert’
    AnaSettings: no visible global function definition for
     ‘tkselection.set’
    AnaSettings: no visible global function definition for ‘tkcheckbutton’
    AnaSettings: no visible global function definition for ‘tclVar’
    AnaSettings: no visible global function definition for ‘tkconfigure’
    AnaSettings: no visible global function definition for ‘tkentry’
    AnaSettings: no visible global function definition for ‘tkradiobutton’
    AnaSettings : OnOK: no visible global function definition for
     ‘tkcurselection’
    AnaSettings : OnOK: no visible global function definition for
     ‘tkdestroy’
    AnaSettings: no visible global function definition for ‘tkbutton’
    AnaSettings: no visible global function definition for ‘tkfocus’
    AnaSettings: no visible global function definition for ‘tkwait.window’
    AnaSettings: no visible global function definition for ‘tclvalue’
    Gabarit_MMD: no visible global function definition for ‘tclvalue’
    Gabarit_MMD: no visible global function definition for ‘tkgetOpenFile’
    Gabarit_MMD: no visible global function definition for ‘tkmessageBox’
    StartMMD: no visible global function definition for ‘tktoplevel’
    StartMMD: no visible global function definition for ‘tkwm.geometry’
    StartMMD: no visible global function definition for ‘tkwm.minsize’
    StartMMD: no visible global function definition for ‘tktitle<-’
    StartMMD: no visible global function definition for ‘tkfont.create’
    StartMMD: no visible global function definition for ‘tkframe’
    StartMMD: no visible global function definition for ‘tkradiobutton’
    StartMMD: no visible global function definition for ‘tclVar’
    StartMMD: no visible global function definition for ‘tkconfigure’
    StartMMD: no visible global function definition for ‘tkcheckbutton’
    StartMMD: no visible global function definition for ‘tkentry’
    StartMMD: no visible global function definition for ‘tkgrid’
    StartMMD: no visible global function definition for ‘tklabel’
    StartMMD : OnOK: no visible global function definition for ‘tclvalue’
    StartMMD : OnOK: no visible global function definition for ‘tkdestroy’
    StartMMD: no visible global function definition for ‘tkbutton’
    StartMMD: no visible global function definition for ‘tkfocus’
    StartMMD: no visible global function definition for ‘tkwait.window’
Flavors: r-devel-linux-x86_64-debian-clang, r-devel-linux-x86_64-debian-gcc, r-devel-linux-x86_64-fedora-clang, r-devel-linux-x86_64-fedora-gcc, r-devel-osx-x86_64-clang, r-devel-windows-ix86+x86_64