CRAN Package Check Results for Package AnthropMMD

Last updated on 2015-02-27 05:47:55.

Flavor Version Tinstall Tcheck Ttotal Status Flags
r-devel-linux-x86_64-debian-clang 0.9.9 0.81 12.14 12.95 NOTE
r-devel-linux-x86_64-debian-gcc 0.9.9 0.84 11.59 12.44 NOTE
r-devel-linux-x86_64-fedora-clang 0.9.9 25.39 NOTE
r-devel-linux-x86_64-fedora-gcc 0.9.9 21.05 NOTE
r-devel-osx-x86_64-clang 0.9.9 30.99 NOTE
r-devel-windows-ix86+x86_64 0.9.9 9.00 21.00 30.00 NOTE
r-patched-linux-x86_64 0.9.9 0.86 13.10 13.96 NOTE
r-patched-solaris-sparc 0.9.9 184.70 NOTE
r-patched-solaris-x86 0.9.9 40.10 NOTE
r-release-linux-ix86 0.9.9 1.32 19.82 21.14 NOTE
r-release-linux-x86_64 0.9.9 0.94 12.96 13.90 NOTE
r-release-osx-x86_64-mavericks 0.9.9 NOTE
r-release-osx-x86_64-snowleopard 0.9.9 OK
r-release-windows-ix86+x86_64 0.9.9 10.00 36.00 46.00 NOTE
r-oldrel-windows-ix86+x86_64 0.9.9 11.00 36.00 47.00 OK

Check Details

Version: 0.9.9
Check: dependencies in R code
Result: NOTE
    Package in Depends field not imported from: ‘tcltk’
     These packages need to be imported from (in the NAMESPACE file)
     for when this namespace is loaded but not attached.
Flavors: r-devel-linux-x86_64-debian-clang, r-devel-linux-x86_64-debian-gcc, r-devel-linux-x86_64-fedora-clang, r-devel-linux-x86_64-fedora-gcc, r-devel-osx-x86_64-clang, r-devel-windows-ix86+x86_64, r-patched-linux-x86_64, r-patched-solaris-x86

Version: 0.9.9
Check: R code for possible problems
Result: NOTE
    AnaSettings: no visible global function definition for ‘tktoplevel’
    AnaSettings: no visible global function definition for
     ‘tkpack.propagate’
    AnaSettings: no visible global function definition for ‘tktitle<-’
    AnaSettings: no visible global function definition for ‘tkfont.create’
    AnaSettings: no visible global function definition for ‘tkframe’
    AnaSettings: no visible global function definition for ‘tkpack’
    AnaSettings: no visible global function definition for ‘tklabel’
    AnaSettings: no visible global function definition for ‘tkscrollbar’
    AnaSettings : <anonymous>: no visible global function definition for
     ‘tkyview’
    AnaSettings: no visible global function definition for ‘tklistbox’
    AnaSettings : <anonymous>: no visible global function definition for
     ‘tkset’
    AnaSettings: no visible global function definition for ‘tkinsert’
    AnaSettings: no visible global function definition for
     ‘tkselection.set’
    AnaSettings: no visible global function definition for ‘tkcheckbutton’
    AnaSettings: no visible global function definition for ‘tclVar’
    AnaSettings: no visible global function definition for ‘tkconfigure’
    AnaSettings: no visible global function definition for ‘tkentry’
    AnaSettings: no visible global function definition for ‘tkradiobutton’
    AnaSettings : OnOK: no visible global function definition for
     ‘tkcurselection’
    AnaSettings : OnOK: no visible global function definition for
     ‘tkdestroy’
    AnaSettings: no visible global function definition for ‘tkbutton’
    AnaSettings: no visible global function definition for ‘tkfocus’
    AnaSettings: no visible global function definition for ‘tkwait.window’
    AnaSettings: no visible global function definition for ‘tclvalue’
    Gabarit_MMD: no visible global function definition for ‘tclvalue’
    Gabarit_MMD: no visible global function definition for ‘tkgetOpenFile’
    Gabarit_MMD: no visible global function definition for ‘tkmessageBox’
    StartMMD: no visible global function definition for ‘tktoplevel’
    StartMMD: no visible global function definition for ‘tkwm.geometry’
    StartMMD: no visible global function definition for ‘tkwm.minsize’
    StartMMD: no visible global function definition for ‘tktitle<-’
    StartMMD: no visible global function definition for ‘tkfont.create’
    StartMMD: no visible global function definition for ‘tkframe’
    StartMMD: no visible global function definition for ‘tkradiobutton’
    StartMMD: no visible global function definition for ‘tclVar’
    StartMMD: no visible global function definition for ‘tkconfigure’
    StartMMD: no visible global function definition for ‘tkcheckbutton’
    StartMMD: no visible global function definition for ‘tkentry’
    StartMMD: no visible global function definition for ‘tkgrid’
    StartMMD: no visible global function definition for ‘tklabel’
    StartMMD : OnOK: no visible global function definition for ‘tclvalue’
    StartMMD : OnOK: no visible global function definition for ‘tkdestroy’
    StartMMD: no visible global function definition for ‘tkbutton’
    StartMMD: no visible global function definition for ‘tkfocus’
    StartMMD: no visible global function definition for ‘tkwait.window’
Flavors: r-devel-linux-x86_64-debian-clang, r-devel-linux-x86_64-debian-gcc, r-devel-linux-x86_64-fedora-clang, r-devel-linux-x86_64-fedora-gcc, r-devel-osx-x86_64-clang, r-devel-windows-ix86+x86_64, r-patched-linux-x86_64, r-patched-solaris-sparc, r-patched-solaris-x86, r-release-linux-ix86, r-release-linux-x86_64, r-release-osx-x86_64-mavericks, r-release-windows-ix86+x86_64

Version: 0.9.9
Check: dependencies in R code
Result: NOTE
    Package in Depends field not imported from: ‘tcltk’
     These packages need to be imported from (in the NAMESPACE file)
     for when this namespace is loaded but not attached.
    See the information on DESCRIPTION files in the chapter ‘Creating R
    packages’ of the ‘Writing R Extensions’ manual.
Flavors: r-patched-solaris-sparc, r-release-linux-ix86, r-release-linux-x86_64, r-release-osx-x86_64-mavericks, r-release-windows-ix86+x86_64