CRAN Package Check Results for Package AnthropMMD

Last updated on 2017-09-19 23:47:38.

Flavor Version Tinstall Tcheck Ttotal Status Flags
r-devel-linux-x86_64-debian-clang 2.2.1 0.92 14.09 15.01 OK
r-devel-linux-x86_64-debian-gcc 2.2.1 0.88 14.37 15.26 OK
r-devel-linux-x86_64-fedora-clang 2.2.1 27.43 OK
r-devel-linux-x86_64-fedora-gcc 2.2.1 26.36 OK
r-devel-windows-ix86+x86_64 2.2.1 3.00 57.00 60.00 OK
r-patched-linux-x86_64 2.2.1 0.89 14.38 15.27 OK
r-patched-solaris-x86 2.2.1 39.50 OK
r-release-linux-x86_64 2.2.1 0.87 14.51 15.39 OK
r-release-windows-ix86+x86_64 2.2.1 4.00 36.00 40.00 OK
r-release-osx-x86_64 2.2.1 OK
r-oldrel-windows-ix86+x86_64 1.0.1 8.00 31.00 39.00 OK
r-oldrel-osx-x86_64 2.2.1 ERROR

Check Details

Version: 2.2.1
Check: whether package can be installed
Result: ERROR
    Installation failed.
Flavor: r-oldrel-osx-x86_64