CRAN Package Check Results for Package AnthropMMD

Last updated on 2017-11-25 09:49:11 CET.

Flavor Version Tinstall Tcheck Ttotal Status Flags
r-devel-linux-x86_64-debian-clang 2.2.2 1.13 35.77 36.91 OK
r-devel-linux-x86_64-debian-gcc 2.2.2 1.06 34.33 35.38 OK
r-devel-linux-x86_64-fedora-clang 2.2.2 24.35 OK
r-devel-linux-x86_64-fedora-gcc 2.2.2 23.30 OK
r-devel-windows-ix86+x86_64 2.2.2 4.00 36.00 40.00 OK
r-patched-linux-x86_64 2.2.2 1.45 37.15 38.59 OK
r-patched-solaris-x86 2.2.2 42.10 OK
r-release-linux-x86_64 2.2.2 1.42 36.73 38.15 OK
r-release-windows-ix86+x86_64 2.2.2 5.00 52.00 57.00 OK
r-release-osx-x86_64 2.2.2 OK
r-oldrel-windows-ix86+x86_64 1.0.1 8.00 31.00 39.00 OK
r-oldrel-osx-x86_64 2.2.2 ERROR

Check Details

Version: 2.2.2
Check: whether package can be installed
Result: ERROR
    Installation failed.
Flavor: r-oldrel-osx-x86_64