CRAN Package Check Results for Package AnthropMMD

Last updated on 2018-02-23 22:47:45 CET.

Flavor Version Tinstall Tcheck Ttotal Status Flags
r-devel-linux-x86_64-debian-clang 2.3.3 1.10 23.27 24.37 OK
r-devel-linux-x86_64-debian-gcc 2.3.3 1.04 19.01 20.05 OK
r-devel-linux-x86_64-fedora-clang 2.3.3 30.87 OK
r-devel-linux-x86_64-fedora-gcc 2.3.3 31.90 OK
r-devel-windows-ix86+x86_64 2.3.3 7.00 51.00 58.00 OK
r-patched-linux-x86_64 2.3.3 1.39 22.09 23.48 OK
r-patched-solaris-x86 2.3.3 43.80 OK
r-release-linux-x86_64 2.3.3 1.54 21.97 23.51 OK
r-release-windows-ix86+x86_64 2.3.3 6.00 50.00 56.00 OK
r-release-osx-x86_64 2.3.3 OK
r-oldrel-windows-ix86+x86_64 1.0.1 8.00 31.00 39.00 OK
r-oldrel-osx-x86_64 2.3.3 ERROR

Check Details

Version: 2.3.3
Check: whether package can be installed
Result: ERROR
    Installation failed.
Flavor: r-oldrel-osx-x86_64