CRAN Package Check Results for Package AnthropMMD

Last updated on 2015-08-29 20:47:51.

Flavor Version Tinstall Tcheck Ttotal Status Flags
r-devel-linux-x86_64-debian-clang 0.9.9 0.76 11.59 12.36 NOTE
r-devel-linux-x86_64-debian-gcc 0.9.9 0.76 11.28 12.05 NOTE
r-devel-linux-x86_64-fedora-clang 0.9.9 22.52 NOTE
r-devel-linux-x86_64-fedora-gcc 0.9.9 21.53 NOTE
r-devel-osx-x86_64-clang 0.9.9 26.41 NOTE
r-devel-windows-ix86+x86_64 0.9.9 11.00 26.00 37.00 NOTE
r-patched-linux-x86_64 0.9.9 0.75 12.01 12.76 NOTE
r-patched-solaris-sparc 0.9.9 154.70 NOTE
r-patched-solaris-x86 0.9.9 37.30 NOTE
r-release-linux-x86_64 0.9.9 0.80 11.90 12.70 NOTE
r-release-osx-x86_64-mavericks 0.9.9 NOTE
r-release-windows-ix86+x86_64 0.9.9 9.00 35.00 44.00 NOTE
r-oldrel-windows-ix86+x86_64 0.9.9 12.00 46.00 58.00 NOTE

Check Details

Version: 0.9.9
Check: dependencies in R code
Result: NOTE
    Package in Depends field not imported from: ‘tcltk’
     These packages need to be imported from (in the NAMESPACE file)
     for when this namespace is loaded but not attached.
Flavors: r-devel-linux-x86_64-debian-clang, r-devel-linux-x86_64-debian-gcc, r-devel-linux-x86_64-fedora-clang, r-devel-linux-x86_64-fedora-gcc, r-devel-osx-x86_64-clang, r-devel-windows-ix86+x86_64, r-patched-linux-x86_64, r-patched-solaris-sparc, r-patched-solaris-x86, r-release-linux-x86_64, r-release-osx-x86_64-mavericks, r-release-windows-ix86+x86_64, r-oldrel-windows-ix86+x86_64

Version: 0.9.9
Check: R code for possible problems
Result: NOTE
    AnaSettings: no visible global function definition for ‘tktoplevel’
    AnaSettings: no visible global function definition for
     ‘tkpack.propagate’
    AnaSettings: no visible global function definition for ‘tktitle<-’
    AnaSettings: no visible global function definition for ‘tkfont.create’
    AnaSettings: no visible global function definition for ‘tkframe’
    AnaSettings: no visible global function definition for ‘tkpack’
    AnaSettings: no visible global function definition for ‘tklabel’
    AnaSettings: no visible global function definition for ‘tkscrollbar’
    AnaSettings : <anonymous>: no visible global function definition for
     ‘tkyview’
    AnaSettings: no visible global function definition for ‘tklistbox’
    AnaSettings : <anonymous>: no visible global function definition for
     ‘tkset’
    AnaSettings: no visible global function definition for ‘tkinsert’
    AnaSettings: no visible global function definition for
     ‘tkselection.set’
    AnaSettings: no visible global function definition for ‘tkcheckbutton’
    AnaSettings: no visible global function definition for ‘tclVar’
    AnaSettings: no visible global function definition for ‘tkconfigure’
    AnaSettings: no visible global function definition for ‘tkentry’
    AnaSettings: no visible global function definition for ‘tkradiobutton’
    AnaSettings : OnOK: no visible global function definition for
     ‘tkcurselection’
    AnaSettings : OnOK: no visible global function definition for
     ‘tkdestroy’
    AnaSettings: no visible global function definition for ‘tkbutton’
    AnaSettings: no visible global function definition for ‘tkfocus’
    AnaSettings: no visible global function definition for ‘tkwait.window’
    AnaSettings: no visible global function definition for ‘tclvalue’
    Gabarit_MMD: no visible global function definition for ‘tclvalue’
    Gabarit_MMD: no visible global function definition for ‘tkgetOpenFile’
    Gabarit_MMD: no visible global function definition for ‘tkmessageBox’
    Gabarit_MMD: no visible global function definition for ‘read.table’
    Gabarit_MMD: no visible global function definition for ‘read.csv’
    Gabarit_MMD: no visible global function definition for ‘cmdscale’
    Gabarit_MMD: no visible global function definition for ‘plot’
    Gabarit_MMD: no visible global function definition for ‘text’
    Gabarit_MMD: no visible global function definition for ‘write.csv2’
    StartMMD: no visible global function definition for ‘tktoplevel’
    StartMMD: no visible global function definition for ‘tkwm.geometry’
    StartMMD: no visible global function definition for ‘tkwm.minsize’
    StartMMD: no visible global function definition for ‘tktitle<-’
    StartMMD: no visible global function definition for ‘tkfont.create’
    StartMMD: no visible global function definition for ‘tkframe’
    StartMMD: no visible global function definition for ‘tkradiobutton’
    StartMMD: no visible global function definition for ‘tclVar’
    StartMMD: no visible global function definition for ‘tkconfigure’
    StartMMD: no visible global function definition for ‘tkcheckbutton’
    StartMMD: no visible global function definition for ‘tkentry’
    StartMMD: no visible global function definition for ‘tkgrid’
    StartMMD: no visible global function definition for ‘tklabel’
    StartMMD : OnOK: no visible global function definition for ‘tclvalue’
    StartMMD : OnOK: no visible global function definition for ‘tkdestroy’
    StartMMD: no visible global function definition for ‘tkbutton’
    StartMMD: no visible global function definition for ‘tkfocus’
    StartMMD: no visible global function definition for ‘tkwait.window’
    Undefined global functions or variables:
     cmdscale plot read.csv read.table tclVar tclvalue text tkbutton
     tkcheckbutton tkconfigure tkcurselection tkdestroy tkentry tkfocus
     tkfont.create tkframe tkgetOpenFile tkgrid tkinsert tklabel tklistbox
     tkmessageBox tkpack tkpack.propagate tkradiobutton tkscrollbar
     tkselection.set tkset tktitle<- tktoplevel tkwait.window
     tkwm.geometry tkwm.minsize tkyview write.csv2
    Consider adding
     importFrom("graphics", "plot", "text")
     importFrom("stats", "cmdscale")
     importFrom("utils", "read.csv", "read.table", "write.csv2")
    to your NAMESPACE.
Flavors: r-devel-linux-x86_64-debian-clang, r-devel-linux-x86_64-debian-gcc, r-devel-linux-x86_64-fedora-clang, r-devel-linux-x86_64-fedora-gcc, r-devel-windows-ix86+x86_64

Version: 0.9.9
Check: R code for possible problems
Result: NOTE
    AnaSettings: no visible global function definition for ‘tktoplevel’
    AnaSettings: no visible global function definition for
     ‘tkpack.propagate’
    AnaSettings: no visible global function definition for ‘tktitle<-’
    AnaSettings: no visible global function definition for ‘tkfont.create’
    AnaSettings: no visible global function definition for ‘tkframe’
    AnaSettings: no visible global function definition for ‘tkpack’
    AnaSettings: no visible global function definition for ‘tklabel’
    AnaSettings: no visible global function definition for ‘tkscrollbar’
    AnaSettings : <anonymous>: no visible global function definition for
     ‘tkyview’
    AnaSettings: no visible global function definition for ‘tklistbox’
    AnaSettings : <anonymous>: no visible global function definition for
     ‘tkset’
    AnaSettings: no visible global function definition for ‘tkinsert’
    AnaSettings: no visible global function definition for
     ‘tkselection.set’
    AnaSettings: no visible global function definition for ‘tkcheckbutton’
    AnaSettings: no visible global function definition for ‘tclVar’
    AnaSettings: no visible global function definition for ‘tkconfigure’
    AnaSettings: no visible global function definition for ‘tkentry’
    AnaSettings: no visible global function definition for ‘tkradiobutton’
    AnaSettings : OnOK: no visible global function definition for
     ‘tkcurselection’
    AnaSettings : OnOK: no visible global function definition for
     ‘tkdestroy’
    AnaSettings: no visible global function definition for ‘tkbutton’
    AnaSettings: no visible global function definition for ‘tkfocus’
    AnaSettings: no visible global function definition for ‘tkwait.window’
    AnaSettings: no visible global function definition for ‘tclvalue’
    Gabarit_MMD: no visible global function definition for ‘tclvalue’
    Gabarit_MMD: no visible global function definition for ‘tkgetOpenFile’
    Gabarit_MMD: no visible global function definition for ‘tkmessageBox’
    StartMMD: no visible global function definition for ‘tktoplevel’
    StartMMD: no visible global function definition for ‘tkwm.geometry’
    StartMMD: no visible global function definition for ‘tkwm.minsize’
    StartMMD: no visible global function definition for ‘tktitle<-’
    StartMMD: no visible global function definition for ‘tkfont.create’
    StartMMD: no visible global function definition for ‘tkframe’
    StartMMD: no visible global function definition for ‘tkradiobutton’
    StartMMD: no visible global function definition for ‘tclVar’
    StartMMD: no visible global function definition for ‘tkconfigure’
    StartMMD: no visible global function definition for ‘tkcheckbutton’
    StartMMD: no visible global function definition for ‘tkentry’
    StartMMD: no visible global function definition for ‘tkgrid’
    StartMMD: no visible global function definition for ‘tklabel’
    StartMMD : OnOK: no visible global function definition for ‘tclvalue’
    StartMMD : OnOK: no visible global function definition for ‘tkdestroy’
    StartMMD: no visible global function definition for ‘tkbutton’
    StartMMD: no visible global function definition for ‘tkfocus’
    StartMMD: no visible global function definition for ‘tkwait.window’
    Undefined global functions or variables:
     tclVar tclvalue tkbutton tkcheckbutton tkconfigure tkcurselection
     tkdestroy tkentry tkfocus tkfont.create tkframe tkgetOpenFile tkgrid
     tkinsert tklabel tklistbox tkmessageBox tkpack tkpack.propagate
     tkradiobutton tkscrollbar tkselection.set tkset tktitle<- tktoplevel
     tkwait.window tkwm.geometry tkwm.minsize tkyview
Flavor: r-devel-osx-x86_64-clang

Version: 0.9.9
Check: R code for possible problems
Result: NOTE
    AnaSettings: no visible global function definition for ‘tktoplevel’
    AnaSettings: no visible global function definition for
     ‘tkpack.propagate’
    AnaSettings: no visible global function definition for ‘tktitle<-’
    AnaSettings: no visible global function definition for ‘tkfont.create’
    AnaSettings: no visible global function definition for ‘tkframe’
    AnaSettings: no visible global function definition for ‘tkpack’
    AnaSettings: no visible global function definition for ‘tklabel’
    AnaSettings: no visible global function definition for ‘tkscrollbar’
    AnaSettings : <anonymous>: no visible global function definition for
     ‘tkyview’
    AnaSettings: no visible global function definition for ‘tklistbox’
    AnaSettings : <anonymous>: no visible global function definition for
     ‘tkset’
    AnaSettings: no visible global function definition for ‘tkinsert’
    AnaSettings: no visible global function definition for
     ‘tkselection.set’
    AnaSettings: no visible global function definition for ‘tkcheckbutton’
    AnaSettings: no visible global function definition for ‘tclVar’
    AnaSettings: no visible global function definition for ‘tkconfigure’
    AnaSettings: no visible global function definition for ‘tkentry’
    AnaSettings: no visible global function definition for ‘tkradiobutton’
    AnaSettings : OnOK: no visible global function definition for
     ‘tkcurselection’
    AnaSettings : OnOK: no visible global function definition for
     ‘tkdestroy’
    AnaSettings: no visible global function definition for ‘tkbutton’
    AnaSettings: no visible global function definition for ‘tkfocus’
    AnaSettings: no visible global function definition for ‘tkwait.window’
    AnaSettings: no visible global function definition for ‘tclvalue’
    Gabarit_MMD: no visible global function definition for ‘tclvalue’
    Gabarit_MMD: no visible global function definition for ‘tkgetOpenFile’
    Gabarit_MMD: no visible global function definition for ‘tkmessageBox’
    StartMMD: no visible global function definition for ‘tktoplevel’
    StartMMD: no visible global function definition for ‘tkwm.geometry’
    StartMMD: no visible global function definition for ‘tkwm.minsize’
    StartMMD: no visible global function definition for ‘tktitle<-’
    StartMMD: no visible global function definition for ‘tkfont.create’
    StartMMD: no visible global function definition for ‘tkframe’
    StartMMD: no visible global function definition for ‘tkradiobutton’
    StartMMD: no visible global function definition for ‘tclVar’
    StartMMD: no visible global function definition for ‘tkconfigure’
    StartMMD: no visible global function definition for ‘tkcheckbutton’
    StartMMD: no visible global function definition for ‘tkentry’
    StartMMD: no visible global function definition for ‘tkgrid’
    StartMMD: no visible global function definition for ‘tklabel’
    StartMMD : OnOK: no visible global function definition for ‘tclvalue’
    StartMMD : OnOK: no visible global function definition for ‘tkdestroy’
    StartMMD: no visible global function definition for ‘tkbutton’
    StartMMD: no visible global function definition for ‘tkfocus’
    StartMMD: no visible global function definition for ‘tkwait.window’
Flavors: r-patched-linux-x86_64, r-patched-solaris-sparc, r-patched-solaris-x86, r-release-linux-x86_64, r-release-osx-x86_64-mavericks, r-release-windows-ix86+x86_64, r-oldrel-windows-ix86+x86_64