CRAN Package Check Results for Package AnthropMMD

Last updated on 2016-05-06 12:52:34.

Flavor Version Tinstall Tcheck Ttotal Status Flags
r-devel-linux-x86_64-debian-gcc 1.0.1 0.80 11.90 12.71 OK
r-devel-linux-x86_64-fedora-clang 1.0.1 21.73 OK
r-devel-linux-x86_64-fedora-gcc 1.0.1 19.96 OK
r-devel-osx-x86_64-clang 1.0.1 28.75 OK
r-devel-windows-ix86+x86_64 1.0.1 7.00 67.00 74.00 OK
r-patched-linux-x86_64 1.0.1 0.75 11.67 12.41 OK
r-patched-solaris-sparc 1.0.1 126.40 OK
r-patched-solaris-x86 1.0.1 30.40 OK
r-release-linux-x86_64 1.0.1 0.86 11.75 12.61 OK
r-release-osx-x86_64-mavericks 1.0.1 WARN
r-release-windows-ix86+x86_64 1.0.1 7.00 67.00 74.00 OK
r-oldrel-windows-ix86+x86_64 1.0.1 8.00 33.00 41.00 OK

Check Details

Version: 1.0.1
Check: dependencies in R code
Result: NOTE
    Invalid MIT-MAGIC-COOKIE-1 key
Flavor: r-release-osx-x86_64-mavericks

Version: 1.0.1
Check: S3 generic/method consistency
Result: WARN
    Invalid MIT-MAGIC-COOKIE-1 key
    See section ‘Generic functions and methods’ in the ‘Writing R
    Extensions’ manual.
Flavor: r-release-osx-x86_64-mavericks

Version: 1.0.1
Check: replacement functions
Result: WARN
    Invalid MIT-MAGIC-COOKIE-1 key
    The argument of a replacement function which corresponds to the right
    hand side must be named ‘value’.
Flavor: r-release-osx-x86_64-mavericks

Version: 1.0.1
Check: foreign function calls
Result: NOTE
    Invalid MIT-MAGIC-COOKIE-1 key
    See chapter ‘System and foreign language interfaces’ in the ‘Writing R
    Extensions’ manual.
Flavor: r-release-osx-x86_64-mavericks

Version: 1.0.1
Check: R code for possible problems
Result: NOTE
    Invalid MIT-MAGIC-COOKIE-1 key
Flavor: r-release-osx-x86_64-mavericks

Version: 1.0.1
Check: for missing documentation entries
Result: WARN
    Invalid MIT-MAGIC-COOKIE-1 key
    All user-level objects in a package should have documentation entries.
    See chapter ‘Writing R documentation files’ in the ‘Writing R
    Extensions’ manual.
Flavor: r-release-osx-x86_64-mavericks

Version: 1.0.1
Check: for code/documentation mismatches
Result: WARN
    Invalid MIT-MAGIC-COOKIE-1 key
    Invalid MIT-MAGIC-COOKIE-1 key
    Invalid MIT-MAGIC-COOKIE-1 key
Flavor: r-release-osx-x86_64-mavericks

Version: 1.0.1
Check: Rd \usage sections
Result: NOTE
    Invalid MIT-MAGIC-COOKIE-1 key
    The \usage entries for S3 methods should use the \method markup and not
    their full name.
    See chapter ‘Writing R documentation files’ in the ‘Writing R
    Extensions’ manual.
Flavor: r-release-osx-x86_64-mavericks