CRAN Package Check Results for Package Anthropometry

Last updated on 2014-08-29 05:47:14.

Flavor Version Tinstall Tcheck Ttotal Status Flags
r-devel-linux-x86_64-debian-clang 1.0 3.01 35.36 38.37 NOTE
r-devel-linux-x86_64-debian-gcc 1.0 2.80 33.97 36.77 NOTE
r-devel-linux-x86_64-fedora-clang 1.0 81.93 NOTE
r-devel-linux-x86_64-fedora-gcc 1.0 77.35 NOTE
r-devel-osx-x86_64-clang 1.0 72.36 NOTE
r-devel-windows-ix86+x86_64 1.0 10.00 74.00 84.00 NOTE
r-patched-linux-x86_64 1.0 2.93 36.56 39.50 OK
r-patched-solaris-sparc 1.0 497.70 OK
r-patched-solaris-x86 1.0 111.40 OK
r-release-linux-ix86 1.0 4.19 49.36 53.56 OK
r-release-linux-x86_64 1.0 3.21 37.56 40.76 OK
r-release-osx-x86_64-mavericks 1.0 NOTE
r-release-osx-x86_64-snowleopard 1.0 OK
r-release-windows-ix86+x86_64 1.0 11.00 73.00 84.00 OK
r-oldrel-windows-ix86+x86_64 1.0 11.00 77.00 88.00 OK

Check Details

Version: 1.0
Check: R code for possible problems
Result: NOTE
    CCbiclustAnthropo: no visible global function definition for ‘biclust’
    CCbiclustAnthropo: no visible global function definition for ‘BCCC’
    CCbiclustAnthropo: no visible global function definition for
     ‘writeclust’
    CCbiclustAnthropo: no visible global function definition for
     ‘biclusternumber’
Flavors: r-devel-linux-x86_64-debian-clang, r-devel-linux-x86_64-debian-gcc, r-devel-linux-x86_64-fedora-clang, r-devel-linux-x86_64-fedora-gcc, r-devel-osx-x86_64-clang, r-devel-windows-ix86+x86_64

Version: 1.0
Check: re-building of vignette outputs
Result: NOTE
    Error in re-building vignettes:
     ...
    Warning: running command 'kpsewhich framed.sty' had status 1
    Warning in test_latex_pkg("framed", system.file("misc", "framed.sty", package = "knitr")) :
     unable to find LaTeX package 'framed'; will use a copy from knitr
    Error in texi2dvi(file = file, pdf = TRUE, clean = clean, quiet = quiet, :
     Running 'texi2dvi' on 'Anthropometry.tex' failed.
    LaTeX errors:
    ! LaTeX Error: File `enumitem.sty' not found.
    
    Type X to quit or <RETURN> to proceed,
    or enter new name. (Default extension: sty)
    
    k/vign_test/Anthropometry/vignettes/Anthropometry.tex:52: ==> Fatal error occu
    rred, no output PDF file produced!
    Calls: buildVignettes -> texi2pdf -> texi2dvi
    Execution halted
Flavor: r-release-osx-x86_64-mavericks