CRAN Package Check Results for Package Anthropometry

Last updated on 2017-12-16 05:47:40 CET.

Flavor Version Tinstall Tcheck Ttotal Status Flags
r-devel-linux-x86_64-debian-clang 1.9 4.53 100.58 105.11 OK
r-devel-linux-x86_64-debian-gcc 1.9 3.68 77.22 80.90 OK
r-devel-linux-x86_64-fedora-clang 1.9 118.28 OK
r-devel-linux-x86_64-fedora-gcc 1.9 117.94 OK
r-devel-windows-ix86+x86_64 1.9 12.00 134.00 146.00 OK
r-patched-linux-x86_64 1.9 4.25 102.11 106.36 OK
r-patched-solaris-x86 1.9 151.50 OK
r-release-linux-x86_64 1.9 4.47 101.44 105.91 OK
r-release-windows-ix86+x86_64 1.9 12.00 133.00 145.00 OK
r-release-osx-x86_64 1.9 WARN
r-oldrel-windows-ix86+x86_64 1.9 13.00 6.00 19.00 ERROR
r-oldrel-osx-x86_64 1.9 OK

Additional issues

rchk

Check Details

Version: 1.9
Check: re-building of vignette outputs
Result: WARN
    Error in re-building vignettes:
     ...
    Warning: running command 'kpsewhich framed.sty' had status 1
    Warning in test_latex_pkg("framed", system.file("misc", "framed.sty", package = "knitr")) :
     unable to find LaTeX package 'framed'; will use a copy from knitr
    Error in texi2dvi(file = file, pdf = TRUE, clean = clean, quiet = quiet, :
     Running 'texi2dvi' on 'Anthropometry.tex' failed.
    LaTeX errors:
    ! LaTeX Error: File `enumitem.sty' not found.
    
    Type X to quit or <RETURN> to proceed,
    or enter new name. (Default extension: sty)
    
    ! Emergency stop.
    <read *>
    
    l.53 \usepackage
     {algorithm2e}^^M
    ! ==> Fatal error occurred, no output PDF file produced!
    Calls: buildVignettes -> texi2pdf -> texi2dvi
    Execution halted
Flavor: r-release-osx-x86_64

Version: 1.9
Check: whether package can be installed
Result: ERROR
    Installation failed.
Flavor: r-oldrel-windows-ix86+x86_64