CRAN Package Check Results for Package Anthropometry

Last updated on 2015-04-26 19:47:12.

Flavor Version Tinstall Tcheck Ttotal Status Flags
r-devel-linux-x86_64-debian-clang 1.1 2.78 37.15 39.93 OK
r-devel-linux-x86_64-debian-gcc 1.1 2.94 36.61 39.55 OK
r-devel-linux-x86_64-fedora-clang 1.1 81.19 OK
r-devel-linux-x86_64-fedora-gcc 1.1 76.73 OK
r-devel-osx-x86_64-clang 1.1 76.09 OK
r-devel-windows-ix86+x86_64 1.1 12.00 73.00 85.00 OK
r-patched-linux-x86_64 1.1 2.89 37.88 40.77 OK
r-patched-solaris-sparc 1.1 480.70 OK
r-patched-solaris-x86 1.1 106.30 OK
r-release-linux-x86_64 1.1 2.78 36.97 39.76 OK
r-release-osx-x86_64-mavericks 1.1 OK
r-release-osx-x86_64-snowleopard 1.1 ERROR
r-release-windows-ix86+x86_64 1.1 11.00 69.00 80.00 OK
r-oldrel-windows-ix86+x86_64 1.1 12.00 92.00 104.00 OK

Check Details

Version: 1.1
Check: package dependencies
Result: ERROR
    Package suggested but not available for checking: ‘knitr’
    
    VignetteBuilder package required for checking but not installed: ‘knitr’
    
    Files named as vignettes but with no recognized vignette engine:
     ‘inst/doc/Anthropometry.Rnw’
    (Is a VignetteBuilder field missing?)
    
    See section ‘The DESCRIPTION file’ in the ‘Writing R Extensions’
    manual.
Flavor: r-release-osx-x86_64-snowleopard