CRAN Package Check Results for Package Anthropometry

Last updated on 2015-07-06 11:47:55.

Flavor Version Tinstall Tcheck Ttotal Status Flags
r-devel-linux-x86_64-debian-clang 1.2 2.94 41.39 44.33 NOTE
r-devel-linux-x86_64-debian-gcc 1.2 2.82 39.78 42.61 NOTE
r-devel-linux-x86_64-fedora-clang 1.2 83.77 NOTE
r-devel-linux-x86_64-fedora-gcc 1.2 81.19 NOTE
r-devel-osx-x86_64-clang 1.2 72.84 OK
r-devel-windows-ix86+x86_64 1.2 17.00 71.00 88.00 NOTE
r-patched-linux-x86_64 1.2 2.95 41.81 44.76 OK
r-patched-solaris-sparc 1.2 506.30 OK
r-patched-solaris-x86 1.2 118.00 OK
r-release-linux-x86_64 1.2 2.83 40.13 42.96 OK
r-release-osx-x86_64-mavericks 1.2 OK
r-release-windows-ix86+x86_64 1.2 15.00 72.00 87.00 OK
r-oldrel-windows-ix86+x86_64 1.2 22.00 100.00 122.00 OK

Check Details

Version: 1.2
Check: R code for possible problems
Result: NOTE
    DDfcnadj: no visible global function definition for ‘cor’
    NNDDVQE: no visible global function definition for ‘quantile’
    NNDDVQE: no visible global function definition for ‘runif’
    NNDDVQEstart: no visible global function definition for ‘quantile’
    NNDDVQEstart: no visible global function definition for ‘runif’
    Weiszfeldadj: no visible global function definition for ‘cor’
    archetypoids: no visible global function definition for ‘dist’
    archetypoids: no visible global function definition for ‘coef’
    asw.calc: no visible global function definition for ‘var’
    cdfDissWomenPrototypes: no visible global function definition for
     ‘plot’
    cdfDissWomenPrototypes: no visible global function definition for
     ‘axis’
    cdfDissWomenPrototypes: no visible global function definition for
     ‘lines’
    cdfDissWomenPrototypes: no visible global function definition for
     ‘legend’
    further.clustering: no visible global function definition for ‘runif’
    make.arrow.circle: no visible global function definition for ‘arrows’
    make.circle.discovery: no visible global function definition for
     ‘polygon’
    percentilsArchetypoid: no visible global function definition for ‘ecdf’
    plotPrototypes: no visible global function definition for ‘plot’
    plotPrototypes: no visible global function definition for ‘axis’
    plotPrototypes: no visible global function definition for ‘points’
    plotPrototypes: no visible global function definition for ‘symbols’
    plotPrototypes: no visible global function definition for ‘segments’
    plotTreeHipamAnthropom: no visible global function definition for
     ‘plot’
    plotTreeHipamAnthropom: no visible global function definition for
     ‘text’
    plotTreeHipamAnthropom: no visible global function definition for
     ‘title’
    plotTrimmOutl: no visible global function definition for ‘plot’
    plotTrimmOutl: no visible global function definition for ‘axis’
    plotTrimmOutl: no visible global function definition for ‘points’
    preprocessing: no visible binding for global variable ‘sd’
    preprocessing: no visible global function definition for ‘cov’
    preprocessing: no visible global function definition for ‘mahalanobis’
    preprocessing: no visible global function definition for ‘qchisq’
    projShapes: no visible global function definition for ‘points’
    screeArchetypal: no visible global function definition for ‘plot’
    screeArchetypal: no visible global function definition for ‘points’
    screeArchetypal: no visible global function definition for ‘axis’
    screeArchetypal: no visible global function definition for ‘legend’
    skeletonsArchetypal: no visible global function definition for ‘par’
    skeletonsArchetypal: no visible global function definition for ‘plot’
    skeletonsArchetypal: no visible global function definition for ‘axis’
    skeletonsArchetypal: no visible global function definition for ‘lines’
    stepArchetypoids: no visible global function definition for ‘dist’
    stepArchetypoids: no visible global function definition for ‘coef’
    swap: no visible global function definition for ‘coef’
    swap2: no visible global function definition for ‘coef’
    swap2_k1: no visible global function definition for ‘coef’
    trimmedoid: no visible global function definition for ‘as.dist’
    weightsMixtureUB: no visible global function definition for ‘dbinom’
    xyplotPCArchetypes: no visible global function definition for ‘gray’
    xyplotPCArchetypes: no visible global function definition for ‘plot’
    xyplotPCArchetypes: no visible global function definition for ‘points’
    xyplotPCArchetypes: no visible global function definition for ‘lines’
    xyplotPCArchetypes: no visible global function definition for ‘fitted’
    Undefined global functions or variables:
     arrows as.dist axis coef cor cov dbinom dist ecdf fitted gray legend
     lines mahalanobis par plot points polygon qchisq quantile runif sd
     segments symbols text title var
Flavors: r-devel-linux-x86_64-debian-clang, r-devel-linux-x86_64-debian-gcc, r-devel-linux-x86_64-fedora-clang, r-devel-linux-x86_64-fedora-gcc, r-devel-windows-ix86+x86_64