CRAN Package Check Results for Package Anthropometry

Last updated on 2017-06-28 20:48:20.

Flavor Version Tinstall Tcheck Ttotal Status Flags
r-devel-linux-x86_64-debian-clang 1.8 3.76 62.39 66.14 OK
r-devel-linux-x86_64-debian-gcc 1.8 3.29 61.78 65.08 OK
r-devel-linux-x86_64-fedora-clang 1.8 121.85 OK
r-devel-linux-x86_64-fedora-gcc 1.8 123.76 OK
r-devel-windows-ix86+x86_64 1.8 13.00 151.00 164.00 OK
r-patched-linux-x86_64 1.8 3.69 61.76 65.45 OK
r-patched-solaris-sparc 1.8 703.30 OK
r-patched-solaris-x86 1.8 154.70 OK
r-release-linux-x86_64 1.8 3.53 62.52 66.05 OK
r-release-windows-ix86+x86_64 1.8 15.00 145.00 160.00 OK
r-release-osx-x86_64 1.8 WARN
r-oldrel-windows-ix86+x86_64 1.8 18.00 197.00 215.00 OK
r-oldrel-osx-x86_64 1.8 OK

Additional issues

rchk

Check Details

Version: 1.8
Check: re-building of vignette outputs
Result: WARN
    Error in re-building vignettes:
     ...
    Warning: running command 'kpsewhich framed.sty' had status 1
    Warning in test_latex_pkg("framed", system.file("misc", "framed.sty", package = "knitr")) :
     unable to find LaTeX package 'framed'; will use a copy from knitr
    Error in texi2dvi(file = file, pdf = TRUE, clean = clean, quiet = quiet, :
     Running 'texi2dvi' on 'Anthropometry.tex' failed.
    LaTeX errors:
    ! LaTeX Error: File `relsize.sty' not found.
    
    Type X to quit or <RETURN> to proceed,
    or enter new name. (Default extension: sty)
    
    ! Emergency stop.
    <read *>
    
    l.1198 \ifthenelse
     {\boolean{algocf@slide}}{\RequirePackage{color}}{}%^^M
    ! ==> Fatal error occurred, no output PDF file produced!
    Calls: buildVignettes -> texi2pdf -> texi2dvi
    Execution halted
Flavor: r-release-osx-x86_64