CRAN Package Check Results for Package Anthropometry

Last updated on 2017-05-24 07:49:31.

Flavor Version Tinstall Tcheck Ttotal Status Flags
r-devel-linux-x86_64-debian-clang 1.8 3.98 62.38 66.36 OK
r-devel-linux-x86_64-debian-gcc 1.8 3.58 62.09 65.67 OK
r-devel-linux-x86_64-fedora-clang 1.8 124.58 OK --no-stop-on-test-error
r-devel-linux-x86_64-fedora-gcc 1.8 118.97 OK --no-stop-on-test-error
r-devel-windows-ix86+x86_64 1.8 13.00 145.00 158.00 OK
r-patched-linux-x86_64 1.8 3.91 61.30 65.21 OK
r-patched-solaris-sparc 1.8 703.30 OK
r-patched-solaris-x86 1.8 155.00 OK
r-release-linux-x86_64 1.8 3.75 61.39 65.14 OK
r-release-windows-ix86+x86_64 1.8 12.00 153.00 165.00 OK
r-release-osx-x86_64 1.8 WARN
r-oldrel-windows-ix86+x86_64 1.8 18.00 208.00 226.00 OK
r-oldrel-osx-x86_64 1.8 OK

Check Details

Version: 1.8
Check: re-building of vignette outputs
Result: WARN
    Error in re-building vignettes:
     ...
    Warning: running command 'kpsewhich framed.sty' had status 1
    Warning in test_latex_pkg("framed", system.file("misc", "framed.sty", package = "knitr")) :
     unable to find LaTeX package 'framed'; will use a copy from knitr
    Error in texi2dvi(file = file, pdf = TRUE, clean = clean, quiet = quiet, :
     Running 'texi2dvi' on 'Anthropometry.tex' failed.
    LaTeX errors:
    ! LaTeX Error: File `relsize.sty' not found.
    
    Type X to quit or <RETURN> to proceed,
    or enter new name. (Default extension: sty)
    
    ! Emergency stop.
    <read *>
    
    l.1198 \ifthenelse
     {\boolean{algocf@slide}}{\RequirePackage{color}}{}%^^M
    ! ==> Fatal error occurred, no output PDF file produced!
    Calls: buildVignettes -> texi2pdf -> texi2dvi
    Execution halted
Flavor: r-release-osx-x86_64