CRAN Package Check Results for Package Anthropometry

Last updated on 2017-10-17 19:47:43.

Flavor Version Tinstall Tcheck Ttotal Status Flags
r-devel-linux-x86_64-debian-clang 1.9 3.42 63.79 67.21 OK
r-devel-linux-x86_64-debian-gcc 1.9 4.08 62.81 66.89 OK
r-devel-linux-x86_64-fedora-clang 1.9 125.51 OK
r-devel-linux-x86_64-fedora-gcc 1.9 126.17 OK
r-devel-windows-ix86+x86_64 1.9 13.00 142.00 155.00 OK
r-patched-linux-x86_64 1.9 3.67 62.35 66.02 OK
r-patched-solaris-x86 1.9 155.80 OK
r-release-linux-x86_64 1.9 3.65 62.66 66.31 OK
r-release-windows-ix86+x86_64 1.9 19.00 197.00 216.00 OK
r-release-osx-x86_64 1.9 WARN
r-oldrel-windows-ix86+x86_64 1.9 20.00 230.00 250.00 OK
r-oldrel-osx-x86_64 1.9 OK

Additional issues

rchk

Check Details

Version: 1.9
Check: re-building of vignette outputs
Result: WARN
    Error in re-building vignettes:
     ...
    Warning: running command 'kpsewhich framed.sty' had status 1
    Warning in test_latex_pkg("framed", system.file("misc", "framed.sty", package = "knitr")) :
     unable to find LaTeX package 'framed'; will use a copy from knitr
    Error in texi2dvi(file = file, pdf = TRUE, clean = clean, quiet = quiet, :
     Running 'texi2dvi' on 'Anthropometry.tex' failed.
    LaTeX errors:
    ! LaTeX Error: File `enumitem.sty' not found.
    
    Type X to quit or <RETURN> to proceed,
    or enter new name. (Default extension: sty)
    
    ! Emergency stop.
    <read *>
    
    l.53 \usepackage
     {algorithm2e}^^M
    ! ==> Fatal error occurred, no output PDF file produced!
    Calls: buildVignettes -> texi2pdf -> texi2dvi
    Execution halted
Flavor: r-release-osx-x86_64