CRAN Package Check Results for Package Anthropometry

Last updated on 2014-12-21 11:46:29.

Flavor Version Tinstall Tcheck Ttotal Status Flags
r-devel-linux-x86_64-debian-clang 1.1 3.37 44.16 47.53 OK
r-devel-linux-x86_64-debian-gcc 1.1 3.21 42.86 46.06 OK
r-devel-linux-x86_64-fedora-clang 1.1 95.49 OK
r-devel-linux-x86_64-fedora-gcc 1.1 90.79 OK
r-devel-osx-x86_64-clang 1.1 92.89 OK
r-devel-windows-ix86+x86_64 1.1 14.00 80.00 94.00 OK
r-patched-linux-x86_64 1.1 3.34 45.25 48.59 OK
r-patched-solaris-sparc 1.1 473.10 OK
r-patched-solaris-x86 1.1 124.50 OK
r-release-linux-ix86 1.1 4.52 53.45 57.98 OK
r-release-linux-x86_64 1.1 3.54 45.17 48.71 OK
r-release-osx-x86_64-mavericks 1.1 NOTE
r-release-osx-x86_64-snowleopard 1.1 OK
r-release-windows-ix86+x86_64 1.1 15.00 93.00 108.00 OK
r-oldrel-windows-ix86+x86_64 1.1 13.00 98.00 111.00 OK

Check Details

Version: 1.1
Check: re-building of vignette outputs
Result: NOTE
    Error in re-building vignettes:
     ...
    Warning: running command 'kpsewhich framed.sty' had status 1
    Warning in test_latex_pkg("framed", system.file("misc", "framed.sty", package = "knitr")) :
     unable to find LaTeX package 'framed'; will use a copy from knitr
    Error in texi2dvi(file = file, pdf = TRUE, clean = clean, quiet = quiet, :
     Running 'texi2dvi' on 'Anthropometry.tex' failed.
    LaTeX errors:
    ! LaTeX Error: File `enumitem.sty' not found.
    
    Type X to quit or <RETURN> to proceed,
    or enter new name. (Default extension: sty)
    
    k/vign_test/Anthropometry/vignettes/Anthropometry.tex:52: ==> Fatal error occu
    rred, no output PDF file produced!
    Calls: buildVignettes -> texi2pdf -> texi2dvi
    Execution halted
Flavor: r-release-osx-x86_64-mavericks