CRAN Package Check Results for Package Anthropometry

Last updated on 2014-07-31 22:47:08.

Flavor Version Tinstall Tcheck Ttotal Status Flags
r-devel-linux-x86_64-debian-clang 1.0 3.10 36.58 39.69 OK
r-devel-linux-x86_64-debian-gcc 1.0 3.03 37.06 40.08 OK
r-devel-linux-x86_64-fedora-clang 1.0 84.63 OK
r-devel-linux-x86_64-fedora-gcc 1.0 80.57 OK
r-devel-osx-x86_64-clang 1.0 74.77 OK
r-devel-windows-ix86+x86_64 1.0 13.00 78.00 91.00 OK
r-patched-linux-x86_64 1.0 3.16 36.36 39.53 OK
r-patched-solaris-sparc 1.0 497.70 OK
r-patched-solaris-x86 1.0 109.80 OK
r-release-linux-ix86 1.0 4.30 50.98 55.28 OK
r-release-linux-x86_64 1.0 2.93 36.88 39.81 OK
r-release-osx-x86_64-mavericks 1.0 NOTE
r-release-osx-x86_64-snowleopard 1.0 OK
r-release-windows-ix86+x86_64 1.0 18.00 103.00 121.00 OK
r-oldrel-windows-ix86+x86_64 1.0 19.00 109.00 128.00 OK

Check Details

Version: 1.0
Check: re-building of vignette outputs
Result: NOTE
    Error in re-building vignettes:
     ...
    Warning: running command 'kpsewhich framed.sty' had status 1
    Warning in test_latex_pkg("framed", system.file("misc", "framed.sty", package = "knitr")) :
     unable to find LaTeX package 'framed'; will use a copy from knitr
    Error in texi2dvi(file = file, pdf = TRUE, clean = clean, quiet = quiet, :
     Running 'texi2dvi' on 'Anthropometry.tex' failed.
    LaTeX errors:
    ! LaTeX Error: File `enumitem.sty' not found.
    
    Type X to quit or <RETURN> to proceed,
    or enter new name. (Default extension: sty)
    
    k/vign_test/Anthropometry/vignettes/Anthropometry.tex:52: ==> Fatal error occu
    rred, no output PDF file produced!
    Calls: buildVignettes -> texi2pdf -> texi2dvi
    Execution halted
Flavor: r-release-osx-x86_64-mavericks