CRAN Package Check Results for Package AppliedPredictiveModeling

Last updated on 2018-05-24 16:52:05 CEST.

Flavor Version Tinstall Tcheck Ttotal Status Flags
r-devel-linux-x86_64-debian-clang 1.1-7 2.32 32.12 34.44 OK
r-devel-linux-x86_64-debian-gcc 1.1-7 1.40 28.55 29.95 OK
r-devel-linux-x86_64-fedora-clang 1.1-7 40.36 OK
r-devel-linux-x86_64-fedora-gcc 1.1-7 43.83 OK
r-devel-windows-ix86+x86_64 1.1-7 7.00 58.00 65.00 OK
r-patched-linux-x86_64 1.1-7 1.81 32.00 33.81 OK
r-patched-solaris-x86 1.1-7 66.40 OK
r-release-linux-x86_64 1.1-7 1.92 32.22 34.14 OK
r-release-windows-ix86+x86_64 1.1-6 7.00 64.00 71.00 NOTE
r-release-osx-x86_64 1.1-7 OK
r-oldrel-windows-ix86+x86_64 1.1-7 9.00 69.00 78.00 OK
r-oldrel-osx-x86_64 1.1-6 NOTE

Check Details

Version: 1.1-6
Check: DESCRIPTION meta-information
Result: NOTE
    Malformed Description field: should contain one or more complete sentences.
Flavors: r-release-windows-ix86+x86_64, r-oldrel-osx-x86_64

Version: 1.1-6
Check: dependencies in R code
Result: NOTE
    'library' or 'require' calls in package code:
     'ellipse' 'lattice'
     Please use :: or requireNamespace() instead.
     See section 'Suggested packages' in the 'Writing R Extensions' manual.
Flavors: r-release-windows-ix86+x86_64, r-oldrel-osx-x86_64

Version: 1.1-6
Check: R code for possible problems
Result: NOTE
    bookTheme: no visible global function definition for 'trellis.par.set'
    easyBoundaryFunc: no visible global function definition for 'runif'
    getPackages: no visible global function definition for
     'install.packages'
    permuteRelief: no visible binding for global variable 'sd'
    quadBoundaryFunc: no visible global function definition for 'runif'
    transparentTheme: no visible global function definition for 'rgb'
    transparentTheme: no visible global function definition for
     'trellis.par.set'
    upperp: no visible global function definition for 'ellipse'
    upperp: no visible global function definition for 'panel.xyplot'
    upperp: no visible global function definition for 'trellis.par.get'
    Undefined global functions or variables:
     ellipse install.packages panel.xyplot rgb runif sd trellis.par.get
     trellis.par.set
    Consider adding
     importFrom("grDevices", "rgb")
     importFrom("stats", "runif", "sd")
     importFrom("utils", "install.packages")
    to your NAMESPACE file.
Flavors: r-release-windows-ix86+x86_64, r-oldrel-osx-x86_64