CRAN Package Check Results for Package AppliedPredictiveModeling

Last updated on 2017-06-28 13:46:46.

Flavor Version Tinstall Tcheck Ttotal Status Flags
r-devel-linux-x86_64-debian-clang 1.1-6 1.09 19.32 20.41 NOTE
r-devel-linux-x86_64-debian-gcc 1.1-6 1.11 18.79 19.89 NOTE
r-devel-linux-x86_64-fedora-clang 1.1-6 38.01 NOTE
r-devel-linux-x86_64-fedora-gcc 1.1-6 39.15 NOTE
r-devel-windows-ix86+x86_64 1.1-6 5.00 43.00 48.00 NOTE
r-patched-linux-x86_64 1.1-6 1.17 19.27 20.44 NOTE
r-patched-solaris-sparc 1.1-6 233.00 NOTE
r-patched-solaris-x86 1.1-6 58.90 NOTE
r-release-linux-x86_64 1.1-6 1.27 19.25 20.53 NOTE
r-release-windows-ix86+x86_64 1.1-6 5.00 55.00 60.00 NOTE
r-release-osx-x86_64 1.1-6 NOTE
r-oldrel-windows-ix86+x86_64 1.1-6 6.00 53.00 59.00 NOTE
r-oldrel-osx-x86_64 1.1-6 NOTE

Check Details

Version: 1.1-6
Check: DESCRIPTION meta-information
Result: NOTE
    Malformed Description field: should contain one or more complete sentences.
Flavors: r-devel-linux-x86_64-debian-clang, r-devel-linux-x86_64-debian-gcc, r-devel-linux-x86_64-fedora-clang, r-devel-linux-x86_64-fedora-gcc, r-devel-windows-ix86+x86_64, r-patched-linux-x86_64, r-patched-solaris-sparc, r-patched-solaris-x86, r-release-linux-x86_64, r-release-windows-ix86+x86_64, r-release-osx-x86_64, r-oldrel-windows-ix86+x86_64, r-oldrel-osx-x86_64

Version: 1.1-6
Check: dependencies in R code
Result: NOTE
    'library' or 'require' calls in package code:
     ‘ellipse’ ‘lattice’
     Please use :: or requireNamespace() instead.
     See section 'Suggested packages' in the 'Writing R Extensions' manual.
Flavors: r-devel-linux-x86_64-debian-clang, r-devel-linux-x86_64-debian-gcc, r-devel-linux-x86_64-fedora-clang, r-devel-linux-x86_64-fedora-gcc, r-devel-windows-ix86+x86_64, r-patched-linux-x86_64, r-patched-solaris-sparc, r-patched-solaris-x86, r-release-linux-x86_64, r-release-windows-ix86+x86_64, r-release-osx-x86_64, r-oldrel-windows-ix86+x86_64, r-oldrel-osx-x86_64

Version: 1.1-6
Check: R code for possible problems
Result: NOTE
    bookTheme: no visible global function definition for ‘trellis.par.set’
    easyBoundaryFunc: no visible global function definition for ‘runif’
    getPackages: no visible global function definition for
     ‘install.packages’
    permuteRelief: no visible binding for global variable ‘sd’
    quadBoundaryFunc: no visible global function definition for ‘runif’
    transparentTheme: no visible global function definition for ‘rgb’
    transparentTheme: no visible global function definition for
     ‘trellis.par.set’
    upperp: no visible global function definition for ‘ellipse’
    upperp: no visible global function definition for ‘panel.xyplot’
    upperp: no visible global function definition for ‘trellis.par.get’
    Undefined global functions or variables:
     ellipse install.packages panel.xyplot rgb runif sd trellis.par.get
     trellis.par.set
    Consider adding
     importFrom("grDevices", "rgb")
     importFrom("stats", "runif", "sd")
     importFrom("utils", "install.packages")
    to your NAMESPACE file.
Flavors: r-devel-linux-x86_64-debian-clang, r-devel-linux-x86_64-debian-gcc, r-devel-linux-x86_64-fedora-clang, r-devel-linux-x86_64-fedora-gcc, r-devel-windows-ix86+x86_64, r-patched-linux-x86_64, r-patched-solaris-sparc, r-patched-solaris-x86, r-release-linux-x86_64, r-release-windows-ix86+x86_64, r-release-osx-x86_64, r-oldrel-windows-ix86+x86_64, r-oldrel-osx-x86_64