CRAN Package Check Results for Package AquaEnv

Last updated on 2014-08-21 22:47:05.

Flavor Version Tinstall Tcheck Ttotal Status Flags
r-devel-linux-x86_64-debian-clang 1.0-3 0.99 17.89 18.88 NOTE
r-devel-linux-x86_64-debian-gcc 1.0-3 0.98 18.23 19.21 NOTE
r-devel-linux-x86_64-fedora-clang 1.0-3 66.09 NOTE
r-devel-linux-x86_64-fedora-gcc 1.0-3 64.52 NOTE
r-devel-osx-x86_64-clang 1.0-3 36.54 NOTE
r-devel-windows-ix86+x86_64 1.0-3 4.00 30.00 34.00 NOTE
r-patched-linux-x86_64 1.0-3 0.98 18.85 19.83 NOTE
r-patched-solaris-sparc 1.0-3 245.10 NOTE
r-patched-solaris-x86 1.0-3 87.40 NOTE
r-release-linux-ix86 1.0-3 1.45 25.92 27.37 NOTE
r-release-linux-x86_64 1.0-3 1.00 18.26 19.26 NOTE
r-release-osx-x86_64-mavericks 1.0-3 NOTE
r-release-windows-ix86+x86_64 1.0-3 5.00 32.00 37.00 NOTE
r-oldrel-windows-ix86+x86_64 1.0-3 3.00 33.00 36.00 NOTE

Check Details

Version: 1.0-3
Check: dependencies in R code
Result: NOTE
    Packages in Depends field not imported from:
     ‘deSolve’ ‘minpack.lm’
     These packages need to be imported from (in the NAMESPACE file)
     for when this namespace is loaded but not attached.
    See the information on DESCRIPTION files in the chapter ‘Creating R
    packages’ of the ‘Writing R Extensions’ manual.
Flavors: r-devel-linux-x86_64-debian-clang, r-devel-linux-x86_64-debian-gcc, r-devel-linux-x86_64-fedora-clang, r-devel-linux-x86_64-fedora-gcc, r-devel-osx-x86_64-clang, r-devel-windows-ix86+x86_64, r-patched-linux-x86_64, r-patched-solaris-sparc, r-patched-solaris-x86, r-release-linux-ix86, r-release-linux-x86_64, r-release-osx-x86_64-mavericks, r-release-windows-ix86+x86_64, r-oldrel-windows-ix86+x86_64

Version: 1.0-3
Check: R code for possible problems
Result: NOTE
    Found an obsolete/platform-specific call in the following function:
     ‘opendevice’
    Found the platform-specific device:
     ‘x11’
    dev.new() is the preferred way to open a new device, in the unlikely
    event one is needed.
Flavors: r-devel-linux-x86_64-debian-clang, r-devel-linux-x86_64-debian-gcc, r-patched-linux-x86_64, r-patched-solaris-sparc, r-patched-solaris-x86, r-release-linux-ix86, r-release-linux-x86_64

Version: 1.0-3
Check: R code for possible problems
Result: NOTE
    Found an obsolete/platform-specific call in the following function:
     ‘opendevice’
    Found the platform-specific device:
     ‘x11’
    dev.new() is the preferred way to open a new device, in the unlikely
    event one is needed.
    TAfit: no visible global function definition for ‘nls.lm.control’
    TAfit: no visible global function definition for ‘nls.lm’
Flavors: r-devel-linux-x86_64-fedora-clang, r-devel-linux-x86_64-fedora-gcc, r-devel-osx-x86_64-clang

Version: 1.0-3
Check: Rd line widths
Result: NOTE
    Rd file 'aquaenv.Rd':
     \usage lines wider than 90 characters:
     k_hf=NULL, k1k2="roy", khf="dickson", khso4="dickson", fCO2atm=0.000390, fO2atm=0.20946)
    
    These lines will be truncated in the PDF manual.
Flavors: r-devel-linux-x86_64-fedora-clang, r-devel-linux-x86_64-fedora-gcc