CRAN Package Check Results for Package AquaEnv

Last updated on 2014-11-22 01:48:06.

Flavor Version Tinstall Tcheck Ttotal Status Flags
r-devel-linux-x86_64-debian-clang 1.0-3 1.18 23.43 24.62 NOTE
r-devel-linux-x86_64-debian-gcc 1.0-3 1.02 23.44 24.46 NOTE
r-devel-linux-x86_64-fedora-clang 1.0-3 48.76 NOTE
r-devel-linux-x86_64-fedora-gcc 1.0-3 46.08 NOTE
r-devel-osx-x86_64-clang 1.0-3 39.52 NOTE
r-devel-windows-ix86+x86_64 1.0-3 4.00 31.00 35.00 NOTE
r-patched-linux-x86_64 1.0-3 1.01 26.21 27.22 NOTE
r-patched-solaris-sparc 1.0-3 217.10 NOTE
r-patched-solaris-x86 1.0-3 51.70 NOTE
r-release-linux-ix86 1.0-3 1.38 25.32 26.70 NOTE
r-release-linux-x86_64 1.0-3 1.07 24.68 25.76 NOTE
r-release-osx-x86_64-mavericks 1.0-3 NOTE
r-release-windows-ix86+x86_64 1.0-3 4.00 32.00 36.00 NOTE
r-oldrel-windows-ix86+x86_64 1.0-3 5.00 34.00 39.00 NOTE

Check Details

Version: 1.0-3
Check: dependencies in R code
Result: NOTE
    Packages in Depends field not imported from:
     ‘deSolve’ ‘minpack.lm’
     These packages need to be imported from (in the NAMESPACE file)
     for when this namespace is loaded but not attached.
    See the information on DESCRIPTION files in the chapter ‘Creating R
    packages’ of the ‘Writing R Extensions’ manual.
Flavors: r-devel-linux-x86_64-debian-clang, r-devel-linux-x86_64-debian-gcc, r-devel-linux-x86_64-fedora-clang, r-devel-linux-x86_64-fedora-gcc, r-devel-osx-x86_64-clang, r-devel-windows-ix86+x86_64, r-patched-linux-x86_64, r-patched-solaris-sparc, r-patched-solaris-x86, r-release-linux-ix86, r-release-linux-x86_64, r-release-osx-x86_64-mavericks, r-release-windows-ix86+x86_64, r-oldrel-windows-ix86+x86_64

Version: 1.0-3
Check: R code for possible problems
Result: NOTE
    Found an obsolete/platform-specific call in the following function:
     ‘opendevice’
    Found the platform-specific device:
     ‘x11’
    dev.new() is the preferred way to open a new device, in the unlikely
    event one is needed.
    TAfit: no visible global function definition for ‘nls.lm.control’
    TAfit: no visible global function definition for ‘nls.lm’
Flavors: r-devel-linux-x86_64-debian-clang, r-devel-linux-x86_64-debian-gcc, r-devel-linux-x86_64-fedora-clang, r-devel-linux-x86_64-fedora-gcc, r-devel-osx-x86_64-clang, r-patched-linux-x86_64, r-patched-solaris-sparc, r-patched-solaris-x86, r-release-linux-ix86, r-release-linux-x86_64

Version: 1.0-3
Check: Rd line widths
Result: NOTE
    Rd file 'aquaenv.Rd':
     \usage lines wider than 90 characters:
     k_hf=NULL, k1k2="roy", khf="dickson", khso4="dickson", fCO2atm=0.000390, fO2atm=0.20946)
    
    These lines will be truncated in the PDF manual.
Flavors: r-devel-linux-x86_64-debian-clang, r-devel-linux-x86_64-debian-gcc, r-devel-linux-x86_64-fedora-clang, r-devel-linux-x86_64-fedora-gcc, r-patched-linux-x86_64, r-release-linux-x86_64

Version: 1.0-3
Check: R code for possible problems
Result: NOTE
    TAfit: no visible global function definition for 'nls.lm.control'
    TAfit: no visible global function definition for 'nls.lm'
Flavors: r-devel-windows-ix86+x86_64, r-release-windows-ix86+x86_64