CRAN Package Check Results for Package AquaEnv

Last updated on 2015-04-26 23:46:40.

Flavor Version Tinstall Tcheck Ttotal Status Flags
r-devel-linux-x86_64-debian-clang 1.0-3 1.00 21.82 22.82 NOTE
r-devel-linux-x86_64-debian-gcc 1.0-3 1.04 21.77 22.81 NOTE
r-devel-linux-x86_64-fedora-clang 1.0-3 45.76 NOTE
r-devel-linux-x86_64-fedora-gcc 1.0-3 43.27 NOTE
r-devel-osx-x86_64-clang 1.0-3 34.72 NOTE
r-devel-windows-ix86+x86_64 1.0-3 4.00 30.00 34.00 NOTE
r-patched-linux-x86_64 1.0-3 1.06 21.76 22.81 NOTE
r-patched-solaris-sparc 1.0-3 243.90 NOTE
r-patched-solaris-x86 1.0-3 45.70 NOTE
r-release-linux-x86_64 1.0-3 0.96 21.81 22.77 NOTE
r-release-osx-x86_64-mavericks 1.0-3 NOTE
r-release-osx-x86_64-snowleopard 1.0-3 NOTE
r-release-windows-ix86+x86_64 1.0-3 3.00 28.00 31.00 NOTE
r-oldrel-windows-ix86+x86_64 1.0-3 7.00 41.00 48.00 NOTE

Check Details

Version: 1.0-3
Check: DESCRIPTION meta-information
Result: NOTE
    Malformed Description field: should contain one or more complete sentences.
Flavors: r-devel-linux-x86_64-debian-clang, r-devel-linux-x86_64-fedora-clang, r-devel-linux-x86_64-fedora-gcc, r-devel-osx-x86_64-clang, r-devel-windows-ix86+x86_64, r-patched-solaris-sparc, r-patched-solaris-x86, r-release-osx-x86_64-mavericks, r-release-osx-x86_64-snowleopard, r-release-windows-ix86+x86_64

Version: 1.0-3
Check: dependencies in R code
Result: NOTE
    Packages in Depends field not imported from:
     ‘deSolve’ ‘minpack.lm’
     These packages need to be imported from (in the NAMESPACE file)
     for when this namespace is loaded but not attached.
Flavors: r-devel-linux-x86_64-debian-clang, r-devel-linux-x86_64-fedora-clang, r-devel-linux-x86_64-fedora-gcc, r-devel-osx-x86_64-clang, r-devel-windows-ix86+x86_64, r-patched-solaris-sparc, r-patched-solaris-x86, r-release-osx-x86_64-mavericks, r-release-osx-x86_64-snowleopard, r-release-windows-ix86+x86_64, r-oldrel-windows-ix86+x86_64

Version: 1.0-3
Check: S3 generic/method consistency
Result: NOTE
    Found the following apparent S3 methods exported but not registered:
     as.data.frame.aquaenv c.aquaenv length.aquaenv merge.aquaenv
     plot.aquaenv
    See section ‘Registering S3 methods’ in the ‘Writing R Extensions’
    manual.
Flavors: r-devel-linux-x86_64-debian-clang, r-devel-linux-x86_64-fedora-clang, r-devel-linux-x86_64-fedora-gcc, r-devel-osx-x86_64-clang, r-patched-solaris-x86

Version: 1.0-3
Check: R code for possible problems
Result: NOTE
    Found an obsolete/platform-specific call in the following function:
     ‘opendevice’
    Found the platform-specific device:
     ‘x11’
    dev.new() is the preferred way to open a new device, in the unlikely
    event one is needed.
    TAfit: no visible global function definition for ‘nls.lm.control’
    TAfit: no visible global function definition for ‘nls.lm’
Flavors: r-devel-linux-x86_64-debian-clang, r-devel-linux-x86_64-fedora-clang, r-devel-linux-x86_64-fedora-gcc, r-devel-osx-x86_64-clang, r-patched-solaris-sparc, r-patched-solaris-x86

Version: 1.0-3
Check: Rd line widths
Result: NOTE
    Rd file 'aquaenv.Rd':
     \usage lines wider than 90 characters:
     k_hf=NULL, k1k2="roy", khf="dickson", khso4="dickson", fCO2atm=0.000390, fO2atm=0.20946)
    
    These lines will be truncated in the PDF manual.
Flavors: r-devel-linux-x86_64-debian-clang, r-devel-linux-x86_64-fedora-clang, r-devel-linux-x86_64-fedora-gcc

Version: 1.0-3
Check: R code for possible problems
Result: NOTE
    TAfit: no visible global function definition for 'nls.lm.control'
    TAfit: no visible global function definition for 'nls.lm'
Flavors: r-devel-windows-ix86+x86_64, r-release-osx-x86_64-mavericks, r-release-osx-x86_64-snowleopard, r-release-windows-ix86+x86_64, r-oldrel-windows-ix86+x86_64