CRAN Package Check Results for Package ArArRedux

Last updated on 2024-02-23 10:51:14 CET.

Flavor Version Tinstall Tcheck Ttotal Status Flags
r-devel-linux-x86_64-debian-clang 1.0 NOTE
r-devel-linux-x86_64-debian-gcc 1.0 3.98 43.26 47.24 NOTE
r-devel-linux-x86_64-fedora-clang 1.0 74.89 NOTE
r-devel-linux-x86_64-fedora-gcc 1.0 76.32 NOTE
r-devel-windows-x86_64 1.0 6.00 66.00 72.00 OK
r-patched-linux-x86_64 1.0 5.52 54.37 59.89 OK
r-release-linux-x86_64 1.0 3.74 53.80 57.54 OK
r-release-macos-arm64 1.0 27.00 OK
r-release-macos-x86_64 1.0 42.00 OK
r-release-windows-x86_64 1.0 8.00 72.00 80.00 OK
r-oldrel-macos-arm64 1.0 27.00 OK
r-oldrel-windows-x86_64 1.0 11.00 79.00 90.00 OK

Check Details

Version: 1.0
Check: Rd files
Result: NOTE checkRd: (-1) getages.Rd:11: Lost braces; missing escapes or markup? 11 | containing the amalgamated $^{40}$Ar$^*$/$^{39}$Ar$_K$-ratios and | ^ checkRd: (-1) getages.Rd:11: Lost braces; missing escapes or markup? 11 | containing the amalgamated $^{40}$Ar$^*$/$^{39}$Ar$_K$-ratios and | ^ Flavors: r-devel-linux-x86_64-debian-clang, r-devel-linux-x86_64-debian-gcc, r-devel-linux-x86_64-fedora-clang, r-devel-linux-x86_64-fedora-gcc