CRAN Package Check Results for Package Arothron

Last updated on 2022-10-07 23:52:28 CEST.

Flavor Version Tinstall Tcheck Ttotal Status Flags
r-devel-linux-x86_64-debian-clang 2.0.3 14.18 122.60 136.78 OK
r-devel-linux-x86_64-debian-gcc 2.0.3 10.91 95.63 106.54 OK
r-devel-linux-x86_64-fedora-clang 2.0.3 196.67 NOTE
r-devel-linux-x86_64-fedora-gcc 2.0.3 174.72 OK
r-devel-windows-x86_64 2.0.3 40.00 160.00 200.00 NOTE
r-patched-linux-x86_64 2.0.3 12.76 121.47 134.23 OK
r-release-linux-x86_64 2.0.3 14.10 118.48 132.58 OK
r-release-macos-arm64 2.0.3 45.00 NOTE
r-release-macos-x86_64 2.0.3 72.00 NOTE
r-release-windows-x86_64 2.0.3 33.00 154.00 187.00 NOTE
r-oldrel-macos-arm64 2.0.3 52.00 NOTE
r-oldrel-macos-x86_64 2.0.3 67.00 NOTE
r-oldrel-windows-ix86+x86_64 2.0.3 30.00 143.00 173.00 NOTE

Check Details

Version: 2.0.3
Check: installed package size
Result: NOTE
     installed size is 5.2Mb
     sub-directories of 1Mb or more:
     data 5.0Mb
Flavors: r-devel-linux-x86_64-fedora-clang, r-devel-windows-x86_64, r-release-macos-arm64, r-release-macos-x86_64, r-release-windows-x86_64, r-oldrel-macos-arm64, r-oldrel-macos-x86_64, r-oldrel-windows-ix86+x86_64