CRAN Package Check Results for Package ArrayBin

Last updated on 2016-05-01 03:48:38.

Flavor Version Tinstall Tcheck Ttotal Status Flags
r-devel-linux-x86_64-debian-gcc 0.2 3.60 39.13 42.73 NOTE
r-devel-linux-x86_64-fedora-clang 0.2 84.71 NOTE
r-devel-linux-x86_64-fedora-gcc 0.2 80.44 NOTE
r-devel-osx-x86_64-clang 0.2 90.17 NOTE
r-devel-windows-ix86+x86_64 0.2 11.00 72.00 83.00 NOTE
r-patched-linux-x86_64 0.2 3.54 39.19 42.73 NOTE
r-patched-solaris-sparc 0.2 251.90 NOTE
r-patched-solaris-x86 0.2 115.20 NOTE
r-release-linux-x86_64 0.2 4.06 41.27 45.33 OK
r-release-osx-x86_64-mavericks 0.2 OK
r-release-windows-ix86+x86_64 0.2 7.00 38.00 45.00 OK
r-oldrel-windows-ix86+x86_64 0.2 10.00 58.00 68.00 OK

Check Details

Version: 0.2
Check: R code for possible problems
Result: NOTE
    binarize.array: no visible binding for global variable ‘sd’
    mskmeans: no visible global function definition for ‘kmeans’
    Undefined global functions or variables:
     kmeans sd
    Consider adding
     importFrom("stats", "kmeans", "sd")
    to your NAMESPACE file.
Flavors: r-devel-linux-x86_64-debian-gcc, r-devel-linux-x86_64-fedora-clang, r-devel-linux-x86_64-fedora-gcc, r-devel-osx-x86_64-clang, r-devel-windows-ix86+x86_64, r-patched-linux-x86_64, r-patched-solaris-sparc, r-patched-solaris-x86