CRAN Package Check Results for Package ArrayBin

Last updated on 2016-08-30 16:47:07.

Flavor Version Tinstall Tcheck Ttotal Status Flags
r-devel-linux-x86_64-debian-clang 0.2 3.20 38.06 41.27 NOTE
r-devel-linux-x86_64-debian-gcc 0.2 3.32 37.30 40.61 NOTE
r-devel-linux-x86_64-fedora-clang 0.2 89.72 NOTE
r-devel-linux-x86_64-fedora-gcc 0.2 99.11 NOTE
r-devel-osx-x86_64-clang 0.2 67.86 NOTE
r-devel-windows-ix86+x86_64 0.2 14.00 72.00 86.00 NOTE
r-patched-linux-x86_64 0.2 3.50 39.22 42.71 NOTE
r-patched-solaris-sparc 0.2 505.00 NOTE
r-patched-solaris-x86 0.2 117.10 NOTE
r-release-linux-x86_64 0.2 3.09 36.77 39.86 NOTE
r-release-osx-x86_64-mavericks 0.2 NOTE
r-release-windows-ix86+x86_64 0.2 16.00 74.00 90.00 NOTE
r-oldrel-windows-ix86+x86_64 0.2 7.00 38.00 45.00 OK

Check Details

Version: 0.2
Check: R code for possible problems
Result: NOTE
    binarize.array: no visible binding for global variable ‘sd’
    mskmeans: no visible global function definition for ‘kmeans’
    Undefined global functions or variables:
     kmeans sd
    Consider adding
     importFrom("stats", "kmeans", "sd")
    to your NAMESPACE file.
Flavors: r-devel-linux-x86_64-debian-clang, r-devel-linux-x86_64-debian-gcc, r-devel-linux-x86_64-fedora-clang, r-devel-linux-x86_64-fedora-gcc, r-devel-osx-x86_64-clang, r-devel-windows-ix86+x86_64, r-patched-linux-x86_64, r-patched-solaris-sparc, r-patched-solaris-x86, r-release-linux-x86_64, r-release-osx-x86_64-mavericks, r-release-windows-ix86+x86_64