CRAN Package Check Results for Package ArrayBin

Last updated on 2016-02-08 19:48:16.

Flavor Version Tinstall Tcheck Ttotal Status Flags
r-devel-linux-x86_64-debian-gcc 0.2 1.44 19.43 20.88 NOTE
r-devel-linux-x86_64-fedora-clang 0.2 41.87 NOTE
r-devel-linux-x86_64-fedora-gcc 0.2 39.14 NOTE
r-devel-osx-x86_64-clang 0.2 44.61 NOTE
r-devel-windows-ix86+x86_64 0.2 8.00 39.00 47.00 NOTE
r-patched-linux-x86_64 0.2 1.58 21.40 22.98 OK
r-patched-solaris-sparc 0.2 271.90 OK
r-patched-solaris-x86 0.2 57.80 OK
r-release-linux-x86_64 0.2 1.60 21.60 23.20 OK
r-release-osx-x86_64-mavericks 0.2 OK
r-release-windows-ix86+x86_64 0.2 7.00 38.00 45.00 OK
r-oldrel-windows-ix86+x86_64 0.2 10.00 58.00 68.00 OK

Check Details

Version: 0.2
Check: R code for possible problems
Result: NOTE
    binarize.array: no visible binding for global variable ‘sd’
    mskmeans: no visible global function definition for ‘kmeans’
    Undefined global functions or variables:
     kmeans sd
    Consider adding
     importFrom("stats", "kmeans", "sd")
    to your NAMESPACE file.
Flavors: r-devel-linux-x86_64-debian-gcc, r-devel-linux-x86_64-fedora-clang, r-devel-linux-x86_64-fedora-gcc, r-devel-osx-x86_64-clang, r-devel-windows-ix86+x86_64