CRAN Package Check Results for Package ArrayBin

Last updated on 2016-09-30 04:48:52.

Flavor Version Tinstall Tcheck Ttotal Status Flags
r-devel-linux-x86_64-debian-clang 0.2 3.00 36.58 39.58 NOTE
r-devel-linux-x86_64-debian-gcc 0.2 2.99 36.99 39.98 NOTE
r-devel-linux-x86_64-fedora-clang 0.2 115.40 NOTE
r-devel-linux-x86_64-fedora-gcc 0.2 78.64 NOTE
r-devel-macos-x86_64-clang 0.2 62.30 NOTE
r-devel-windows-ix86+x86_64 0.2 13.00 64.00 77.00 NOTE
r-patched-linux-x86_64 0.2 3.30 35.97 39.28 NOTE
r-patched-solaris-sparc 0.2 505.00 NOTE
r-patched-solaris-x86 0.2 113.20 NOTE
r-release-linux-x86_64 0.2 4.98 36.87 41.85 NOTE
r-release-osx-x86_64-mavericks 0.2 NOTE
r-release-windows-ix86+x86_64 0.2 9.00 62.00 71.00 NOTE
r-oldrel-windows-ix86+x86_64 0.2 7.00 38.00 45.00 OK

Check Details

Version: 0.2
Check: R code for possible problems
Result: NOTE
    binarize.array: no visible binding for global variable ‘sd’
    mskmeans: no visible global function definition for ‘kmeans’
    Undefined global functions or variables:
     kmeans sd
    Consider adding
     importFrom("stats", "kmeans", "sd")
    to your NAMESPACE file.
Flavors: r-devel-linux-x86_64-debian-clang, r-devel-linux-x86_64-debian-gcc, r-devel-linux-x86_64-fedora-clang, r-devel-linux-x86_64-fedora-gcc, r-devel-macos-x86_64-clang, r-devel-windows-ix86+x86_64, r-patched-linux-x86_64, r-patched-solaris-sparc, r-patched-solaris-x86, r-release-linux-x86_64, r-release-osx-x86_64-mavericks, r-release-windows-ix86+x86_64