CRAN Package Check Results for Package ArrayBin

Last updated on 2017-06-28 20:48:21.

Flavor Version Tinstall Tcheck Ttotal Status Flags
r-devel-linux-x86_64-debian-clang 0.2 3.15 40.14 43.29 NOTE
r-devel-linux-x86_64-debian-gcc 0.2 3.25 40.04 43.29 NOTE
r-devel-linux-x86_64-fedora-clang 0.2 94.56 NOTE
r-devel-linux-x86_64-fedora-gcc 0.2 96.06 NOTE
r-devel-windows-ix86+x86_64 0.2 15.00 93.00 108.00 NOTE
r-patched-linux-x86_64 0.2 3.12 39.68 42.80 NOTE
r-patched-solaris-sparc 0.2 580.70 NOTE
r-patched-solaris-x86 0.2 137.80 NOTE
r-release-linux-x86_64 0.2 3.11 40.15 43.26 NOTE
r-release-windows-ix86+x86_64 0.2 10.00 76.00 86.00 NOTE
r-release-osx-x86_64 0.2 ERROR
r-oldrel-windows-ix86+x86_64 0.2 8.00 69.00 77.00 NOTE
r-oldrel-osx-x86_64 0.2 NOTE

Check Details

Version: 0.2
Check: R code for possible problems
Result: NOTE
    binarize.array: no visible binding for global variable ‘sd’
    mskmeans: no visible global function definition for ‘kmeans’
    Undefined global functions or variables:
     kmeans sd
    Consider adding
     importFrom("stats", "kmeans", "sd")
    to your NAMESPACE file.
Flavors: r-devel-linux-x86_64-debian-clang, r-devel-linux-x86_64-debian-gcc, r-devel-linux-x86_64-fedora-clang, r-devel-linux-x86_64-fedora-gcc, r-devel-windows-ix86+x86_64, r-patched-linux-x86_64, r-patched-solaris-sparc, r-patched-solaris-x86, r-release-linux-x86_64, r-release-windows-ix86+x86_64, r-oldrel-windows-ix86+x86_64, r-oldrel-osx-x86_64

Version: 0.2
Check: package dependencies
Result: ERROR
    Package required but not available: ‘SAGx’
    
    See section ‘The DESCRIPTION file’ in the ‘Writing R Extensions’
    manual.
Flavor: r-release-osx-x86_64