CRAN Package Check Results for Package ArrayBin

Last updated on 2015-09-01 12:48:03.

Flavor Version Tinstall Tcheck Ttotal Status Flags
r-devel-linux-x86_64-debian-clang 0.2 1.44 20.31 21.76 NOTE
r-devel-linux-x86_64-debian-gcc 0.2 1.38 20.00 21.38 NOTE
r-devel-linux-x86_64-fedora-clang 0.2 43.65 NOTE
r-devel-linux-x86_64-fedora-gcc 0.2 40.68 NOTE
r-devel-osx-x86_64-clang 0.2 38.08 OK
r-devel-windows-ix86+x86_64 0.2 6.00 37.00 43.00 NOTE
r-patched-linux-x86_64 0.2 1.55 20.92 22.47 OK
r-patched-solaris-sparc 0.2 284.60 OK
r-patched-solaris-x86 0.2 65.20 OK
r-release-linux-x86_64 0.2 2.02 21.41 23.43 OK
r-release-osx-x86_64-mavericks 0.2 OK
r-release-windows-ix86+x86_64 0.2 6.00 50.00 56.00 OK
r-oldrel-windows-ix86+x86_64 0.2 10.00 58.00 68.00 OK

Check Details

Version: 0.2
Check: R code for possible problems
Result: NOTE
    binarize.array: no visible binding for global variable ‘sd’
    mskmeans: no visible global function definition for ‘kmeans’
    Undefined global functions or variables:
     kmeans sd
    Consider adding
     importFrom("stats", "kmeans", "sd")
    to your NAMESPACE.
Flavors: r-devel-linux-x86_64-debian-clang, r-devel-linux-x86_64-debian-gcc, r-devel-linux-x86_64-fedora-clang, r-devel-linux-x86_64-fedora-gcc, r-devel-windows-ix86+x86_64