CRAN Package Check Results for Package ArrayBin

Last updated on 2018-06-22 18:46:28 CEST.

Flavor Version Tinstall Tcheck Ttotal Status Flags
r-devel-linux-x86_64-debian-clang 0.2 5.93 79.12 85.05 NOTE
r-devel-linux-x86_64-debian-gcc 0.2 5.05 62.09 67.14 NOTE
r-devel-linux-x86_64-fedora-clang 0.2 99.41 NOTE
r-devel-linux-x86_64-fedora-gcc 0.2 96.29 NOTE
r-devel-windows-ix86+x86_64 0.2 15.00 111.00 126.00 NOTE
r-patched-linux-x86_64 0.2 4.52 65.16 69.68 NOTE
r-patched-solaris-x86 0.2 137.70 NOTE
r-release-linux-x86_64 0.2 4.23 65.13 69.36 NOTE
r-release-windows-ix86+x86_64 0.2 13.00 98.00 111.00 NOTE
r-release-osx-x86_64 0.2 NOTE
r-oldrel-windows-ix86+x86_64 0.2 9.00 73.00 82.00 NOTE
r-oldrel-osx-x86_64 0.2 NOTE

Check Details

Version: 0.2
Check: R code for possible problems
Result: NOTE
    binarize.array: no visible binding for global variable ‘sd’
    mskmeans: no visible global function definition for ‘kmeans’
    Undefined global functions or variables:
     kmeans sd
    Consider adding
     importFrom("stats", "kmeans", "sd")
    to your NAMESPACE file.
Flavors: r-devel-linux-x86_64-debian-clang, r-devel-linux-x86_64-debian-gcc, r-devel-linux-x86_64-fedora-clang, r-devel-linux-x86_64-fedora-gcc, r-devel-windows-ix86+x86_64, r-patched-linux-x86_64, r-patched-solaris-x86, r-release-linux-x86_64, r-release-windows-ix86+x86_64, r-release-osx-x86_64, r-oldrel-windows-ix86+x86_64, r-oldrel-osx-x86_64