Last updated on 2018-04-26 16:48:44 CEST.
Flavor | Version | Tinstall | Tcheck | Ttotal | Status | Flags |
---|---|---|---|---|---|---|
r-devel-linux-x86_64-debian-clang | 0.2 | 4.21 | 59.26 | 63.47 | NOTE | |
r-devel-linux-x86_64-debian-gcc | 0.2 | 4.73 | 52.79 | 57.52 | NOTE | |
r-devel-linux-x86_64-fedora-clang | 0.2 | 87.01 | NOTE | |||
r-devel-linux-x86_64-fedora-gcc | 0.2 | 84.02 | NOTE | |||
r-devel-windows-ix86+x86_64 | 0.2 | 13.00 | 98.00 | 111.00 | NOTE | |
r-patched-linux-x86_64 | 0.2 | 4.13 | 63.96 | 68.09 | NOTE | |
r-patched-solaris-x86 | 0.2 | 138.60 | NOTE | |||
r-release-linux-x86_64 | 0.2 | 4.38 | 64.42 | 68.80 | NOTE | |
r-release-windows-ix86+x86_64 | 0.2 | 13.00 | 98.00 | 111.00 | NOTE | |
r-release-osx-x86_64 | 0.2 | NOTE | ||||
r-oldrel-windows-ix86+x86_64 | 0.2 | 9.00 | 73.00 | 82.00 | NOTE | |
r-oldrel-osx-x86_64 | 0.2 | NOTE |
Version: 0.2
Check: R code for possible problems
Result: NOTE
binarize.array: no visible binding for global variable ‘sd’
mskmeans: no visible global function definition for ‘kmeans’
Undefined global functions or variables:
kmeans sd
Consider adding
importFrom("stats", "kmeans", "sd")
to your NAMESPACE file.
Flavors: r-devel-linux-x86_64-debian-clang, r-devel-linux-x86_64-debian-gcc, r-devel-linux-x86_64-fedora-clang, r-devel-linux-x86_64-fedora-gcc, r-devel-windows-ix86+x86_64, r-patched-linux-x86_64, r-patched-solaris-x86, r-release-linux-x86_64, r-release-windows-ix86+x86_64, r-release-osx-x86_64, r-oldrel-windows-ix86+x86_64, r-oldrel-osx-x86_64