CRAN Package Check Results for Package ArrayBin

Last updated on 2017-01-23 08:48:29.

Flavor Version Tinstall Tcheck Ttotal Status Flags
r-devel-linux-x86_64-debian-clang 0.2 3.03 38.66 41.69 NOTE
r-devel-linux-x86_64-debian-gcc 0.2 3.34 39.83 43.17 NOTE
r-devel-linux-x86_64-fedora-clang 0.2 83.32 NOTE --no-stop-on-test-error
r-devel-linux-x86_64-fedora-gcc 0.2 96.95 NOTE --no-stop-on-test-error
r-devel-macos-x86_64-clang 0.2 63.47 NOTE --no-stop-on-test-error
r-devel-windows-ix86+x86_64 0.2 10.00 77.00 87.00 NOTE
r-patched-linux-x86_64 0.2 3.07 37.42 40.49 NOTE
r-patched-solaris-sparc 0.2 490.50 NOTE
r-patched-solaris-x86 0.2 117.30 NOTE
r-release-linux-x86_64 0.2 2.92 36.17 39.09 NOTE
r-release-osx-x86_64-mavericks 0.2 NOTE
r-release-windows-ix86+x86_64 0.2 8.00 69.00 77.00 NOTE
r-oldrel-windows-ix86+x86_64 0.2 8.00 63.00 71.00 OK

Check Details

Version: 0.2
Check: R code for possible problems
Result: NOTE
    binarize.array: no visible binding for global variable ‘sd’
    mskmeans: no visible global function definition for ‘kmeans’
    Undefined global functions or variables:
     kmeans sd
    Consider adding
     importFrom("stats", "kmeans", "sd")
    to your NAMESPACE file.
Flavors: r-devel-linux-x86_64-debian-clang, r-devel-linux-x86_64-debian-gcc, r-devel-windows-ix86+x86_64, r-patched-linux-x86_64, r-patched-solaris-sparc, r-patched-solaris-x86, r-release-linux-x86_64, r-release-osx-x86_64-mavericks, r-release-windows-ix86+x86_64

Version: 0.2
Flags: --no-stop-on-test-error
Check: R code for possible problems
Result: NOTE
    binarize.array: no visible binding for global variable ‘sd’
    mskmeans: no visible global function definition for ‘kmeans’
    Undefined global functions or variables:
     kmeans sd
    Consider adding
     importFrom("stats", "kmeans", "sd")
    to your NAMESPACE file.
Flavors: r-devel-linux-x86_64-fedora-clang, r-devel-linux-x86_64-fedora-gcc, r-devel-macos-x86_64-clang