CRAN Package Check Results for Package ArrayBin

Last updated on 2015-04-26 23:46:41.

Flavor Version Tinstall Tcheck Ttotal Status Flags
r-devel-linux-x86_64-debian-clang 0.2 1.59 21.03 22.62 OK
r-devel-linux-x86_64-debian-gcc 0.2 1.46 20.82 22.29 OK
r-devel-linux-x86_64-fedora-clang 0.2 48.01 OK
r-devel-linux-x86_64-fedora-gcc 0.2 46.01 OK
r-devel-osx-x86_64-clang 0.2 42.79 OK
r-devel-windows-ix86+x86_64 0.2 7.00 36.00 43.00 OK
r-patched-linux-x86_64 0.2 1.48 21.70 23.18 OK
r-patched-solaris-sparc 0.2 279.30 OK
r-patched-solaris-x86 0.2 62.20 OK
r-release-linux-x86_64 0.2 1.46 21.94 23.40 OK
r-release-osx-x86_64-mavericks 0.2 OK
r-release-osx-x86_64-snowleopard 0.2 ERROR
r-release-windows-ix86+x86_64 0.2 4.00 35.00 39.00 OK
r-oldrel-windows-ix86+x86_64 0.2 10.00 58.00 68.00 OK

Check Details

Version: 0.2
Check: package dependencies
Result: ERROR
    Package required but not available: ‘SAGx’
    
    See section ‘The DESCRIPTION file’ in the ‘Writing R Extensions’
    manual.
Flavor: r-release-osx-x86_64-snowleopard