CRAN Package Check Results for Package ArrayBin

Last updated on 2017-02-27 18:48:42.

Flavor Version Tinstall Tcheck Ttotal Status Flags
r-devel-linux-x86_64-debian-clang 0.2 3.32 40.10 43.42 NOTE
r-devel-linux-x86_64-debian-gcc 0.2 3.26 41.16 44.42 NOTE
r-devel-linux-x86_64-fedora-clang 0.2 124.21 NOTE --no-stop-on-test-error
r-devel-linux-x86_64-fedora-gcc 0.2 122.89 NOTE --no-stop-on-test-error
r-devel-macos-x86_64-clang 0.2 73.36 NOTE --no-stop-on-test-error
r-devel-windows-ix86+x86_64 0.2 13.00 100.00 113.00 NOTE
r-patched-linux-x86_64 0.2 3.15 36.29 39.44 NOTE
r-patched-solaris-sparc 0.2 490.50 NOTE
r-patched-solaris-x86 0.2 105.40 NOTE
r-release-linux-x86_64 0.2 3.25 36.51 39.75 NOTE
r-release-osx-x86_64-mavericks 0.2 NOTE
r-release-windows-ix86+x86_64 0.2 8.00 69.00 77.00 NOTE
r-oldrel-windows-ix86+x86_64 0.2 8.00 63.00 71.00 OK

Check Details

Version: 0.2
Check: R code for possible problems
Result: NOTE
    binarize.array: no visible binding for global variable ‘sd’
    mskmeans: no visible global function definition for ‘kmeans’
    Undefined global functions or variables:
     kmeans sd
    Consider adding
     importFrom("stats", "kmeans", "sd")
    to your NAMESPACE file.
Flavors: r-devel-linux-x86_64-debian-clang, r-devel-linux-x86_64-debian-gcc, r-devel-windows-ix86+x86_64, r-patched-linux-x86_64, r-patched-solaris-sparc, r-patched-solaris-x86, r-release-linux-x86_64, r-release-osx-x86_64-mavericks, r-release-windows-ix86+x86_64

Version: 0.2
Flags: --no-stop-on-test-error
Check: R code for possible problems
Result: NOTE
    binarize.array: no visible binding for global variable ‘sd’
    mskmeans: no visible global function definition for ‘kmeans’
    Undefined global functions or variables:
     kmeans sd
    Consider adding
     importFrom("stats", "kmeans", "sd")
    to your NAMESPACE file.
Flavors: r-devel-linux-x86_64-fedora-clang, r-devel-linux-x86_64-fedora-gcc, r-devel-macos-x86_64-clang