CRAN Package Check Results for Package ArrayBin

Last updated on 2015-07-28 09:46:52.

Flavor Version Tinstall Tcheck Ttotal Status Flags
r-devel-linux-x86_64-debian-clang 0.2 1.48 21.64 23.12 NOTE
r-devel-linux-x86_64-debian-gcc 0.2 1.45 20.74 22.19 NOTE
r-devel-linux-x86_64-fedora-clang 0.2 46.65 NOTE
r-devel-linux-x86_64-fedora-gcc 0.2 45.13 NOTE
r-devel-osx-x86_64-clang 0.2 42.93 OK
r-devel-windows-ix86+x86_64 0.2 9.00 36.00 45.00 NOTE
r-patched-linux-x86_64 0.2 1.48 20.80 22.28 OK
r-patched-solaris-sparc 0.2 284.60 OK
r-patched-solaris-x86 0.2 63.00 OK
r-release-linux-x86_64 0.2 1.51 20.84 22.34 OK
r-release-osx-x86_64-mavericks 0.2 OK
r-release-windows-ix86+x86_64 0.2 7.00 35.00 42.00 OK
r-oldrel-windows-ix86+x86_64 0.2 10.00 58.00 68.00 OK

Check Details

Version: 0.2
Check: R code for possible problems
Result: NOTE
    binarize.array: no visible binding for global variable ‘sd’
    mskmeans: no visible global function definition for ‘kmeans’
    Undefined global functions or variables:
     kmeans sd
    Consider adding
     importFrom("stats", "kmeans", "sd")
    to your NAMESPACE.
Flavors: r-devel-linux-x86_64-debian-clang, r-devel-linux-x86_64-debian-gcc, r-devel-linux-x86_64-fedora-clang, r-devel-linux-x86_64-fedora-gcc, r-devel-windows-ix86+x86_64