CRAN Package Check Results for Package ArrayBin

Last updated on 2015-05-29 21:46:31.

Flavor Version Tinstall Tcheck Ttotal Status Flags
r-devel-linux-x86_64-debian-clang 0.2 1.52 21.58 23.10 OK
r-devel-linux-x86_64-debian-gcc 0.2 1.48 21.46 22.95 OK
r-devel-linux-x86_64-fedora-clang 0.2 48.62 OK
r-devel-linux-x86_64-fedora-gcc 0.2 43.41 OK
r-devel-osx-x86_64-clang 0.2 41.70 OK
r-devel-windows-ix86+x86_64 0.2 6.00 36.00 42.00 OK
r-patched-linux-x86_64 0.2 1.46 20.64 22.10 OK
r-patched-solaris-sparc 0.2 281.70 OK
r-patched-solaris-x86 0.2 62.50 OK
r-release-linux-x86_64 0.2 1.47 21.41 22.88 OK
r-release-osx-x86_64-mavericks 0.2 OK
r-release-osx-x86_64-snowleopard 0.2 ERROR
r-release-windows-ix86+x86_64 0.2 4.00 35.00 39.00 OK
r-oldrel-windows-ix86+x86_64 0.2 10.00 58.00 68.00 OK

Check Details

Version: 0.2
Check: package dependencies
Result: ERROR
    Package required but not available: ‘SAGx’
    
    See section ‘The DESCRIPTION file’ in the ‘Writing R Extensions’
    manual.
Flavor: r-release-osx-x86_64-snowleopard