CRAN Package Check Results for Package ArrayBin

Last updated on 2018-01-19 05:49:41 CET.

Flavor Version Tinstall Tcheck Ttotal Status Flags
r-devel-linux-x86_64-debian-clang 0.2 3.51 52.28 55.79 NOTE
r-devel-linux-x86_64-debian-gcc 0.2 4.02 46.69 50.71 NOTE
r-devel-windows-ix86+x86_64 0.2 9.00 64.00 73.00 NOTE
r-patched-linux-x86_64 0.2 3.75 64.05 67.80 NOTE
r-patched-solaris-x86 0.2 141.60 NOTE
r-release-linux-x86_64 0.2 4.56 63.82 68.38 NOTE
r-release-windows-ix86+x86_64 0.2 9.00 73.00 82.00 NOTE
r-release-osx-x86_64 0.2 ERROR
r-oldrel-windows-ix86+x86_64 0.2 8.00 69.00 77.00 NOTE
r-oldrel-osx-x86_64 0.2 NOTE

Check Details

Version: 0.2
Check: R code for possible problems
Result: NOTE
    binarize.array: no visible binding for global variable ‘sd’
    mskmeans: no visible global function definition for ‘kmeans’
    Undefined global functions or variables:
     kmeans sd
    Consider adding
     importFrom("stats", "kmeans", "sd")
    to your NAMESPACE file.
Flavors: r-devel-linux-x86_64-debian-clang, r-devel-linux-x86_64-debian-gcc, r-devel-windows-ix86+x86_64, r-patched-linux-x86_64, r-patched-solaris-x86, r-release-linux-x86_64, r-release-windows-ix86+x86_64, r-oldrel-windows-ix86+x86_64, r-oldrel-osx-x86_64

Version: 0.2
Check: package dependencies
Result: ERROR
    Package required but not available: ‘SAGx’
    
    See section ‘The DESCRIPTION file’ in the ‘Writing R Extensions’
    manual.
Flavor: r-release-osx-x86_64