CRAN Package Check Results for Package ArrayBin

Last updated on 2014-04-24 21:47:36.

Flavor Version Tinstall Tcheck Ttotal Status Flags
r-devel-linux-x86_64-debian-clang 0.2 2.07 28.08 30.14 OK
r-devel-linux-x86_64-debian-gcc 0.2 2.02 27.16 29.18 OK
r-devel-linux-x86_64-fedora-clang 0.2 60.07 OK
r-devel-linux-x86_64-fedora-gcc 0.2 57.50 OK
r-devel-osx-x86_64-clang 0.2 56.03 OK
r-devel-osx-x86_64-gcc 0.2 ERROR
r-devel-windows-ix86+x86_64 0.2 7.00 42.00 49.00 OK
r-patched-linux-x86_64 0.2 2.03 26.70 28.73 OK
r-patched-solaris-sparc 0.2 322.50 OK
r-patched-solaris-x86 0.2 78.70 OK
r-release-linux-ix86 0.2 4.00 47.00 51.00 OK
r-release-linux-x86_64 0.2 2.01 26.88 28.88 OK
r-release-osx-x86_64-mavericks 0.2 ERROR
r-release-osx-x86_64-snowleopard 0.2 OK
r-release-windows-ix86+x86_64 0.2 5.00 33.00 38.00 OK
r-oldrel-windows-ix86+x86_64 0.2 7.00 40.00 47.00 OK

Check Details

Version: 0.2
Check: package dependencies
Result: ERROR
    Package required but not available: ‘SAGx’
    
    See the information on DESCRIPTION files in the chapter ‘Creating R
    packages’ of the ‘Writing R Extensions’ manual.
Flavors: r-devel-osx-x86_64-gcc, r-release-osx-x86_64-mavericks