CRAN Package Check Results for Package ArrayBin

Last updated on 2016-06-26 22:47:36.

Flavor Version Tinstall Tcheck Ttotal Status Flags
r-devel-linux-x86_64-debian-gcc 0.2 3.37 37.68 41.05 NOTE
r-devel-linux-x86_64-fedora-clang 0.2 83.88 NOTE
r-devel-linux-x86_64-fedora-gcc 0.2 81.57 NOTE
r-devel-osx-x86_64-clang 0.2 64.41 NOTE
r-devel-windows-ix86+x86_64 0.2 14.00 69.00 83.00 NOTE
r-patched-linux-x86_64 0.2 3.76 40.62 44.38 NOTE
r-patched-solaris-sparc 0.2 505.00 NOTE
r-patched-solaris-x86 0.2 113.90 NOTE
r-release-linux-x86_64 0.2 3.84 39.94 43.79 NOTE
r-release-osx-x86_64-mavericks 0.2 NOTE
r-release-windows-ix86+x86_64 0.2 16.00 74.00 90.00 NOTE
r-oldrel-windows-ix86+x86_64 0.2 7.00 38.00 45.00 OK

Check Details

Version: 0.2
Check: R code for possible problems
Result: NOTE
    binarize.array: no visible binding for global variable ‘sd’
    mskmeans: no visible global function definition for ‘kmeans’
    Undefined global functions or variables:
     kmeans sd
    Consider adding
     importFrom("stats", "kmeans", "sd")
    to your NAMESPACE file.
Flavors: r-devel-linux-x86_64-debian-gcc, r-devel-linux-x86_64-fedora-clang, r-devel-linux-x86_64-fedora-gcc, r-devel-osx-x86_64-clang, r-devel-windows-ix86+x86_64, r-patched-linux-x86_64, r-patched-solaris-sparc, r-patched-solaris-x86, r-release-linux-x86_64, r-release-osx-x86_64-mavericks, r-release-windows-ix86+x86_64