CRAN Package Check Results for Package AssetCorr

Last updated on 2021-12-03 17:48:54 CET.

Flavor Version Tinstall Tcheck Ttotal Status Flags
r-devel-linux-x86_64-debian-clang 1.0.4 11.71 279.10 290.81 OK
r-devel-linux-x86_64-debian-gcc 1.0.4 9.68 201.81 211.49 OK
r-devel-linux-x86_64-fedora-clang 1.0.4 341.36 NOTE
r-devel-linux-x86_64-fedora-gcc 1.0.4 351.60 NOTE
r-devel-windows-x86_64-new-UL 1.0.4 21.00 362.00 383.00 OK
r-devel-windows-x86_64-new-TK 1.0.4 NOTE
r-devel-windows-x86_64-old 1.0.4 20.00 287.00 307.00 OK
r-patched-linux-x86_64 1.0.4 10.45 80.26 90.71 OK
r-release-linux-x86_64 1.0.4 9.31 81.05 90.36 OK
r-release-macos-arm64 1.0.4 NOTE
r-release-macos-x86_64 1.0.4 NOTE
r-release-windows-ix86+x86_64 1.0.4 24.00 112.00 136.00 OK
r-oldrel-macos-x86_64 1.0.4 NOTE
r-oldrel-windows-ix86+x86_64 1.0.4 23.00 109.00 132.00 OK

Check Details

Version: 1.0.4
Check: dependencies in R code
Result: NOTE
    Namespace in Imports field not imported from: ‘knitr’
     All declared Imports should be used.
Flavors: r-devel-linux-x86_64-fedora-clang, r-devel-linux-x86_64-fedora-gcc, r-devel-windows-x86_64-new-TK, r-release-macos-arm64, r-release-macos-x86_64, r-oldrel-macos-x86_64