CRAN Package Check Results for Package AssetPricing

Last updated on 2015-08-31 12:47:34.

Flavor Version Tinstall Tcheck Ttotal Status Flags
r-devel-linux-x86_64-debian-clang 1.0-0 0.65 18.88 19.53 NOTE
r-devel-linux-x86_64-debian-gcc 1.0-0 0.66 18.56 19.22 NOTE
r-devel-linux-x86_64-fedora-clang 1.0-0 37.23 NOTE
r-devel-linux-x86_64-fedora-gcc 1.0-0 35.14 NOTE
r-devel-osx-x86_64-clang 1.0-0 34.71 NOTE
r-devel-windows-ix86+x86_64 1.0-0 2.00 35.00 37.00 NOTE
r-patched-linux-x86_64 1.0-0 0.85 19.13 19.98 NOTE
r-patched-solaris-sparc 1.0-0 253.30 NOTE
r-patched-solaris-x86 1.0-0 50.50 NOTE
r-release-linux-x86_64 1.0-0 0.70 19.40 20.11 NOTE
r-release-osx-x86_64-mavericks 1.0-0 NOTE
r-release-windows-ix86+x86_64 1.0-0 5.00 44.00 49.00 NOTE
r-oldrel-windows-ix86+x86_64 1.0-0 3.00 34.00 37.00 OK

Check Details

Version: 1.0-0
Check: DESCRIPTION meta-information
Result: NOTE
    Malformed Title field: should not end in a period.
Flavors: r-devel-linux-x86_64-debian-clang, r-devel-linux-x86_64-debian-gcc, r-devel-linux-x86_64-fedora-clang, r-devel-linux-x86_64-fedora-gcc, r-devel-osx-x86_64-clang, r-devel-windows-ix86+x86_64, r-patched-linux-x86_64, r-patched-solaris-sparc, r-patched-solaris-x86, r-release-linux-x86_64, r-release-osx-x86_64-mavericks, r-release-windows-ix86+x86_64

Version: 1.0-0
Check: S3 generic/method consistency
Result: NOTE
    Found the following apparent S3 methods exported but not registered:
     plot.AssetPricing plot.flap
    See section ‘Registering S3 methods’ in the ‘Writing R Extensions’
    manual.
Flavors: r-devel-linux-x86_64-debian-clang, r-devel-linux-x86_64-debian-gcc, r-devel-linux-x86_64-fedora-clang, r-devel-linux-x86_64-fedora-gcc, r-devel-osx-x86_64-clang, r-patched-linux-x86_64, r-patched-solaris-sparc, r-patched-solaris-x86, r-release-linux-x86_64

Version: 1.0-0
Check: R code for possible problems
Result: NOTE
    a2sf: no visible global function definition for ‘stepfun’
    buildS: no visible global function definition for ‘optimize’
    plot.AssetPricing: no visible global function definition for ‘plot’
    plot.flap: no visible global function definition for ‘par’
    plot.flap : startPlot: no visible global function definition for ‘plot’
    plot.flap : startPlot: no visible global function definition for ‘axis’
    plot.flap: no visible global function definition for ‘plot’
    plot.flap: no visible global function definition for ‘text’
    plot.flap: no visible global function definition for ‘mtext’
    plot.flap: no visible global function definition for ‘dev.interactive’
    plot.stepfun: no visible global function definition for ‘par’
    plot.stepfun: no visible global function definition for ‘is.stepfun’
    plot.stepfun: no visible global function definition for ‘ecdf’
    plot.stepfun: no visible global function definition for ‘knots’
    plot.stepfun: no visible global function definition for ‘median’
    plot.stepfun: no visible global function definition for ‘segments’
    plot.stepfun: no visible global function definition for ‘plot’
    plot.stepfun: no visible global function definition for ‘points’
    putAway : <anonymous>: no visible global function definition for
     ‘approxfun’
    putAway : <anonymous>: no visible global function definition for
     ‘splinefun’
    turnPts: no visible global function definition for ‘deriv’
    vsolve: no visible global function definition for ‘deriv3’
    xsolve.cont: no visible global function definition for ‘deriv3’
    Undefined global functions or variables:
     approxfun axis deriv deriv3 dev.interactive ecdf is.stepfun knots
     median mtext optimize par plot points segments splinefun stepfun text
    Consider adding
     importFrom("grDevices", "dev.interactive")
     importFrom("graphics", "axis", "mtext", "par", "plot", "points",
     "segments", "text")
     importFrom("stats", "approxfun", "deriv", "deriv3", "ecdf",
     "is.stepfun", "knots", "median", "optimize", "splinefun",
     "stepfun")
    to your NAMESPACE.
Flavors: r-devel-linux-x86_64-debian-clang, r-devel-linux-x86_64-debian-gcc, r-devel-linux-x86_64-fedora-clang, r-devel-linux-x86_64-fedora-gcc, r-devel-windows-ix86+x86_64