CRAN Package Check Results for Package AssetPricing

Last updated on 2015-05-27 19:47:01.

Flavor Version Tinstall Tcheck Ttotal Status Flags
r-devel-linux-x86_64-debian-clang 1.0-0 0.93 19.00 19.93 NOTE
r-devel-linux-x86_64-debian-gcc 1.0-0 0.64 18.24 18.88 NOTE
r-devel-linux-x86_64-fedora-clang 1.0-0 36.65 NOTE
r-devel-linux-x86_64-fedora-gcc 1.0-0 35.00 NOTE
r-devel-osx-x86_64-clang 1.0-0 36.07 NOTE
r-devel-windows-ix86+x86_64 1.0-0 3.00 32.00 35.00 NOTE
r-patched-linux-x86_64 1.0-0 0.92 17.57 18.49 NOTE
r-patched-solaris-sparc 1.0-0 237.70 NOTE
r-patched-solaris-x86 1.0-0 45.80 NOTE
r-release-linux-x86_64 1.0-0 0.69 19.12 19.80 NOTE
r-release-osx-x86_64-mavericks 1.0-0 NOTE
r-release-osx-x86_64-snowleopard 1.0-0 NOTE
r-release-windows-ix86+x86_64 1.0-0 2.00 29.00 31.00 NOTE
r-oldrel-windows-ix86+x86_64 1.0-0 5.00 43.00 48.00 OK

Check Details

Version: 1.0-0
Check: DESCRIPTION meta-information
Result: NOTE
    Malformed Title field: should not end in a period.
Flavors: r-devel-linux-x86_64-debian-clang, r-devel-linux-x86_64-debian-gcc, r-devel-linux-x86_64-fedora-clang, r-devel-linux-x86_64-fedora-gcc, r-devel-osx-x86_64-clang, r-devel-windows-ix86+x86_64, r-patched-linux-x86_64, r-patched-solaris-sparc, r-patched-solaris-x86, r-release-linux-x86_64, r-release-osx-x86_64-mavericks, r-release-osx-x86_64-snowleopard, r-release-windows-ix86+x86_64

Version: 1.0-0
Check: S3 generic/method consistency
Result: NOTE
    Found the following apparent S3 methods exported but not registered:
     plot.AssetPricing plot.flap
    See section ‘Registering S3 methods’ in the ‘Writing R Extensions’
    manual.
Flavors: r-devel-linux-x86_64-debian-clang, r-devel-linux-x86_64-debian-gcc, r-devel-linux-x86_64-fedora-clang, r-devel-linux-x86_64-fedora-gcc, r-devel-osx-x86_64-clang, r-patched-linux-x86_64, r-patched-solaris-sparc, r-patched-solaris-x86, r-release-linux-x86_64