CRAN Package Check Results for Package AssetPricing

Last updated on 2015-03-31 23:49:26.

Flavor Version Tinstall Tcheck Ttotal Status Flags
r-devel-linux-x86_64-debian-clang 1.0-0 0.90 18.94 19.84 NOTE
r-devel-linux-x86_64-debian-gcc 1.0-0 0.94 17.79 18.74 NOTE
r-devel-linux-x86_64-fedora-clang 1.0-0 36.49 NOTE
r-devel-linux-x86_64-fedora-gcc 1.0-0 36.50 NOTE
r-devel-osx-x86_64-clang 1.0-0 40.34 NOTE
r-prerel-windows-ix86+x86_64 1.0-0 4.00 29.00 33.00 NOTE
r-prerel-linux-x86_64 1.0-0 0.65 17.78 18.43 NOTE
r-prerel-solaris-sparc 1.0-0 232.60 NOTE
r-prerel-solaris-x86 1.0-0 45.10 NOTE
r-release-linux-x86_64 1.0-0 0.77 19.78 20.55 OK
r-release-osx-x86_64-mavericks 1.0-0 OK
r-release-osx-x86_64-snowleopard 1.0-0 OK
r-release-windows-ix86+x86_64 1.0-0 5.00 43.00 48.00 OK
r-oldrel-windows-ix86+x86_64 1.0-0 4.00 35.00 39.00 OK

Check Details

Version: 1.0-0
Check: DESCRIPTION meta-information
Result: NOTE
    Malformed Title field: should not end in a period.
Flavors: r-devel-linux-x86_64-debian-clang, r-devel-linux-x86_64-debian-gcc, r-devel-linux-x86_64-fedora-clang, r-devel-linux-x86_64-fedora-gcc, r-devel-osx-x86_64-clang, r-prerel-windows-ix86+x86_64, r-prerel-linux-x86_64, r-prerel-solaris-sparc, r-prerel-solaris-x86

Version: 1.0-0
Check: S3 generic/method consistency
Result: NOTE
    Found the following apparent S3 methods exported but not registered:
     plot.AssetPricing plot.flap
    See section ‘Registering S3 methods’ in the ‘Writing R Extensions’
    manual.
Flavors: r-devel-linux-x86_64-debian-clang, r-devel-linux-x86_64-debian-gcc, r-devel-linux-x86_64-fedora-clang, r-devel-linux-x86_64-fedora-gcc, r-devel-osx-x86_64-clang, r-prerel-linux-x86_64