CRAN Package Check Results for Package AssetPricing

Last updated on 2015-04-25 15:46:10.

Flavor Version Tinstall Tcheck Ttotal Status Flags
r-devel-linux-x86_64-debian-clang 1.0-0 0.68 18.68 19.36 NOTE
r-devel-linux-x86_64-debian-gcc 1.0-0 0.65 17.70 18.34 NOTE
r-devel-linux-x86_64-fedora-clang 1.0-0 37.77 NOTE
r-devel-linux-x86_64-fedora-gcc 1.0-0 35.35 NOTE
r-devel-osx-x86_64-clang 1.0-0 35.30 NOTE
r-devel-windows-ix86+x86_64 1.0-0 2.00 35.00 37.00 NOTE
r-patched-linux-x86_64 1.0-0 0.68 17.98 18.66 NOTE
r-patched-solaris-sparc 1.0-0 232.60 NOTE
r-patched-solaris-x86 1.0-0 44.70 NOTE
r-release-linux-x86_64 1.0-0 0.65 18.76 19.41 NOTE
r-release-osx-x86_64-mavericks 1.0-0 NOTE
r-release-osx-x86_64-snowleopard 1.0-0 NOTE
r-release-windows-ix86+x86_64 1.0-0 2.00 29.00 31.00 NOTE
r-oldrel-windows-ix86+x86_64 1.0-0 5.00 43.00 48.00 OK

Check Details

Version: 1.0-0
Check: DESCRIPTION meta-information
Result: NOTE
    Malformed Title field: should not end in a period.
Flavors: r-devel-windows-ix86+x86_64, r-release-windows-ix86+x86_64