CRAN Package Check Results for Package AssetPricing

Last updated on 2015-07-05 22:47:18.

Flavor Version Tinstall Tcheck Ttotal Status Flags
r-devel-linux-x86_64-debian-clang 1.0-0 0.76 18.74 19.50 NOTE
r-devel-linux-x86_64-debian-gcc 1.0-0 0.88 17.45 18.33 NOTE
r-devel-linux-x86_64-fedora-clang 1.0-0 35.07 NOTE
r-devel-linux-x86_64-fedora-gcc 1.0-0 32.39 NOTE
r-devel-osx-x86_64-clang 1.0-0 31.78 NOTE
r-devel-windows-ix86+x86_64 1.0-0 2.00 29.00 31.00 NOTE
r-patched-linux-x86_64 1.0-0 0.64 17.84 18.48 NOTE
r-patched-solaris-sparc 1.0-0 237.70 NOTE
r-patched-solaris-x86 1.0-0 45.80 NOTE
r-release-linux-x86_64 1.0-0 0.69 18.14 18.82 NOTE
r-release-osx-x86_64-mavericks 1.0-0 NOTE
r-release-windows-ix86+x86_64 1.0-0 3.00 29.00 32.00 NOTE
r-oldrel-windows-ix86+x86_64 1.0-0 5.00 43.00 48.00 OK

Check Details

Version: 1.0-0
Check: DESCRIPTION meta-information
Result: NOTE
    Malformed Title field: should not end in a period.
Flavors: r-devel-linux-x86_64-debian-clang, r-devel-linux-x86_64-debian-gcc, r-devel-linux-x86_64-fedora-clang, r-devel-linux-x86_64-fedora-gcc, r-devel-osx-x86_64-clang, r-devel-windows-ix86+x86_64, r-patched-linux-x86_64, r-patched-solaris-sparc, r-patched-solaris-x86, r-release-linux-x86_64, r-release-osx-x86_64-mavericks, r-release-windows-ix86+x86_64

Version: 1.0-0
Check: S3 generic/method consistency
Result: NOTE
    Found the following apparent S3 methods exported but not registered:
     plot.AssetPricing plot.flap
    See section ‘Registering S3 methods’ in the ‘Writing R Extensions’
    manual.
Flavors: r-devel-linux-x86_64-debian-clang, r-devel-linux-x86_64-debian-gcc, r-devel-linux-x86_64-fedora-clang, r-devel-linux-x86_64-fedora-gcc, r-devel-osx-x86_64-clang, r-patched-linux-x86_64, r-patched-solaris-sparc, r-patched-solaris-x86, r-release-linux-x86_64

Version: 1.0-0
Check: R code for possible problems
Result: NOTE
    a2sf: no visible global function definition for ‘stepfun’
    buildS: no visible global function definition for ‘optimize’
    plot.AssetPricing: no visible global function definition for ‘plot’
    plot.flap: no visible global function definition for ‘par’
    plot.flap : startPlot: no visible global function definition for ‘plot’
    plot.flap : startPlot: no visible global function definition for ‘axis’
    plot.flap: no visible global function definition for ‘plot’
    plot.flap: no visible global function definition for ‘text’
    plot.flap: no visible global function definition for ‘mtext’
    plot.flap: no visible global function definition for ‘dev.interactive’
    plot.stepfun: no visible global function definition for ‘par’
    plot.stepfun: no visible global function definition for ‘is.stepfun’
    plot.stepfun: no visible global function definition for ‘ecdf’
    plot.stepfun: no visible global function definition for ‘knots’
    plot.stepfun: no visible global function definition for ‘median’
    plot.stepfun: no visible global function definition for ‘segments’
    plot.stepfun: no visible global function definition for ‘plot’
    plot.stepfun: no visible global function definition for ‘points’
    putAway : <anonymous>: no visible global function definition for
     ‘approxfun’
    putAway : <anonymous>: no visible global function definition for
     ‘splinefun’
    turnPts: no visible global function definition for ‘deriv’
    vsolve: no visible global function definition for ‘deriv3’
    xsolve.cont: no visible global function definition for ‘deriv3’
    Undefined global functions or variables:
     approxfun axis deriv deriv3 dev.interactive ecdf is.stepfun knots
     median mtext optimize par plot points segments splinefun stepfun text
Flavors: r-devel-linux-x86_64-debian-clang, r-devel-linux-x86_64-debian-gcc, r-devel-linux-x86_64-fedora-clang, r-devel-linux-x86_64-fedora-gcc, r-devel-windows-ix86+x86_64