CRAN Package Check Results for Package AssetPricing

Last updated on 2015-01-29 16:48:20.

Flavor Version Tinstall Tcheck Ttotal Status Flags
r-devel-linux-x86_64-debian-clang 1.0-0 0.72 18.20 18.92 NOTE
r-devel-linux-x86_64-debian-gcc 1.0-0 0.76 17.99 18.75 NOTE
r-devel-linux-x86_64-fedora-clang 1.0-0 40.04 NOTE
r-devel-linux-x86_64-fedora-gcc 1.0-0 35.98 NOTE
r-devel-osx-x86_64-clang 1.0-0 38.88 NOTE
r-devel-windows-ix86+x86_64 1.0-0 3.00 31.00 34.00 OK
r-patched-linux-x86_64 1.0-0 1.00 19.61 20.61 OK
r-patched-solaris-sparc 1.0-0 263.70 OK
r-patched-solaris-x86 1.0-0 51.60 OK
r-release-linux-ix86 1.0-0 1.11 25.42 26.53 OK
r-release-linux-x86_64 1.0-0 0.78 19.53 20.31 OK
r-release-osx-x86_64-mavericks 1.0-0 OK
r-release-osx-x86_64-snowleopard 1.0-0 OK
r-release-windows-ix86+x86_64 1.0-0 3.00 31.00 34.00 OK
r-oldrel-windows-ix86+x86_64 1.0-0 4.00 35.00 39.00 OK

Check Details

Version: 1.0-0
Check: S3 generic/method consistency
Result: NOTE
    Found the following apparent S3 methods exported but not registered:
     plot.AssetPricing plot.flap
    See section ‘Registering S3 methods’ in the ‘Writing R Extensions’
    manual.
Flavors: r-devel-linux-x86_64-debian-clang, r-devel-linux-x86_64-debian-gcc, r-devel-linux-x86_64-fedora-clang, r-devel-linux-x86_64-fedora-gcc, r-devel-osx-x86_64-clang