CRAN Package Check Results for Package AssotesteR

Last updated on 2014-07-24 05:48:22.

Flavor Version Tinstall Tcheck Ttotal Status Flags
r-devel-linux-x86_64-debian-clang 0.1-10 1.36 18.48 19.84 NOTE
r-devel-linux-x86_64-debian-gcc 0.1-10 1.24 19.28 20.51 NOTE
r-devel-linux-x86_64-fedora-clang 0.1-10 39.37 NOTE
r-devel-linux-x86_64-fedora-gcc 0.1-10 37.24 NOTE
r-devel-osx-x86_64-clang 0.1-10 39.09 NOTE
r-devel-windows-ix86+x86_64 0.1-10 8.00 34.00 42.00 NOTE
r-patched-linux-x86_64 0.1-10 1.27 18.07 19.34 NOTE
r-patched-solaris-sparc 0.1-10 220.80 NOTE
r-patched-solaris-x86 0.1-10 49.30 NOTE
r-release-linux-ix86 0.1-10 1.84 25.98 27.82 NOTE
r-release-linux-x86_64 0.1-10 1.26 18.54 19.80 NOTE
r-release-osx-x86_64-mavericks 0.1-10 NOTE
r-release-osx-x86_64-snowleopard 0.1-10 OK
r-release-windows-ix86+x86_64 0.1-10 9.00 36.00 45.00 NOTE
r-oldrel-windows-ix86+x86_64 0.1-10 9.00 41.00 50.00 NOTE

Check Details

Version: 0.1-10
Check: dependencies in R code
Result: NOTE
    Package in Depends field not imported from: ‘mvtnorm’
     These packages need to be imported from (in the NAMESPACE file)
     for when this namespace is loaded but not attached.
    See the information on DESCRIPTION files in the chapter ‘Creating R
    packages’ of the ‘Writing R Extensions’ manual.
Flavors: r-devel-linux-x86_64-debian-clang, r-devel-linux-x86_64-debian-gcc, r-devel-linux-x86_64-fedora-clang, r-devel-linux-x86_64-fedora-gcc, r-devel-osx-x86_64-clang, r-devel-windows-ix86+x86_64, r-patched-linux-x86_64, r-patched-solaris-sparc, r-patched-solaris-x86, r-release-linux-ix86, r-release-linux-x86_64, r-release-osx-x86_64-mavericks, r-release-windows-ix86+x86_64, r-oldrel-windows-ix86+x86_64