CRAN Package Check Results for Package AssotesteR

Last updated on 2014-11-28 03:47:28.

Flavor Version Tinstall Tcheck Ttotal Status Flags
r-devel-linux-x86_64-debian-clang 0.1-10 1.42 18.46 19.88 NOTE
r-devel-linux-x86_64-debian-gcc 0.1-10 1.25 18.31 19.56 NOTE
r-devel-linux-x86_64-fedora-clang 0.1-10 42.48 NOTE
r-devel-linux-x86_64-fedora-gcc 0.1-10 37.91 NOTE
r-devel-osx-x86_64-clang 0.1-10 38.37 NOTE
r-devel-windows-ix86+x86_64 0.1-10 8.00 30.00 38.00 NOTE
r-patched-linux-x86_64 0.1-10 1.30 18.75 20.05 NOTE
r-patched-solaris-sparc 0.1-10 221.30 NOTE
r-patched-solaris-x86 0.1-10 50.30 NOTE
r-release-linux-ix86 0.1-10 1.81 24.80 26.60 NOTE
r-release-linux-x86_64 0.1-10 1.36 18.58 19.94 NOTE
r-release-osx-x86_64-mavericks 0.1-10 NOTE
r-release-osx-x86_64-snowleopard 0.1-10 OK
r-release-windows-ix86+x86_64 0.1-10 7.00 48.00 55.00 NOTE
r-oldrel-windows-ix86+x86_64 0.1-10 8.00 37.00 45.00 NOTE

Check Details

Version: 0.1-10
Check: dependencies in R code
Result: NOTE
    Package in Depends field not imported from: ‘mvtnorm’
     These packages need to be imported from (in the NAMESPACE file)
     for when this namespace is loaded but not attached.
    See the information on DESCRIPTION files in the chapter ‘Creating R
    packages’ of the ‘Writing R Extensions’ manual.
Flavors: r-devel-linux-x86_64-debian-clang, r-devel-linux-x86_64-debian-gcc, r-devel-linux-x86_64-fedora-clang, r-devel-linux-x86_64-fedora-gcc, r-devel-osx-x86_64-clang, r-devel-windows-ix86+x86_64, r-patched-linux-x86_64, r-patched-solaris-sparc, r-patched-solaris-x86, r-release-linux-ix86, r-release-linux-x86_64, r-release-osx-x86_64-mavericks, r-release-windows-ix86+x86_64, r-oldrel-windows-ix86+x86_64

Version: 0.1-10
Check: R code for possible problems
Result: NOTE
    my_uminp_method: no visible global function definition for ‘pmvnorm’
Flavors: r-devel-linux-x86_64-debian-clang, r-devel-linux-x86_64-debian-gcc, r-devel-linux-x86_64-fedora-clang, r-devel-linux-x86_64-fedora-gcc, r-devel-osx-x86_64-clang, r-devel-windows-ix86+x86_64, r-patched-linux-x86_64, r-patched-solaris-sparc, r-patched-solaris-x86, r-release-linux-ix86, r-release-linux-x86_64, r-release-windows-ix86+x86_64