CRAN Package Check Results for Package AssotesteR

Last updated on 2016-08-24 20:54:11.

Flavor Version Tinstall Tcheck Ttotal Status Flags
r-devel-linux-x86_64-debian-clang 0.1-10 1.50 18.87 20.37 NOTE
r-devel-linux-x86_64-debian-gcc 0.1-10 1.24 18.43 19.67 NOTE
r-devel-linux-x86_64-fedora-clang 0.1-10 34.72 NOTE
r-devel-linux-x86_64-fedora-gcc 0.1-10 34.01 NOTE
r-devel-osx-x86_64-clang 0.1-10 30.12 NOTE
r-devel-windows-ix86+x86_64 0.1-10 11.00 52.00 63.00 NOTE
r-patched-linux-x86_64 0.1-10 1.24 18.41 19.65 NOTE
r-patched-solaris-sparc 0.1-10 222.30 NOTE
r-patched-solaris-x86 0.1-10 45.90 NOTE
r-release-linux-x86_64 0.1-10 1.22 18.53 19.75 NOTE
r-release-osx-x86_64-mavericks 0.1-10 NOTE
r-release-windows-ix86+x86_64 0.1-10 12.00 44.00 56.00 NOTE
r-oldrel-windows-ix86+x86_64 0.1-10 12.00 53.00 65.00 NOTE

Check Details

Version: 0.1-10
Check: DESCRIPTION meta-information
Result: NOTE
    Malformed Description field: should contain one or more complete sentences.
Flavors: r-devel-linux-x86_64-debian-clang, r-devel-linux-x86_64-debian-gcc, r-devel-linux-x86_64-fedora-clang, r-devel-linux-x86_64-fedora-gcc, r-devel-osx-x86_64-clang, r-devel-windows-ix86+x86_64, r-patched-linux-x86_64, r-patched-solaris-sparc, r-patched-solaris-x86, r-release-linux-x86_64, r-release-osx-x86_64-mavericks, r-release-windows-ix86+x86_64, r-oldrel-windows-ix86+x86_64

Version: 0.1-10
Check: dependencies in R code
Result: NOTE
    Package in Depends field not imported from: ‘mvtnorm’
     These packages need to be imported from (in the NAMESPACE file)
     for when this namespace is loaded but not attached.
Flavors: r-devel-linux-x86_64-debian-clang, r-devel-linux-x86_64-debian-gcc, r-devel-linux-x86_64-fedora-clang, r-devel-linux-x86_64-fedora-gcc, r-devel-osx-x86_64-clang, r-devel-windows-ix86+x86_64, r-patched-linux-x86_64, r-patched-solaris-sparc, r-patched-solaris-x86, r-release-linux-x86_64, r-release-osx-x86_64-mavericks, r-release-windows-ix86+x86_64, r-oldrel-windows-ix86+x86_64

Version: 0.1-10
Check: R code for possible problems
Result: NOTE
    CALPHA: no visible global function definition for ‘dbinom’
    CALPHA: no visible global function definition for ‘pchisq’
    CAST: no visible global function definition for ‘fisher.test’
    CAST: no visible global function definition for ‘chisq.test’
    CMC: no visible global function definition for ‘pf’
    MULTI: no visible global function definition for ‘complete.cases’
    RVT1: no visible global function definition for ‘pchisq’
    RVT2: no visible global function definition for ‘pchisq’
    RWAS: no visible global function definition for ‘pnorm’
    SKAT: no visible global function definition for ‘dbeta’
    SKAT: no visible global function definition for ‘pchisq’
    TTEST: no visible global function definition for ‘complete.cases’
    TTEST: no visible global function definition for ‘pf’
    WST: no visible global function definition for ‘mvfft’
    WST: no visible global function definition for ‘pnorm’
    my_cmc_method: no visible global function definition for
     ‘complete.cases’
    my_getUV: no visible global function definition for ‘complete.cases’
    my_orwss_method: no visible global function definition for ‘sd’
    my_rarecov_method: no visible global function definition for
     ‘chisq.test’
    my_rbt_method: no visible global function definition for ‘ppois’
    my_score_method: no visible global function definition for ‘pchisq’
    my_ssu_method: no visible global function definition for ‘pchisq’
    my_ssuw_method: no visible global function definition for ‘pchisq’
    my_sum_method: no visible global function definition for ‘pchisq’
    my_uminp_method: no visible global function definition for ‘pchisq’
    my_uminp_method: no visible global function definition for ‘pmvnorm’
    Undefined global functions or variables:
     chisq.test complete.cases dbeta dbinom fisher.test mvfft pchisq pf
     pmvnorm pnorm ppois sd
    Consider adding
     importFrom("stats", "chisq.test", "complete.cases", "dbeta", "dbinom",
     "fisher.test", "mvfft", "pchisq", "pf", "pnorm", "ppois",
     "sd")
    to your NAMESPACE file.
Flavors: r-devel-linux-x86_64-debian-clang, r-devel-linux-x86_64-debian-gcc, r-devel-linux-x86_64-fedora-clang, r-devel-linux-x86_64-fedora-gcc, r-devel-osx-x86_64-clang, r-devel-windows-ix86+x86_64, r-patched-linux-x86_64, r-patched-solaris-sparc, r-patched-solaris-x86, r-release-linux-x86_64, r-release-osx-x86_64-mavericks, r-release-windows-ix86+x86_64

Version: 0.1-10
Check: R code for possible problems
Result: NOTE
    my_uminp_method: no visible global function definition for 'pmvnorm'
Flavor: r-oldrel-windows-ix86+x86_64