CRAN Package Check Results for Package AssotesteR

Last updated on 2015-05-26 10:49:10.

Flavor Version Tinstall Tcheck Ttotal Status Flags
r-devel-linux-x86_64-debian-clang 0.1-10 1.53 17.88 19.41 NOTE
r-devel-linux-x86_64-debian-gcc 0.1-10 1.26 16.52 17.78 NOTE
r-devel-linux-x86_64-fedora-clang 0.1-10 35.36 NOTE
r-devel-linux-x86_64-fedora-gcc 0.1-10 32.25 NOTE
r-devel-osx-x86_64-clang 0.1-10 35.95 NOTE
r-devel-windows-ix86+x86_64 0.1-10 10.00 32.00 42.00 NOTE
r-patched-linux-x86_64 0.1-10 1.22 16.87 18.09 NOTE
r-patched-solaris-sparc 0.1-10 217.60 NOTE
r-patched-solaris-x86 0.1-10 45.80 NOTE
r-release-linux-x86_64 0.1-10 1.22 18.07 19.29 NOTE
r-release-osx-x86_64-mavericks 0.1-10 NOTE
r-release-osx-x86_64-snowleopard 0.1-10 NOTE
r-release-windows-ix86+x86_64 0.1-10 5.00 30.00 35.00 NOTE
r-oldrel-windows-ix86+x86_64 0.1-10 12.00 45.00 57.00 NOTE

Check Details

Version: 0.1-10
Check: DESCRIPTION meta-information
Result: NOTE
    Malformed Description field: should contain one or more complete sentences.
Flavors: r-devel-linux-x86_64-debian-clang, r-devel-linux-x86_64-debian-gcc, r-devel-linux-x86_64-fedora-clang, r-devel-linux-x86_64-fedora-gcc, r-devel-osx-x86_64-clang, r-devel-windows-ix86+x86_64, r-patched-linux-x86_64, r-patched-solaris-sparc, r-patched-solaris-x86, r-release-linux-x86_64, r-release-osx-x86_64-mavericks, r-release-osx-x86_64-snowleopard, r-release-windows-ix86+x86_64

Version: 0.1-10
Check: dependencies in R code
Result: NOTE
    Package in Depends field not imported from: ‘mvtnorm’
     These packages need to be imported from (in the NAMESPACE file)
     for when this namespace is loaded but not attached.
Flavors: r-devel-linux-x86_64-debian-clang, r-devel-linux-x86_64-debian-gcc, r-devel-linux-x86_64-fedora-clang, r-devel-linux-x86_64-fedora-gcc, r-devel-osx-x86_64-clang, r-devel-windows-ix86+x86_64, r-patched-linux-x86_64, r-patched-solaris-sparc, r-patched-solaris-x86, r-release-linux-x86_64, r-release-osx-x86_64-mavericks, r-release-osx-x86_64-snowleopard, r-release-windows-ix86+x86_64, r-oldrel-windows-ix86+x86_64

Version: 0.1-10
Check: R code for possible problems
Result: NOTE
    my_uminp_method: no visible global function definition for ‘pmvnorm’
Flavors: r-devel-linux-x86_64-debian-clang, r-devel-linux-x86_64-debian-gcc, r-devel-linux-x86_64-fedora-clang, r-devel-linux-x86_64-fedora-gcc, r-devel-osx-x86_64-clang, r-devel-windows-ix86+x86_64, r-patched-linux-x86_64, r-patched-solaris-sparc, r-patched-solaris-x86, r-release-linux-x86_64, r-release-osx-x86_64-mavericks, r-release-osx-x86_64-snowleopard, r-release-windows-ix86+x86_64, r-oldrel-windows-ix86+x86_64