CRAN Package Check Results for Package AssotesteR

Last updated on 2015-01-30 08:51:18.

Flavor Version Tinstall Tcheck Ttotal Status Flags
r-devel-linux-x86_64-debian-clang 0.1-10 1.26 17.28 18.54 NOTE
r-devel-linux-x86_64-debian-gcc 0.1-10 1.30 16.94 18.25 NOTE
r-devel-linux-x86_64-fedora-clang 0.1-10 38.77 NOTE
r-devel-linux-x86_64-fedora-gcc 0.1-10 37.70 NOTE
r-devel-osx-x86_64-clang 0.1-10 39.26 NOTE
r-devel-windows-ix86+x86_64 0.1-10 10.00 32.00 42.00 NOTE
r-patched-linux-x86_64 0.1-10 1.32 18.88 20.20 NOTE
r-patched-solaris-sparc 0.1-10 254.20 NOTE
r-patched-solaris-x86 0.1-10 50.30 NOTE
r-release-linux-ix86 0.1-10 1.94 24.91 26.84 NOTE
r-release-linux-x86_64 0.1-10 1.44 19.08 20.52 NOTE
r-release-osx-x86_64-mavericks 0.1-10 NOTE
r-release-osx-x86_64-snowleopard 0.1-10 OK
r-release-windows-ix86+x86_64 0.1-10 9.00 38.00 47.00 NOTE
r-oldrel-windows-ix86+x86_64 0.1-10 10.00 38.00 48.00 NOTE

Check Details

Version: 0.1-10
Check: dependencies in R code
Result: NOTE
    Package in Depends field not imported from: ‘mvtnorm’
     These packages need to be imported from (in the NAMESPACE file)
     for when this namespace is loaded but not attached.
Flavors: r-devel-linux-x86_64-debian-clang, r-devel-linux-x86_64-debian-gcc, r-devel-linux-x86_64-fedora-clang, r-devel-linux-x86_64-fedora-gcc, r-devel-osx-x86_64-clang, r-devel-windows-ix86+x86_64

Version: 0.1-10
Check: R code for possible problems
Result: NOTE
    my_uminp_method: no visible global function definition for ‘pmvnorm’
Flavors: r-devel-linux-x86_64-debian-clang, r-devel-linux-x86_64-debian-gcc, r-devel-linux-x86_64-fedora-clang, r-devel-linux-x86_64-fedora-gcc, r-devel-osx-x86_64-clang, r-devel-windows-ix86+x86_64, r-patched-linux-x86_64, r-patched-solaris-sparc, r-patched-solaris-x86, r-release-linux-ix86, r-release-linux-x86_64, r-release-osx-x86_64-mavericks, r-release-windows-ix86+x86_64

Version: 0.1-10
Check: dependencies in R code
Result: NOTE
    Package in Depends field not imported from: ‘mvtnorm’
     These packages need to be imported from (in the NAMESPACE file)
     for when this namespace is loaded but not attached.
    See the information on DESCRIPTION files in the chapter ‘Creating R
    packages’ of the ‘Writing R Extensions’ manual.
Flavors: r-patched-linux-x86_64, r-patched-solaris-sparc, r-patched-solaris-x86, r-release-linux-ix86, r-release-linux-x86_64, r-release-osx-x86_64-mavericks, r-release-windows-ix86+x86_64, r-oldrel-windows-ix86+x86_64