CRAN Package Check Results for Package AssotesteR

Last updated on 2015-03-29 19:48:34.

Flavor Version Tinstall Tcheck Ttotal Status Flags
r-devel-linux-x86_64-debian-clang 0.1-10 1.34 18.19 19.53 NOTE
r-devel-linux-x86_64-debian-gcc 0.1-10 1.50 17.26 18.76 NOTE
r-devel-linux-x86_64-fedora-clang 0.1-10 34.90 NOTE
r-devel-linux-x86_64-fedora-gcc 0.1-10 34.42 NOTE
r-devel-osx-x86_64-clang 0.1-10 40.36 NOTE
r-prerel-windows-ix86+x86_64 0.1-10 12.00 32.00 44.00 NOTE
r-prerel-linux-x86_64 0.1-10 1.36 17.73 19.09 NOTE
r-prerel-solaris-sparc 0.1-10 220.10 NOTE
r-prerel-solaris-x86 0.1-10 44.80 NOTE
r-release-linux-x86_64 0.1-10 1.36 19.31 20.67 NOTE
r-release-osx-x86_64-mavericks 0.1-10 NOTE
r-release-osx-x86_64-snowleopard 0.1-10 OK
r-release-windows-ix86+x86_64 0.1-10 12.00 45.00 57.00 NOTE
r-oldrel-windows-ix86+x86_64 0.1-10 10.00 38.00 48.00 NOTE

Check Details

Version: 0.1-10
Check: DESCRIPTION meta-information
Result: NOTE
    Malformed Description field: should contain one or more complete sentences.
Flavors: r-devel-linux-x86_64-debian-clang, r-devel-linux-x86_64-debian-gcc, r-devel-linux-x86_64-fedora-clang, r-devel-linux-x86_64-fedora-gcc, r-devel-osx-x86_64-clang, r-prerel-windows-ix86+x86_64, r-prerel-linux-x86_64, r-prerel-solaris-sparc, r-prerel-solaris-x86

Version: 0.1-10
Check: dependencies in R code
Result: NOTE
    Package in Depends field not imported from: ‘mvtnorm’
     These packages need to be imported from (in the NAMESPACE file)
     for when this namespace is loaded but not attached.
Flavors: r-devel-linux-x86_64-debian-clang, r-devel-linux-x86_64-debian-gcc, r-devel-linux-x86_64-fedora-clang, r-devel-linux-x86_64-fedora-gcc, r-devel-osx-x86_64-clang, r-prerel-windows-ix86+x86_64, r-prerel-linux-x86_64, r-prerel-solaris-sparc, r-prerel-solaris-x86, r-release-linux-x86_64, r-release-windows-ix86+x86_64

Version: 0.1-10
Check: R code for possible problems
Result: NOTE
    my_uminp_method: no visible global function definition for ‘pmvnorm’
Flavors: r-devel-linux-x86_64-debian-clang, r-devel-linux-x86_64-debian-gcc, r-devel-linux-x86_64-fedora-clang, r-devel-linux-x86_64-fedora-gcc, r-devel-osx-x86_64-clang, r-prerel-windows-ix86+x86_64, r-prerel-linux-x86_64, r-prerel-solaris-sparc, r-prerel-solaris-x86, r-release-linux-x86_64, r-release-osx-x86_64-mavericks, r-release-windows-ix86+x86_64

Version: 0.1-10
Check: dependencies in R code
Result: NOTE
    Package in Depends field not imported from: ‘mvtnorm’
     These packages need to be imported from (in the NAMESPACE file)
     for when this namespace is loaded but not attached.
    See the information on DESCRIPTION files in the chapter ‘Creating R
    packages’ of the ‘Writing R Extensions’ manual.
Flavors: r-release-osx-x86_64-mavericks, r-oldrel-windows-ix86+x86_64