CRAN Package Check Results for Package AssotesteR

Last updated on 2014-04-17 06:46:45.

Flavor Version Tinstall Tcheck Ttotal Status Flags
r-devel-linux-x86_64-debian-clang 0.1-10 1.34 19.13 20.48 NOTE
r-devel-linux-x86_64-debian-gcc 0.1-10 1.36 19.98 21.34 NOTE
r-devel-linux-x86_64-fedora-clang 0.1-10 39.64 NOTE
r-devel-linux-x86_64-fedora-gcc 0.1-10 37.95 NOTE
r-devel-macosx-x86_64-clang 0.1-10 39.85 NOTE
r-devel-macosx-x86_64-gcc 0.1-10 NOTE
r-devel-windows-ix86+x86_64 0.1-10 7.00 44.00 51.00 NOTE
r-patched-linux-x86_64 0.1-10 1.29 19.49 20.78 NOTE
r-patched-solaris-sparc 0.1-10 220.80 NOTE
r-patched-solaris-x86 0.1-10 49.50 NOTE
r-release-linux-ix86 0.1-10 3.00 52.00 55.00 NOTE
r-release-linux-x86_64 0.1-10 1.28 19.19 20.48 NOTE
r-release-macosx-x86_64 0.1-10 OK
r-release-windows-ix86+x86_64 0.1-10 13.00 49.00 62.00 NOTE
r-oldrel-windows-ix86+x86_64 0.1-10 8.00 39.00 47.00 NOTE

Check Details

Version: 0.1-10
Check: dependencies in R code
Result: NOTE
    Package in Depends field not imported from: ‘mvtnorm’
     These packages need to be imported from (in the NAMESPACE file)
     for when this namespace is loaded but not attached.
    See the information on DESCRIPTION files in the chapter ‘Creating R
    packages’ of the ‘Writing R Extensions’ manual.
Flavors: r-devel-linux-x86_64-debian-clang, r-devel-linux-x86_64-debian-gcc, r-devel-linux-x86_64-fedora-clang, r-devel-linux-x86_64-fedora-gcc, r-devel-macosx-x86_64-clang, r-devel-macosx-x86_64-gcc, r-devel-windows-ix86+x86_64, r-patched-linux-x86_64, r-patched-solaris-sparc, r-patched-solaris-x86, r-release-linux-ix86, r-release-linux-x86_64, r-release-windows-ix86+x86_64, r-oldrel-windows-ix86+x86_64