CRAN Package Check Results for Package AssotesteR

Last updated on 2014-08-21 07:49:07.

Flavor Version Tinstall Tcheck Ttotal Status Flags
r-devel-linux-x86_64-debian-clang 0.1-10 1.28 18.89 20.18 NOTE
r-devel-linux-x86_64-debian-gcc 0.1-10 1.40 18.21 19.61 NOTE
r-devel-linux-x86_64-fedora-clang 0.1-10 43.24 NOTE
r-devel-linux-x86_64-fedora-gcc 0.1-10 35.24 NOTE
r-devel-osx-x86_64-clang 0.1-10 38.74 NOTE
r-devel-windows-ix86+x86_64 0.1-10 8.00 35.00 43.00 NOTE
r-patched-linux-x86_64 0.1-10 1.21 18.25 19.46 NOTE
r-patched-solaris-sparc 0.1-10 254.40 NOTE
r-patched-solaris-x86 0.1-10 49.20 NOTE
r-release-linux-ix86 0.1-10 1.86 25.84 27.70 NOTE
r-release-linux-x86_64 0.1-10 1.25 18.47 19.72 NOTE
r-release-osx-x86_64-mavericks 0.1-10 NOTE
r-release-osx-x86_64-snowleopard 0.1-10 OK
r-release-windows-ix86+x86_64 0.1-10 9.00 36.00 45.00 NOTE
r-oldrel-windows-ix86+x86_64 0.1-10 9.00 41.00 50.00 NOTE

Check Details

Version: 0.1-10
Check: dependencies in R code
Result: NOTE
    Package in Depends field not imported from: ‘mvtnorm’
     These packages need to be imported from (in the NAMESPACE file)
     for when this namespace is loaded but not attached.
    See the information on DESCRIPTION files in the chapter ‘Creating R
    packages’ of the ‘Writing R Extensions’ manual.
Flavors: r-devel-linux-x86_64-debian-clang, r-devel-linux-x86_64-debian-gcc, r-devel-linux-x86_64-fedora-clang, r-devel-linux-x86_64-fedora-gcc, r-devel-osx-x86_64-clang, r-devel-windows-ix86+x86_64, r-patched-linux-x86_64, r-patched-solaris-sparc, r-patched-solaris-x86, r-release-linux-ix86, r-release-linux-x86_64, r-release-osx-x86_64-mavericks, r-release-windows-ix86+x86_64, r-oldrel-windows-ix86+x86_64

Version: 0.1-10
Check: R code for possible problems
Result: NOTE
    my_uminp_method: no visible global function definition for ‘pmvnorm’
Flavors: r-devel-linux-x86_64-fedora-clang, r-devel-linux-x86_64-fedora-gcc, r-devel-osx-x86_64-clang