CRAN Package Check Results for Package AtelieR

Last updated on 2015-04-01 08:49:58.

Flavor Version Tinstall Tcheck Ttotal Status Flags
r-devel-linux-x86_64-debian-clang 0.24 3.12 30.17 33.29 NOTE
r-devel-linux-x86_64-debian-gcc 0.24 3.03 30.24 33.27 NOTE
r-devel-linux-x86_64-fedora-clang 0.24 68.27 NOTE
r-devel-linux-x86_64-fedora-gcc 0.24 69.01 NOTE
r-devel-osx-x86_64-clang 0.24 77.86 NOTE
r-prerel-windows-ix86+x86_64 0.24 8.00 49.00 57.00 NOTE
r-prerel-linux-x86_64 0.24 2.86 29.64 32.50 NOTE
r-prerel-solaris-sparc 0.24 402.00 NOTE
r-prerel-solaris-x86 0.24 104.40 NOTE
r-release-linux-x86_64 0.24 4.16 41.69 45.85 NOTE
r-release-osx-x86_64-mavericks 0.24 ERROR
r-release-windows-ix86+x86_64 0.24 15.00 82.00 97.00 NOTE
r-oldrel-windows-ix86+x86_64 0.24 16.00 81.00 97.00 NOTE

Check Details

Version: 0.24
Check: DESCRIPTION meta-information
Result: NOTE
    Malformed Title field: should not end in a period.
Flavors: r-devel-linux-x86_64-debian-clang, r-devel-linux-x86_64-debian-gcc, r-devel-linux-x86_64-fedora-clang, r-devel-linux-x86_64-fedora-gcc, r-devel-osx-x86_64-clang, r-prerel-windows-ix86+x86_64, r-prerel-linux-x86_64, r-prerel-solaris-sparc, r-prerel-solaris-x86

Version: 0.24
Check: dependencies in R code
Result: NOTE
    Packages in Depends field not imported from:
     ‘cairoDevice’ ‘gWidgetsRGtk2’ ‘partitions’ ‘proto’
     These packages need to be imported from (in the NAMESPACE file)
     for when this namespace is loaded but not attached.
Flavors: r-devel-linux-x86_64-debian-clang, r-devel-linux-x86_64-debian-gcc, r-devel-linux-x86_64-fedora-clang, r-devel-linux-x86_64-fedora-gcc, r-devel-osx-x86_64-clang, r-prerel-windows-ix86+x86_64, r-prerel-linux-x86_64, r-prerel-solaris-sparc, r-prerel-solaris-x86, r-release-linux-x86_64, r-release-windows-ix86+x86_64

Version: 0.24
Check: package dependencies
Result: ERROR
    Packages required but not available: ‘cairoDevice’ ‘gWidgetsRGtk2’
    
    See section ‘The DESCRIPTION file’ in the ‘Writing R Extensions’
    manual.
Flavor: r-release-osx-x86_64-mavericks

Version: 0.24
Check: dependencies in R code
Result: NOTE
    Packages in Depends field not imported from:
     'cairoDevice' 'gWidgetsRGtk2' 'partitions' 'proto'
     These packages need to be imported from (in the NAMESPACE file)
     for when this namespace is loaded but not attached.
    See the information on DESCRIPTION files in the chapter 'Creating R
    packages' of the 'Writing R Extensions' manual.
Flavor: r-oldrel-windows-ix86+x86_64