CRAN Package Check Results for Package AtelieR

Last updated on 2017-03-29 03:50:16.

Flavor Version Tinstall Tcheck Ttotal Status Flags
r-devel-linux-x86_64-debian-clang 0.24 3.09 32.46 35.55 NOTE
r-devel-linux-x86_64-debian-gcc 0.24 3.29 31.35 34.64 NOTE
r-devel-linux-x86_64-fedora-clang 0.24 67.38 NOTE --no-stop-on-test-error
r-devel-linux-x86_64-fedora-gcc 0.24 84.96 NOTE --no-stop-on-test-error
r-devel-macos-x86_64-clang 0.24 64.32 NOTE --no-stop-on-test-error
r-devel-windows-ix86+x86_64 0.24 9.00 65.00 74.00 NOTE
r-patched-linux-x86_64 0.24 3.41 32.33 35.74 NOTE
r-patched-solaris-sparc 0.24 389.60 NOTE
r-patched-solaris-x86 0.24 108.40 NOTE
r-release-linux-x86_64 0.24 3.08 27.42 30.50 NOTE
r-release-osx-x86_64-mavericks 0.24 ERROR
r-release-windows-ix86+x86_64 0.24 12.00 114.00 126.00 NOTE
r-oldrel-windows-ix86+x86_64 0.24 10.00 75.00 85.00 NOTE

Check Details

Version: 0.24
Check: DESCRIPTION meta-information
Result: NOTE
    Malformed Title field: should not end in a period.
Flavors: r-devel-linux-x86_64-debian-clang, r-devel-linux-x86_64-debian-gcc, r-devel-windows-ix86+x86_64, r-patched-linux-x86_64, r-patched-solaris-sparc, r-patched-solaris-x86, r-release-linux-x86_64, r-release-windows-ix86+x86_64, r-oldrel-windows-ix86+x86_64

Version: 0.24
Check: dependencies in R code
Result: NOTE
    Packages in Depends field not imported from:
     ‘cairoDevice’ ‘gWidgetsRGtk2’ ‘partitions’ ‘proto’
     These packages need to be imported from (in the NAMESPACE file)
     for when this namespace is loaded but not attached.
Flavors: r-devel-linux-x86_64-debian-clang, r-devel-linux-x86_64-debian-gcc, r-devel-windows-ix86+x86_64, r-patched-linux-x86_64, r-patched-solaris-sparc, r-patched-solaris-x86, r-release-linux-x86_64, r-release-windows-ix86+x86_64, r-oldrel-windows-ix86+x86_64

Version: 0.24
Flags: --no-stop-on-test-error
Check: DESCRIPTION meta-information
Result: NOTE
    Malformed Title field: should not end in a period.
Flavors: r-devel-linux-x86_64-fedora-clang, r-devel-linux-x86_64-fedora-gcc, r-devel-macos-x86_64-clang

Version: 0.24
Flags: --no-stop-on-test-error
Check: dependencies in R code
Result: NOTE
    Packages in Depends field not imported from:
     ‘cairoDevice’ ‘gWidgetsRGtk2’ ‘partitions’ ‘proto’
     These packages need to be imported from (in the NAMESPACE file)
     for when this namespace is loaded but not attached.
Flavors: r-devel-linux-x86_64-fedora-clang, r-devel-linux-x86_64-fedora-gcc, r-devel-macos-x86_64-clang

Version: 0.24
Check: whether package can be installed
Result: ERROR
    Installation failed.
Flavor: r-release-osx-x86_64-mavericks