CRAN Package Check Results for Package AtelieR

Last updated on 2016-05-26 18:00:46.

Flavor Version Tinstall Tcheck Ttotal Status Flags
r-devel-linux-x86_64-debian-gcc 0.24 3.04 27.82 30.86 NOTE
r-devel-linux-x86_64-fedora-clang 0.24 56.63 NOTE
r-devel-linux-x86_64-fedora-gcc 0.24 71.50 NOTE
r-devel-osx-x86_64-clang 0.24 67.92 NOTE
r-devel-windows-ix86+x86_64 0.24 8.00 49.00 57.00 NOTE
r-patched-linux-x86_64 0.24 2.80 26.96 29.76 NOTE
r-patched-solaris-sparc 0.24 321.50 NOTE
r-patched-solaris-x86 0.24 84.70 NOTE
r-release-linux-x86_64 0.24 2.88 27.08 29.96 NOTE
r-release-osx-x86_64-mavericks 0.24 ERROR
r-release-windows-ix86+x86_64 0.24 16.00 48.00 64.00 NOTE
r-oldrel-windows-ix86+x86_64 0.24 10.00 87.00 97.00 NOTE

Check Details

Version: 0.24
Check: DESCRIPTION meta-information
Result: NOTE
    Malformed Title field: should not end in a period.
Flavors: r-devel-linux-x86_64-debian-gcc, r-devel-linux-x86_64-fedora-clang, r-devel-linux-x86_64-fedora-gcc, r-devel-osx-x86_64-clang, r-devel-windows-ix86+x86_64, r-patched-linux-x86_64, r-patched-solaris-sparc, r-patched-solaris-x86, r-release-linux-x86_64, r-release-windows-ix86+x86_64, r-oldrel-windows-ix86+x86_64

Version: 0.24
Check: dependencies in R code
Result: NOTE
    Packages in Depends field not imported from:
     ‘cairoDevice’ ‘gWidgetsRGtk2’ ‘partitions’ ‘proto’
     These packages need to be imported from (in the NAMESPACE file)
     for when this namespace is loaded but not attached.
Flavors: r-devel-linux-x86_64-debian-gcc, r-devel-linux-x86_64-fedora-clang, r-devel-linux-x86_64-fedora-gcc, r-devel-osx-x86_64-clang, r-devel-windows-ix86+x86_64, r-patched-linux-x86_64, r-patched-solaris-sparc, r-patched-solaris-x86, r-release-linux-x86_64, r-release-windows-ix86+x86_64, r-oldrel-windows-ix86+x86_64

Version: 0.24
Check: whether package can be installed
Result: ERROR
    Installation failed.
Flavor: r-release-osx-x86_64-mavericks