CRAN Package Check Results for Package AtelieR

Last updated on 2015-01-28 05:48:39.

Flavor Version Tinstall Tcheck Ttotal Status Flags
r-devel-linux-x86_64-debian-clang 0.24 3.31 31.43 34.74 NOTE
r-devel-linux-x86_64-debian-gcc 0.24 3.65 31.38 35.03 NOTE
r-devel-linux-x86_64-fedora-clang 0.24 101.80 NOTE
r-devel-linux-x86_64-fedora-gcc 0.24 111.78 NOTE
r-devel-osx-x86_64-clang 0.24 97.79 NOTE
r-devel-windows-ix86+x86_64 0.24 10.00 46.00 56.00 NOTE
r-patched-linux-x86_64 0.24 3.62 42.01 45.63 NOTE
r-patched-solaris-sparc 0.24 570.10 NOTE
r-patched-solaris-x86 0.24 144.40 NOTE
r-release-linux-ix86 0.24 4.26 49.33 53.59 NOTE
r-release-linux-x86_64 0.24 3.57 41.40 44.97 NOTE
r-release-osx-x86_64-mavericks 0.24 ERROR
r-release-windows-ix86+x86_64 0.24 15.00 72.00 87.00 NOTE
r-oldrel-windows-ix86+x86_64 0.24 15.00 109.00 124.00 NOTE

Check Details

Version: 0.24
Check: dependencies in R code
Result: NOTE
    Packages in Depends field not imported from:
     ‘cairoDevice’ ‘gWidgetsRGtk2’ ‘partitions’ ‘proto’
     These packages need to be imported from (in the NAMESPACE file)
     for when this namespace is loaded but not attached.
Flavors: r-devel-linux-x86_64-debian-clang, r-devel-linux-x86_64-debian-gcc, r-devel-linux-x86_64-fedora-clang, r-devel-linux-x86_64-fedora-gcc, r-devel-osx-x86_64-clang, r-devel-windows-ix86+x86_64

Version: 0.24
Check: dependencies in R code
Result: NOTE
    Packages in Depends field not imported from:
     ‘cairoDevice’ ‘gWidgetsRGtk2’ ‘partitions’ ‘proto’
     These packages need to be imported from (in the NAMESPACE file)
     for when this namespace is loaded but not attached.
    See the information on DESCRIPTION files in the chapter ‘Creating R
    packages’ of the ‘Writing R Extensions’ manual.
Flavors: r-patched-linux-x86_64, r-patched-solaris-sparc, r-patched-solaris-x86, r-release-linux-ix86, r-release-linux-x86_64, r-release-windows-ix86+x86_64, r-oldrel-windows-ix86+x86_64

Version: 0.24
Check: package dependencies
Result: ERROR
    Packages required but not available: ‘cairoDevice’ ‘gWidgetsRGtk2’
    
    See the information on DESCRIPTION files in the chapter ‘Creating R
    packages’ of the ‘Writing R Extensions’ manual.
Flavor: r-release-osx-x86_64-mavericks