CRAN Package Check Results for Package AtelieR

Last updated on 2014-04-16 23:46:53.

Flavor Version Tinstall Tcheck Ttotal Status Flags
r-devel-linux-x86_64-debian-clang 0.24 4.15 45.45 49.60 NOTE
r-devel-linux-x86_64-debian-gcc 0.24 4.04 46.45 50.49 NOTE
r-devel-linux-x86_64-fedora-clang 0.24 111.49 NOTE
r-devel-linux-x86_64-fedora-gcc 0.24 106.32 NOTE
r-devel-macosx-x86_64-clang 0.24 109.23 NOTE
r-devel-macosx-x86_64-gcc 0.24 NOTE
r-devel-windows-ix86+x86_64 0.24 14.00 69.00 83.00 NOTE
r-patched-linux-x86_64 0.24 4.57 46.62 51.18 NOTE
r-patched-solaris-sparc 0.24 591.20 NOTE
r-patched-solaris-x86 0.24 158.00 NOTE
r-release-linux-ix86 0.24 9.00 113.00 122.00 NOTE
r-release-linux-x86_64 0.24 4.38 46.57 50.96 NOTE
r-release-windows-ix86+x86_64 0.24 13.00 67.00 80.00 NOTE
r-oldrel-windows-ix86+x86_64 0.24 13.00 73.00 86.00 NOTE

Check Details

Version: 0.24
Check: dependencies in R code
Result: NOTE
    Packages in Depends field not imported from:
     ‘cairoDevice’ ‘gWidgetsRGtk2’ ‘partitions’ ‘proto’
     These packages need to be imported from (in the NAMESPACE file)
     for when this namespace is loaded but not attached.
    See the information on DESCRIPTION files in the chapter ‘Creating R
    packages’ of the ‘Writing R Extensions’ manual.
Flavors: r-devel-linux-x86_64-debian-clang, r-devel-linux-x86_64-debian-gcc, r-devel-linux-x86_64-fedora-clang, r-devel-linux-x86_64-fedora-gcc, r-devel-macosx-x86_64-clang, r-devel-macosx-x86_64-gcc, r-devel-windows-ix86+x86_64, r-patched-linux-x86_64, r-patched-solaris-sparc, r-patched-solaris-x86, r-release-linux-ix86, r-release-linux-x86_64, r-release-windows-ix86+x86_64, r-oldrel-windows-ix86+x86_64