CRAN Package Check Results for Package AtelieR

Last updated on 2016-08-26 11:47:12.

Flavor Version Tinstall Tcheck Ttotal Status Flags
r-devel-linux-x86_64-debian-clang 0.24 2.91 27.66 30.57 NOTE
r-devel-linux-x86_64-debian-gcc 0.24 3.62 35.40 39.03 NOTE
r-devel-linux-x86_64-fedora-clang 0.24 57.23 NOTE
r-devel-linux-x86_64-fedora-gcc 0.24 61.38 NOTE
r-devel-osx-x86_64-clang 0.24 48.90 NOTE
r-devel-windows-ix86+x86_64 0.24 10.00 49.00 59.00 NOTE
r-patched-linux-x86_64 0.24 3.30 28.62 31.92 NOTE
r-patched-solaris-sparc 0.24 327.10 NOTE
r-patched-solaris-x86 0.24 90.40 NOTE
r-release-linux-x86_64 0.24 2.90 27.82 30.71 NOTE
r-release-osx-x86_64-mavericks 0.24 ERROR
r-release-windows-ix86+x86_64 0.24 7.00 52.00 59.00 NOTE
r-oldrel-windows-ix86+x86_64 0.24 10.00 72.00 82.00 NOTE

Check Details

Version: 0.24
Check: DESCRIPTION meta-information
Result: NOTE
    Malformed Title field: should not end in a period.
Flavors: r-devel-linux-x86_64-debian-clang, r-devel-linux-x86_64-debian-gcc, r-devel-linux-x86_64-fedora-clang, r-devel-linux-x86_64-fedora-gcc, r-devel-osx-x86_64-clang, r-devel-windows-ix86+x86_64, r-patched-linux-x86_64, r-patched-solaris-sparc, r-patched-solaris-x86, r-release-linux-x86_64, r-release-windows-ix86+x86_64, r-oldrel-windows-ix86+x86_64

Version: 0.24
Check: dependencies in R code
Result: NOTE
    Packages in Depends field not imported from:
     ‘cairoDevice’ ‘gWidgetsRGtk2’ ‘partitions’ ‘proto’
     These packages need to be imported from (in the NAMESPACE file)
     for when this namespace is loaded but not attached.
Flavors: r-devel-linux-x86_64-debian-clang, r-devel-linux-x86_64-debian-gcc, r-devel-linux-x86_64-fedora-clang, r-devel-linux-x86_64-fedora-gcc, r-devel-osx-x86_64-clang, r-devel-windows-ix86+x86_64, r-patched-linux-x86_64, r-patched-solaris-sparc, r-patched-solaris-x86, r-release-linux-x86_64, r-release-windows-ix86+x86_64, r-oldrel-windows-ix86+x86_64

Version: 0.24
Check: whether package can be installed
Result: ERROR
    Installation failed.
Flavor: r-release-osx-x86_64-mavericks