CRAN Package Check Results for Package AtelieR

Last updated on 2015-05-23 17:48:36.

Flavor Version Tinstall Tcheck Ttotal Status Flags
r-devel-linux-x86_64-debian-clang 0.24 3.08 29.41 32.49 NOTE
r-devel-linux-x86_64-debian-gcc 0.24 3.47 29.50 32.97 NOTE
r-devel-linux-x86_64-fedora-clang 0.24 68.65 NOTE
r-devel-linux-x86_64-fedora-gcc 0.24 63.42 NOTE
r-devel-osx-x86_64-clang 0.24 74.08 NOTE
r-devel-windows-ix86+x86_64 0.24 8.00 50.00 58.00 NOTE
r-patched-linux-x86_64 0.24 2.94 28.95 31.89 NOTE
r-patched-solaris-sparc 0.24 413.20 NOTE
r-patched-solaris-x86 0.24 107.60 NOTE
r-release-linux-x86_64 0.24 3.58 29.34 32.92 NOTE
r-release-osx-x86_64-mavericks 0.24 NOTE
r-release-osx-x86_64-snowleopard 0.24 NOTE
r-release-windows-ix86+x86_64 0.24 8.00 49.00 57.00 NOTE
r-oldrel-windows-ix86+x86_64 0.24 17.00 107.00 124.00 NOTE

Check Details

Version: 0.24
Check: DESCRIPTION meta-information
Result: NOTE
    Malformed Title field: should not end in a period.
Flavors: r-devel-linux-x86_64-debian-clang, r-devel-linux-x86_64-debian-gcc, r-devel-linux-x86_64-fedora-clang, r-devel-linux-x86_64-fedora-gcc, r-devel-osx-x86_64-clang, r-devel-windows-ix86+x86_64, r-patched-linux-x86_64, r-patched-solaris-sparc, r-patched-solaris-x86, r-release-linux-x86_64, r-release-osx-x86_64-mavericks, r-release-osx-x86_64-snowleopard, r-release-windows-ix86+x86_64

Version: 0.24
Check: dependencies in R code
Result: NOTE
    Packages in Depends field not imported from:
     ‘cairoDevice’ ‘gWidgetsRGtk2’ ‘partitions’ ‘proto’
     These packages need to be imported from (in the NAMESPACE file)
     for when this namespace is loaded but not attached.
Flavors: r-devel-linux-x86_64-debian-clang, r-devel-linux-x86_64-debian-gcc, r-devel-linux-x86_64-fedora-clang, r-devel-linux-x86_64-fedora-gcc, r-devel-osx-x86_64-clang, r-devel-windows-ix86+x86_64, r-patched-linux-x86_64, r-patched-solaris-sparc, r-patched-solaris-x86, r-release-linux-x86_64, r-release-osx-x86_64-mavericks, r-release-osx-x86_64-snowleopard, r-release-windows-ix86+x86_64, r-oldrel-windows-ix86+x86_64