CRAN Package Check Results for Package AtelieR

Last updated on 2016-07-24 06:46:42.

Flavor Version Tinstall Tcheck Ttotal Status Flags
r-devel-linux-x86_64-debian-clang 0.24 3.29 32.51 35.80 NOTE
r-devel-linux-x86_64-debian-gcc 0.24 3.40 31.72 35.11 NOTE
r-devel-linux-x86_64-fedora-clang 0.24 58.90 NOTE
r-devel-linux-x86_64-fedora-gcc 0.24 53.39 NOTE
r-devel-osx-x86_64-clang 0.24 47.79 NOTE
r-devel-windows-ix86+x86_64 0.24 8.00 53.00 61.00 NOTE
r-patched-linux-x86_64 0.24 3.84 32.88 36.71 NOTE
r-patched-solaris-sparc 0.24 327.10 NOTE
r-patched-solaris-x86 0.24 88.10 NOTE
r-release-linux-x86_64 0.24 3.81 32.96 36.77 NOTE
r-release-osx-x86_64-mavericks 0.24 ERROR
r-release-windows-ix86+x86_64 0.24 8.00 65.00 73.00 NOTE
r-oldrel-windows-ix86+x86_64 0.24 13.00 56.00 69.00 NOTE

Check Details

Version: 0.24
Check: DESCRIPTION meta-information
Result: NOTE
    Malformed Title field: should not end in a period.
Flavors: r-devel-linux-x86_64-debian-clang, r-devel-linux-x86_64-debian-gcc, r-devel-linux-x86_64-fedora-clang, r-devel-linux-x86_64-fedora-gcc, r-devel-osx-x86_64-clang, r-devel-windows-ix86+x86_64, r-patched-linux-x86_64, r-patched-solaris-sparc, r-patched-solaris-x86, r-release-linux-x86_64, r-release-windows-ix86+x86_64, r-oldrel-windows-ix86+x86_64

Version: 0.24
Check: dependencies in R code
Result: NOTE
    Packages in Depends field not imported from:
     ‘cairoDevice’ ‘gWidgetsRGtk2’ ‘partitions’ ‘proto’
     These packages need to be imported from (in the NAMESPACE file)
     for when this namespace is loaded but not attached.
Flavors: r-devel-linux-x86_64-debian-clang, r-devel-linux-x86_64-debian-gcc, r-devel-linux-x86_64-fedora-clang, r-devel-linux-x86_64-fedora-gcc, r-devel-osx-x86_64-clang, r-devel-windows-ix86+x86_64, r-patched-linux-x86_64, r-patched-solaris-sparc, r-patched-solaris-x86, r-release-linux-x86_64, r-release-windows-ix86+x86_64, r-oldrel-windows-ix86+x86_64

Version: 0.24
Check: whether package can be installed
Result: ERROR
    Installation failed.
Flavor: r-release-osx-x86_64-mavericks