CRAN Package Check Results for Package AtelieR

Last updated on 2017-10-22 22:48:36.

Flavor Version Tinstall Tcheck Ttotal Status Flags
r-devel-linux-x86_64-debian-clang 0.24 3.11 32.22 35.33 NOTE
r-devel-linux-x86_64-debian-gcc 0.24 3.64 34.16 37.80 NOTE
r-devel-linux-x86_64-fedora-clang 0.24 69.20 NOTE
r-devel-linux-x86_64-fedora-gcc 0.24 66.85 NOTE
r-devel-windows-ix86+x86_64 0.24 10.00 61.00 71.00 NOTE
r-patched-linux-x86_64 0.24 3.16 32.98 36.15 NOTE
r-patched-solaris-x86 0.24 104.40 NOTE
r-release-linux-x86_64 0.24 3.10 32.28 35.38 NOTE
r-release-windows-ix86+x86_64 0.24 14.00 60.00 74.00 NOTE
r-release-osx-x86_64 0.24 ERROR
r-oldrel-windows-ix86+x86_64 0.24 9.00 66.00 75.00 NOTE
r-oldrel-osx-x86_64 0.24 ERROR

Check Details

Version: 0.24
Check: DESCRIPTION meta-information
Result: NOTE
    Malformed Title field: should not end in a period.
Flavors: r-devel-linux-x86_64-debian-clang, r-devel-linux-x86_64-debian-gcc, r-devel-linux-x86_64-fedora-clang, r-devel-linux-x86_64-fedora-gcc, r-devel-windows-ix86+x86_64, r-patched-linux-x86_64, r-patched-solaris-x86, r-release-linux-x86_64, r-release-windows-ix86+x86_64, r-oldrel-windows-ix86+x86_64

Version: 0.24
Check: dependencies in R code
Result: NOTE
    Packages in Depends field not imported from:
     ‘cairoDevice’ ‘gWidgetsRGtk2’ ‘partitions’ ‘proto’
     These packages need to be imported from (in the NAMESPACE file)
     for when this namespace is loaded but not attached.
Flavors: r-devel-linux-x86_64-debian-clang, r-devel-linux-x86_64-debian-gcc, r-devel-linux-x86_64-fedora-clang, r-devel-linux-x86_64-fedora-gcc, r-devel-windows-ix86+x86_64, r-patched-linux-x86_64, r-patched-solaris-x86, r-release-linux-x86_64, r-release-windows-ix86+x86_64, r-oldrel-windows-ix86+x86_64

Version: 0.24
Check: package dependencies
Result: ERROR
    Packages required but not available: ‘cairoDevice’ ‘gWidgetsRGtk2’
    
    See section ‘The DESCRIPTION file’ in the ‘Writing R Extensions’
    manual.
Flavor: r-release-osx-x86_64

Version: 0.24
Check: whether package can be installed
Result: ERROR
    Installation failed.
Flavor: r-oldrel-osx-x86_64