CRAN Package Check Results for Package AtelieR

Last updated on 2016-12-06 21:48:05.

Flavor Version Tinstall Tcheck Ttotal Status Flags
r-devel-linux-x86_64-debian-clang 0.24 3.28 32.26 35.53 NOTE
r-devel-linux-x86_64-debian-gcc 0.24 3.12 31.82 34.94 NOTE
r-devel-linux-x86_64-fedora-clang 0.24 69.86 NOTE --no-stop-on-test-error
r-devel-linux-x86_64-fedora-gcc 0.24 72.43 NOTE --no-stop-on-test-error
r-devel-macos-x86_64-clang 0.24 65.94 NOTE
r-devel-windows-ix86+x86_64 0.24 10.00 60.00 70.00 NOTE
r-patched-linux-x86_64 0.24 2.88 28.92 31.80 NOTE
r-patched-solaris-sparc 0.24 327.10 NOTE
r-patched-solaris-x86 0.24 90.70 NOTE
r-release-linux-x86_64 0.24 3.23 28.60 31.82 NOTE
r-release-osx-x86_64-mavericks 0.24 ERROR
r-release-windows-ix86+x86_64 0.24 8.00 81.00 89.00 NOTE
r-oldrel-windows-ix86+x86_64 0.24 14.00 54.00 68.00 NOTE

Check Details

Version: 0.24
Check: DESCRIPTION meta-information
Result: NOTE
    Malformed Title field: should not end in a period.
Flavors: r-devel-linux-x86_64-debian-clang, r-devel-linux-x86_64-debian-gcc, r-devel-macos-x86_64-clang, r-devel-windows-ix86+x86_64, r-patched-linux-x86_64, r-patched-solaris-sparc, r-patched-solaris-x86, r-release-linux-x86_64, r-release-windows-ix86+x86_64, r-oldrel-windows-ix86+x86_64

Version: 0.24
Check: dependencies in R code
Result: NOTE
    Packages in Depends field not imported from:
     ‘cairoDevice’ ‘gWidgetsRGtk2’ ‘partitions’ ‘proto’
     These packages need to be imported from (in the NAMESPACE file)
     for when this namespace is loaded but not attached.
Flavors: r-devel-linux-x86_64-debian-clang, r-devel-linux-x86_64-debian-gcc, r-devel-macos-x86_64-clang, r-devel-windows-ix86+x86_64, r-patched-linux-x86_64, r-patched-solaris-sparc, r-patched-solaris-x86, r-release-linux-x86_64, r-release-windows-ix86+x86_64, r-oldrel-windows-ix86+x86_64

Version: 0.24
Flags: --no-stop-on-test-error
Check: DESCRIPTION meta-information
Result: NOTE
    Malformed Title field: should not end in a period.
Flavors: r-devel-linux-x86_64-fedora-clang, r-devel-linux-x86_64-fedora-gcc

Version: 0.24
Flags: --no-stop-on-test-error
Check: dependencies in R code
Result: NOTE
    Packages in Depends field not imported from:
     ‘cairoDevice’ ‘gWidgetsRGtk2’ ‘partitions’ ‘proto’
     These packages need to be imported from (in the NAMESPACE file)
     for when this namespace is loaded but not attached.
Flavors: r-devel-linux-x86_64-fedora-clang, r-devel-linux-x86_64-fedora-gcc

Version: 0.24
Check: whether package can be installed
Result: ERROR
    Installation failed.
Flavor: r-release-osx-x86_64-mavericks