CRAN Package Check Results for Package AtelieR

Last updated on 2016-09-27 16:47:32.

Flavor Version Tinstall Tcheck Ttotal Status Flags
r-devel-linux-x86_64-debian-clang 0.24 2.75 27.24 30.00 NOTE
r-devel-linux-x86_64-debian-gcc 0.24 3.25 28.40 31.65 NOTE
r-devel-linux-x86_64-fedora-clang 0.24 55.62 NOTE
r-devel-linux-x86_64-fedora-gcc 0.24 52.20 NOTE
r-devel-macos-x86_64-clang 0.24 56.02 NOTE
r-devel-windows-ix86+x86_64 0.24 12.00 67.00 79.00 NOTE
r-patched-linux-x86_64 0.24 2.96 26.91 29.87 NOTE
r-patched-solaris-sparc 0.24 327.10 NOTE
r-patched-solaris-x86 0.24 81.70 NOTE
r-release-linux-x86_64 0.24 2.99 28.82 31.81 NOTE
r-release-osx-x86_64-mavericks 0.24 ERROR
r-release-windows-ix86+x86_64 0.24 12.00 65.00 77.00 NOTE
r-oldrel-windows-ix86+x86_64 0.24 13.00 75.00 88.00 NOTE

Check Details

Version: 0.24
Check: DESCRIPTION meta-information
Result: NOTE
    Malformed Title field: should not end in a period.
Flavors: r-devel-linux-x86_64-debian-clang, r-devel-linux-x86_64-debian-gcc, r-devel-linux-x86_64-fedora-clang, r-devel-linux-x86_64-fedora-gcc, r-devel-macos-x86_64-clang, r-devel-windows-ix86+x86_64, r-patched-linux-x86_64, r-patched-solaris-sparc, r-patched-solaris-x86, r-release-linux-x86_64, r-release-windows-ix86+x86_64, r-oldrel-windows-ix86+x86_64

Version: 0.24
Check: dependencies in R code
Result: NOTE
    Packages in Depends field not imported from:
     ‘cairoDevice’ ‘gWidgetsRGtk2’ ‘partitions’ ‘proto’
     These packages need to be imported from (in the NAMESPACE file)
     for when this namespace is loaded but not attached.
Flavors: r-devel-linux-x86_64-debian-clang, r-devel-linux-x86_64-debian-gcc, r-devel-linux-x86_64-fedora-clang, r-devel-linux-x86_64-fedora-gcc, r-devel-macos-x86_64-clang, r-devel-windows-ix86+x86_64, r-patched-linux-x86_64, r-patched-solaris-sparc, r-patched-solaris-x86, r-release-linux-x86_64, r-release-windows-ix86+x86_64, r-oldrel-windows-ix86+x86_64

Version: 0.24
Check: whether package can be installed
Result: ERROR
    Installation failed.
Flavor: r-release-osx-x86_64-mavericks