CRAN Package Check Results for Package AtelieR

Last updated on 2015-09-03 22:47:48.

Flavor Version Tinstall Tcheck Ttotal Status Flags
r-devel-linux-x86_64-debian-clang 0.24 2.71 29.10 31.81 NOTE
r-devel-linux-x86_64-debian-gcc 0.24 3.08 28.02 31.10 NOTE
r-devel-linux-x86_64-fedora-clang 0.24 60.93 NOTE
r-devel-linux-x86_64-fedora-gcc 0.24 59.81 NOTE
r-devel-osx-x86_64-clang 0.24 63.79 NOTE
r-devel-windows-ix86+x86_64 0.24 9.00 70.00 79.00 NOTE
r-patched-linux-x86_64 0.24 3.10 30.28 33.38 NOTE
r-patched-solaris-sparc 0.24 417.30 NOTE
r-patched-solaris-x86 0.24 106.90 NOTE
r-release-linux-x86_64 0.24 3.09 30.92 34.01 NOTE
r-release-osx-x86_64-mavericks 0.24 NOTE
r-release-windows-ix86+x86_64 0.24 11.00 49.00 60.00 NOTE
r-oldrel-windows-ix86+x86_64 0.24 21.00 79.00 100.00 NOTE

Check Details

Version: 0.24
Check: DESCRIPTION meta-information
Result: NOTE
    Malformed Title field: should not end in a period.
Flavors: r-devel-linux-x86_64-debian-clang, r-devel-linux-x86_64-debian-gcc, r-devel-linux-x86_64-fedora-clang, r-devel-linux-x86_64-fedora-gcc, r-devel-osx-x86_64-clang, r-devel-windows-ix86+x86_64, r-patched-linux-x86_64, r-patched-solaris-sparc, r-patched-solaris-x86, r-release-linux-x86_64, r-release-osx-x86_64-mavericks, r-release-windows-ix86+x86_64

Version: 0.24
Check: dependencies in R code
Result: NOTE
    Packages in Depends field not imported from:
     ‘cairoDevice’ ‘gWidgetsRGtk2’ ‘partitions’ ‘proto’
     These packages need to be imported from (in the NAMESPACE file)
     for when this namespace is loaded but not attached.
Flavors: r-devel-linux-x86_64-debian-clang, r-devel-linux-x86_64-debian-gcc, r-devel-linux-x86_64-fedora-clang, r-devel-linux-x86_64-fedora-gcc, r-devel-osx-x86_64-clang, r-devel-windows-ix86+x86_64, r-patched-linux-x86_64, r-patched-solaris-sparc, r-patched-solaris-x86, r-release-linux-x86_64, r-release-osx-x86_64-mavericks, r-release-windows-ix86+x86_64, r-oldrel-windows-ix86+x86_64