CRAN Package Check Results for Package AtelieR

Last updated on 2014-07-24 23:48:12.

Flavor Version Tinstall Tcheck Ttotal Status Flags
r-devel-linux-x86_64-debian-clang 0.24 3.68 41.86 45.53 NOTE
r-devel-linux-x86_64-debian-gcc 0.24 3.72 41.45 45.17 NOTE
r-devel-linux-x86_64-fedora-clang 0.24 111.04 NOTE
r-devel-linux-x86_64-fedora-gcc 0.24 101.94 NOTE
r-devel-osx-x86_64-clang 0.24 93.69 NOTE
r-devel-windows-ix86+x86_64 0.24 12.00 67.00 79.00 NOTE
r-patched-linux-x86_64 0.24 3.75 42.11 45.86 NOTE
r-patched-solaris-sparc 0.24 612.50 NOTE
r-patched-solaris-x86 0.24 144.50 NOTE
r-release-linux-ix86 0.24 5.96 55.24 61.20 NOTE
r-release-linux-x86_64 0.24 4.51 45.65 50.16 NOTE
r-release-osx-x86_64-mavericks 0.24 ERROR
r-release-windows-ix86+x86_64 0.24 15.00 72.00 87.00 NOTE
r-oldrel-windows-ix86+x86_64 0.24 17.00 73.00 90.00 NOTE

Check Details

Version: 0.24
Check: dependencies in R code
Result: NOTE
    Packages in Depends field not imported from:
     ‘cairoDevice’ ‘gWidgetsRGtk2’ ‘partitions’ ‘proto’
     These packages need to be imported from (in the NAMESPACE file)
     for when this namespace is loaded but not attached.
    See the information on DESCRIPTION files in the chapter ‘Creating R
    packages’ of the ‘Writing R Extensions’ manual.
Flavors: r-devel-linux-x86_64-debian-clang, r-devel-linux-x86_64-debian-gcc, r-devel-linux-x86_64-fedora-clang, r-devel-linux-x86_64-fedora-gcc, r-devel-osx-x86_64-clang, r-devel-windows-ix86+x86_64, r-patched-linux-x86_64, r-patched-solaris-sparc, r-patched-solaris-x86, r-release-linux-ix86, r-release-linux-x86_64, r-release-windows-ix86+x86_64, r-oldrel-windows-ix86+x86_64

Version: 0.24
Check: package dependencies
Result: ERROR
    Packages required but not available: ‘cairoDevice’ ‘gWidgetsRGtk2’
    
    See the information on DESCRIPTION files in the chapter ‘Creating R
    packages’ of the ‘Writing R Extensions’ manual.
Flavor: r-release-osx-x86_64-mavericks