CRAN Package Check Results for Package AtelieR

Last updated on 2015-02-27 22:49:11.

Flavor Version Tinstall Tcheck Ttotal Status Flags
r-devel-linux-x86_64-debian-clang 0.24 2.96 30.33 33.29 NOTE
r-devel-linux-x86_64-debian-gcc 0.24 2.86 29.28 32.14 NOTE
r-devel-linux-x86_64-fedora-clang 0.24 78.60 NOTE
r-devel-linux-x86_64-fedora-gcc 0.24 63.61 NOTE
r-devel-osx-x86_64-clang 0.24 74.38 NOTE
r-devel-windows-ix86+x86_64 0.24 15.00 48.00 63.00 NOTE
r-patched-linux-x86_64 0.24 4.12 44.36 48.48 NOTE
r-patched-solaris-sparc 0.24 570.10 NOTE
r-patched-solaris-x86 0.24 150.80 NOTE
r-release-linux-ix86 0.24 4.85 50.35 55.20 NOTE
r-release-linux-x86_64 0.24 5.38 42.03 47.41 NOTE
r-release-osx-x86_64-mavericks 0.24 ERROR
r-release-windows-ix86+x86_64 0.24 16.00 68.00 84.00 NOTE
r-oldrel-windows-ix86+x86_64 0.24 16.00 110.00 126.00 NOTE

Check Details

Version: 0.24
Check: DESCRIPTION meta-information
Result: NOTE
    Malformed Title field: should not end in a period.
Flavors: r-devel-linux-x86_64-debian-clang, r-devel-linux-x86_64-debian-gcc, r-devel-linux-x86_64-fedora-clang, r-devel-linux-x86_64-fedora-gcc, r-devel-osx-x86_64-clang, r-devel-windows-ix86+x86_64

Version: 0.24
Check: dependencies in R code
Result: NOTE
    Packages in Depends field not imported from:
     ‘cairoDevice’ ‘gWidgetsRGtk2’ ‘partitions’ ‘proto’
     These packages need to be imported from (in the NAMESPACE file)
     for when this namespace is loaded but not attached.
Flavors: r-devel-linux-x86_64-debian-clang, r-devel-linux-x86_64-debian-gcc, r-devel-linux-x86_64-fedora-clang, r-devel-linux-x86_64-fedora-gcc, r-devel-osx-x86_64-clang, r-devel-windows-ix86+x86_64, r-patched-linux-x86_64, r-patched-solaris-x86

Version: 0.24
Check: dependencies in R code
Result: NOTE
    Packages in Depends field not imported from:
     ‘cairoDevice’ ‘gWidgetsRGtk2’ ‘partitions’ ‘proto’
     These packages need to be imported from (in the NAMESPACE file)
     for when this namespace is loaded but not attached.
    See the information on DESCRIPTION files in the chapter ‘Creating R
    packages’ of the ‘Writing R Extensions’ manual.
Flavors: r-patched-solaris-sparc, r-release-linux-ix86, r-release-linux-x86_64, r-release-windows-ix86+x86_64, r-oldrel-windows-ix86+x86_64

Version: 0.24
Check: package dependencies
Result: ERROR
    Packages required but not available: ‘cairoDevice’ ‘gWidgetsRGtk2’
    
    See section ‘The DESCRIPTION file’ in the ‘Writing R Extensions’
    manual.
Flavor: r-release-osx-x86_64-mavericks