CRAN Package Check Results for Package AtelieR

Last updated on 2014-09-01 14:46:23.

Flavor Version Tinstall Tcheck Ttotal Status Flags
r-devel-linux-x86_64-debian-clang 0.24 3.74 38.17 41.92 NOTE
r-devel-linux-x86_64-debian-gcc 0.24 3.42 37.41 40.83 NOTE
r-devel-linux-x86_64-fedora-clang 0.24 96.54 NOTE
r-devel-linux-x86_64-fedora-gcc 0.24 93.50 NOTE
r-devel-osx-x86_64-clang 0.24 87.00 NOTE
r-devel-windows-ix86+x86_64 0.24 13.00 59.00 72.00 NOTE
r-patched-linux-x86_64 0.24 3.70 43.10 46.80 NOTE
r-patched-solaris-sparc 0.24 569.70 NOTE
r-patched-solaris-x86 0.24 146.00 NOTE
r-release-linux-ix86 0.24 5.70 55.34 61.04 NOTE
r-release-linux-x86_64 0.24 4.08 45.13 49.21 NOTE
r-release-osx-x86_64-mavericks 0.24 ERROR
r-release-windows-ix86+x86_64 0.24 14.00 102.00 116.00 NOTE
r-oldrel-windows-ix86+x86_64 0.24 19.00 73.00 92.00 NOTE

Check Details

Version: 0.24
Check: dependencies in R code
Result: NOTE
    Packages in Depends field not imported from:
     ‘cairoDevice’ ‘gWidgetsRGtk2’ ‘partitions’ ‘proto’
     These packages need to be imported from (in the NAMESPACE file)
     for when this namespace is loaded but not attached.
    See the information on DESCRIPTION files in the chapter ‘Creating R
    packages’ of the ‘Writing R Extensions’ manual.
Flavors: r-devel-linux-x86_64-debian-clang, r-devel-linux-x86_64-debian-gcc, r-devel-linux-x86_64-fedora-clang, r-devel-linux-x86_64-fedora-gcc, r-devel-osx-x86_64-clang, r-devel-windows-ix86+x86_64, r-patched-linux-x86_64, r-patched-solaris-sparc, r-patched-solaris-x86, r-release-linux-ix86, r-release-linux-x86_64, r-release-windows-ix86+x86_64, r-oldrel-windows-ix86+x86_64

Version: 0.24
Check: package dependencies
Result: ERROR
    Packages required but not available: ‘cairoDevice’ ‘gWidgetsRGtk2’
    
    See the information on DESCRIPTION files in the chapter ‘Creating R
    packages’ of the ‘Writing R Extensions’ manual.
Flavor: r-release-osx-x86_64-mavericks