CRAN Package Check Results for Package AtelieR

Last updated on 2015-07-03 11:46:55.

Flavor Version Tinstall Tcheck Ttotal Status Flags
r-devel-linux-x86_64-debian-clang 0.24 3.40 30.28 33.68 NOTE
r-devel-linux-x86_64-debian-gcc 0.24 3.67 28.85 32.52 NOTE
r-devel-linux-x86_64-fedora-clang 0.24 66.08 NOTE
r-devel-linux-x86_64-fedora-gcc 0.24 63.33 NOTE
r-devel-osx-x86_64-clang 0.24 71.91 NOTE
r-devel-windows-ix86+x86_64 0.24 9.00 52.00 61.00 NOTE
r-patched-linux-x86_64 0.24 3.23 29.39 32.62 NOTE
r-patched-solaris-sparc 0.24 413.20 NOTE
r-patched-solaris-x86 0.24 108.30 NOTE
r-release-linux-x86_64 0.24 2.90 29.96 32.86 NOTE
r-release-osx-x86_64-mavericks 0.24 NOTE
r-release-windows-ix86+x86_64 0.24 9.00 44.00 53.00 NOTE
r-oldrel-windows-ix86+x86_64 0.24 15.00 104.00 119.00 NOTE

Check Details

Version: 0.24
Check: DESCRIPTION meta-information
Result: NOTE
    Malformed Title field: should not end in a period.
Flavors: r-devel-linux-x86_64-debian-clang, r-devel-linux-x86_64-debian-gcc, r-devel-linux-x86_64-fedora-clang, r-devel-linux-x86_64-fedora-gcc, r-devel-osx-x86_64-clang, r-devel-windows-ix86+x86_64, r-patched-linux-x86_64, r-patched-solaris-sparc, r-patched-solaris-x86, r-release-linux-x86_64, r-release-osx-x86_64-mavericks, r-release-windows-ix86+x86_64

Version: 0.24
Check: dependencies in R code
Result: NOTE
    Packages in Depends field not imported from:
     ‘cairoDevice’ ‘gWidgetsRGtk2’ ‘partitions’ ‘proto’
     These packages need to be imported from (in the NAMESPACE file)
     for when this namespace is loaded but not attached.
Flavors: r-devel-linux-x86_64-debian-clang, r-devel-linux-x86_64-debian-gcc, r-devel-linux-x86_64-fedora-clang, r-devel-linux-x86_64-fedora-gcc, r-devel-osx-x86_64-clang, r-devel-windows-ix86+x86_64, r-patched-linux-x86_64, r-patched-solaris-sparc, r-patched-solaris-x86, r-release-linux-x86_64, r-release-osx-x86_64-mavericks, r-release-windows-ix86+x86_64, r-oldrel-windows-ix86+x86_64