CRAN Package Check Results for Package AtelieR

Last updated on 2015-08-04 06:47:28.

Flavor Version Tinstall Tcheck Ttotal Status Flags
r-devel-linux-x86_64-debian-clang 0.24 3.23 29.70 32.93 NOTE
r-devel-linux-x86_64-debian-gcc 0.24 2.88 29.99 32.88 NOTE
r-devel-linux-x86_64-fedora-clang 0.24 66.73 NOTE
r-devel-linux-x86_64-fedora-gcc 0.24 58.73 NOTE
r-devel-osx-x86_64-clang 0.24 69.34 NOTE
r-devel-windows-ix86+x86_64 0.24 11.00 68.00 79.00 NOTE
r-patched-linux-x86_64 0.24 3.16 30.19 33.34 NOTE
r-patched-solaris-sparc 0.24 417.30 NOTE
r-patched-solaris-x86 0.24 104.80 NOTE
r-release-linux-x86_64 0.24 3.06 30.40 33.45 NOTE
r-release-osx-x86_64-mavericks 0.24 NOTE
r-release-windows-ix86+x86_64 0.24 11.00 50.00 61.00 NOTE
r-oldrel-windows-ix86+x86_64 0.24 19.00 80.00 99.00 NOTE

Check Details

Version: 0.24
Check: DESCRIPTION meta-information
Result: NOTE
    Malformed Title field: should not end in a period.
Flavors: r-devel-linux-x86_64-debian-clang, r-devel-linux-x86_64-debian-gcc, r-devel-linux-x86_64-fedora-clang, r-devel-linux-x86_64-fedora-gcc, r-devel-osx-x86_64-clang, r-devel-windows-ix86+x86_64, r-patched-linux-x86_64, r-patched-solaris-sparc, r-patched-solaris-x86, r-release-linux-x86_64, r-release-osx-x86_64-mavericks, r-release-windows-ix86+x86_64

Version: 0.24
Check: dependencies in R code
Result: NOTE
    Packages in Depends field not imported from:
     ‘cairoDevice’ ‘gWidgetsRGtk2’ ‘partitions’ ‘proto’
     These packages need to be imported from (in the NAMESPACE file)
     for when this namespace is loaded but not attached.
Flavors: r-devel-linux-x86_64-debian-clang, r-devel-linux-x86_64-debian-gcc, r-devel-linux-x86_64-fedora-clang, r-devel-linux-x86_64-fedora-gcc, r-devel-osx-x86_64-clang, r-devel-windows-ix86+x86_64, r-patched-linux-x86_64, r-patched-solaris-sparc, r-patched-solaris-x86, r-release-linux-x86_64, r-release-osx-x86_64-mavericks, r-release-windows-ix86+x86_64, r-oldrel-windows-ix86+x86_64