CRAN Package Check Results for Package AtelieR

Last updated on 2017-06-23 14:46:53.

Flavor Version Tinstall Tcheck Ttotal Status Flags
r-devel-linux-x86_64-debian-clang 0.24 3.26 31.54 34.80 NOTE
r-devel-linux-x86_64-debian-gcc 0.24 3.23 32.68 35.91 NOTE
r-devel-linux-x86_64-fedora-clang 0.24 74.20 NOTE
r-devel-linux-x86_64-fedora-gcc 0.24 66.33 NOTE
r-devel-windows-ix86+x86_64 0.24 15.00 78.00 93.00 NOTE
r-patched-linux-x86_64 0.24 3.09 33.22 36.31 NOTE
r-patched-solaris-sparc 0.24 389.60 NOTE
r-patched-solaris-x86 0.24 108.70 NOTE
r-release-linux-x86_64 0.24 3.30 33.26 36.55 NOTE
r-release-windows-ix86+x86_64 0.24 10.00 79.00 89.00 NOTE
r-release-osx-x86_64 0.24 ERROR
r-oldrel-windows-ix86+x86_64 0.24 11.00 74.00 85.00 NOTE
r-oldrel-osx-x86_64 0.24 ERROR

Check Details

Version: 0.24
Check: DESCRIPTION meta-information
Result: NOTE
    Malformed Title field: should not end in a period.
Flavors: r-devel-linux-x86_64-debian-clang, r-devel-linux-x86_64-debian-gcc, r-devel-linux-x86_64-fedora-clang, r-devel-linux-x86_64-fedora-gcc, r-devel-windows-ix86+x86_64, r-patched-linux-x86_64, r-patched-solaris-sparc, r-patched-solaris-x86, r-release-linux-x86_64, r-release-windows-ix86+x86_64, r-oldrel-windows-ix86+x86_64

Version: 0.24
Check: dependencies in R code
Result: NOTE
    Packages in Depends field not imported from:
     ‘cairoDevice’ ‘gWidgetsRGtk2’ ‘partitions’ ‘proto’
     These packages need to be imported from (in the NAMESPACE file)
     for when this namespace is loaded but not attached.
Flavors: r-devel-linux-x86_64-debian-clang, r-devel-linux-x86_64-debian-gcc, r-devel-linux-x86_64-fedora-clang, r-devel-linux-x86_64-fedora-gcc, r-devel-windows-ix86+x86_64, r-patched-linux-x86_64, r-patched-solaris-sparc, r-patched-solaris-x86, r-release-linux-x86_64, r-release-windows-ix86+x86_64, r-oldrel-windows-ix86+x86_64

Version: 0.24
Check: package dependencies
Result: ERROR
    Packages required but not available:
     ‘cairoDevice’ ‘gWidgetsRGtk2’ ‘partitions’
    
    See section ‘The DESCRIPTION file’ in the ‘Writing R Extensions’
    manual.
Flavor: r-release-osx-x86_64

Version: 0.24
Check: whether package can be installed
Result: ERROR
    Installation failed.
Flavor: r-oldrel-osx-x86_64