CRAN Package Check Results for Package AtelieR

Last updated on 2017-01-24 11:49:03.

Flavor Version Tinstall Tcheck Ttotal Status Flags
r-devel-linux-x86_64-debian-clang 0.24 3.00 31.68 34.69 NOTE
r-devel-linux-x86_64-debian-gcc 0.24 3.10 31.44 34.53 NOTE
r-devel-linux-x86_64-fedora-clang 0.24 66.72 NOTE --no-stop-on-test-error
r-devel-linux-x86_64-fedora-gcc 0.24 76.45 NOTE --no-stop-on-test-error
r-devel-macos-x86_64-clang 0.24 63.64 NOTE --no-stop-on-test-error
r-devel-windows-ix86+x86_64 0.24 9.00 84.00 93.00 NOTE
r-patched-linux-x86_64 0.24 3.04 28.88 31.92 NOTE
r-patched-solaris-sparc 0.24 320.50 NOTE
r-patched-solaris-x86 0.24 86.90 NOTE
r-release-linux-x86_64 0.24 2.76 28.23 30.98 NOTE
r-release-osx-x86_64-mavericks 0.24 ERROR
r-release-windows-ix86+x86_64 0.24 12.00 69.00 81.00 NOTE
r-oldrel-windows-ix86+x86_64 0.24 20.00 72.00 92.00 NOTE

Check Details

Version: 0.24
Check: DESCRIPTION meta-information
Result: NOTE
    Malformed Title field: should not end in a period.
Flavors: r-devel-linux-x86_64-debian-clang, r-devel-linux-x86_64-debian-gcc, r-devel-windows-ix86+x86_64, r-patched-linux-x86_64, r-patched-solaris-sparc, r-patched-solaris-x86, r-release-linux-x86_64, r-release-windows-ix86+x86_64, r-oldrel-windows-ix86+x86_64

Version: 0.24
Check: dependencies in R code
Result: NOTE
    Packages in Depends field not imported from:
     ‘cairoDevice’ ‘gWidgetsRGtk2’ ‘partitions’ ‘proto’
     These packages need to be imported from (in the NAMESPACE file)
     for when this namespace is loaded but not attached.
Flavors: r-devel-linux-x86_64-debian-clang, r-devel-linux-x86_64-debian-gcc, r-devel-windows-ix86+x86_64, r-patched-linux-x86_64, r-patched-solaris-sparc, r-patched-solaris-x86, r-release-linux-x86_64, r-release-windows-ix86+x86_64, r-oldrel-windows-ix86+x86_64

Version: 0.24
Flags: --no-stop-on-test-error
Check: DESCRIPTION meta-information
Result: NOTE
    Malformed Title field: should not end in a period.
Flavors: r-devel-linux-x86_64-fedora-clang, r-devel-linux-x86_64-fedora-gcc, r-devel-macos-x86_64-clang

Version: 0.24
Flags: --no-stop-on-test-error
Check: dependencies in R code
Result: NOTE
    Packages in Depends field not imported from:
     ‘cairoDevice’ ‘gWidgetsRGtk2’ ‘partitions’ ‘proto’
     These packages need to be imported from (in the NAMESPACE file)
     for when this namespace is loaded but not attached.
Flavors: r-devel-linux-x86_64-fedora-clang, r-devel-linux-x86_64-fedora-gcc, r-devel-macos-x86_64-clang

Version: 0.24
Check: whether package can be installed
Result: ERROR
    Installation failed.
Flavor: r-release-osx-x86_64-mavericks