CRAN Package Check Results for Package AtmChile

Last updated on 2022-12-08 21:50:42 CET.

Flavor Version Tinstall Tcheck Ttotal Status Flags
r-devel-linux-x86_64-debian-clang 1.0.1 5.07 47.24 52.31 OK
r-devel-linux-x86_64-debian-gcc 1.0.1 4.36 36.98 41.34 OK
r-devel-linux-x86_64-fedora-clang 1.0.1 75.65 NOTE
r-devel-linux-x86_64-fedora-gcc 1.0.1 70.66 NOTE
r-devel-windows-x86_64 1.0.1 16.00 85.00 101.00 OK
r-patched-linux-x86_64 1.0.1 5.49 43.15 48.64 OK
r-release-linux-x86_64 1.0.1 4.08 43.58 47.66 OK
r-release-macos-arm64 1.0.1 40.00 NOTE
r-release-macos-x86_64 1.0.1 46.00 NOTE
r-release-windows-x86_64 1.0.1 22.00 88.00 110.00 OK
r-oldrel-macos-arm64 1.0.1 42.00 NOTE
r-oldrel-macos-x86_64 1.0.1 50.00 NOTE
r-oldrel-windows-ix86+x86_64 1.0.1 16.00 88.00 104.00 OK

Check Details

Version: 1.0.1
Check: dependencies in R code
Result: NOTE
    Namespaces in Imports field not imported from:
     ‘DT’ ‘lubridate’ ‘openair’ ‘plotly’
     All declared Imports should be used.
Flavors: r-devel-linux-x86_64-fedora-clang, r-devel-linux-x86_64-fedora-gcc, r-release-macos-arm64, r-release-macos-x86_64, r-oldrel-macos-arm64, r-oldrel-macos-x86_64