CRAN Package Check Results for Package AtmRay

Last updated on 2015-04-25 06:46:14.

Flavor Version Tinstall Tcheck Ttotal Status Flags
r-devel-linux-x86_64-debian-clang 1.31 0.95 10.15 11.10 NOTE
r-devel-linux-x86_64-debian-gcc 1.31 1.07 9.91 10.98 NOTE
r-devel-linux-x86_64-fedora-clang 1.31 22.31 NOTE
r-devel-linux-x86_64-fedora-gcc 1.31 20.43 NOTE
r-devel-osx-x86_64-clang 1.31 24.42 OK
r-devel-windows-ix86+x86_64 1.31 5.00 25.00 30.00 OK
r-patched-linux-x86_64 1.31 1.08 10.86 11.94 NOTE
r-patched-solaris-sparc 1.31 132.30 OK
r-patched-solaris-x86 1.31 30.10 OK
r-release-linux-x86_64 1.31 1.01 10.19 11.20 NOTE
r-release-osx-x86_64-mavericks 1.31 OK
r-release-osx-x86_64-snowleopard 1.31 OK
r-release-windows-ix86+x86_64 1.31 4.00 19.00 23.00 OK
r-oldrel-windows-ix86+x86_64 1.31 9.00 30.00 39.00 OK

Check Details

Version: 1.31
Check: Rd line widths
Result: NOTE
    Rd file 'MakeArrivals.lin.Rd':
     \examples lines wider than 100 characters:
     MakeArrivals.lin(xs = c(100, 150), ys = c(100, 150), zs = c(100, 150), xr = 0, yr = 0, zr = 0, dt = 0.01, nt = 100, timing = c(0, 0), A ... [TRUNCATED]
    
    Rd file 'MakeAtmList.lin.Rd':
     \usage lines wider than 90 characters:
     MakeAtmList.lin(z0 = 0, c0 = 343, gc = 0, wx0 = 0, gwx = 0, wy0 = 0, gwy = 0, rho0 = 1.2929 * exp(-z0/6800), grho = -0.0001901323 * exp ... [TRUNCATED]
    
    These lines will be truncated in the PDF manual.
Flavor: r-patched-linux-x86_64