CRAN Package Check Results for Package AtmRay

Last updated on 2014-09-22 03:48:11.

Flavor Version Tinstall Tcheck Ttotal Status Flags
r-devel-linux-x86_64-debian-clang 1.31 0.87 10.29 11.16 NOTE
r-devel-linux-x86_64-debian-gcc 1.31 0.95 10.52 11.48 NOTE
r-devel-linux-x86_64-fedora-clang 1.31 21.29 NOTE
r-devel-linux-x86_64-fedora-gcc 1.31 23.07 NOTE
r-devel-osx-x86_64-clang 1.31 25.67 OK
r-devel-windows-ix86+x86_64 1.31 6.00 23.00 29.00 OK
r-patched-linux-x86_64 1.31 0.98 10.76 11.74 NOTE
r-patched-solaris-sparc 1.31 162.50 OK
r-patched-solaris-x86 1.31 33.50 OK
r-release-linux-ix86 1.31 1.50 16.67 18.16 OK
r-release-linux-x86_64 1.31 1.02 10.76 11.78 NOTE
r-release-osx-x86_64-mavericks 1.31 OK
r-release-windows-ix86+x86_64 1.31 7.00 24.00 31.00 OK
r-oldrel-windows-ix86+x86_64 1.31 5.00 23.00 28.00 OK

Check Details

Version: 1.31
Check: Rd line widths
Result: NOTE
    Rd file 'MakeArrivals.lin.Rd':
     \examples lines wider than 100 characters:
     MakeArrivals.lin(xs = c(100, 150), ys = c(100, 150), zs = c(100, 150), xr = 0, yr = 0, zr = 0, dt = 0.01, nt = 100, timing = c(0, 0), A ... [TRUNCATED]
    
    Rd file 'MakeAtmList.lin.Rd':
     \usage lines wider than 90 characters:
     MakeAtmList.lin(z0 = 0, c0 = 343, gc = 0, wx0 = 0, gwx = 0, wy0 = 0, gwy = 0, rho0 = 1.2929 * exp(-z0/6800), grho = -0.0001901323 * exp ... [TRUNCATED]
    
    These lines will be truncated in the PDF manual.
Flavors: r-devel-linux-x86_64-debian-clang, r-devel-linux-x86_64-debian-gcc, r-devel-linux-x86_64-fedora-clang, r-devel-linux-x86_64-fedora-gcc, r-patched-linux-x86_64, r-release-linux-x86_64