CRAN Package Check Results for Package AtmRay

Last updated on 2015-05-22 11:47:52.

Flavor Version Tinstall Tcheck Ttotal Status Flags
r-devel-linux-x86_64-debian-clang 1.31 0.95 10.04 11.00 NOTE
r-devel-linux-x86_64-debian-gcc 1.31 1.05 10.21 11.26 NOTE
r-devel-linux-x86_64-fedora-clang 1.31 21.38 NOTE
r-devel-linux-x86_64-fedora-gcc 1.31 19.75 NOTE
r-devel-osx-x86_64-clang 1.31 24.61 OK
r-devel-windows-ix86+x86_64 1.31 11.00 30.00 41.00 OK
r-patched-linux-x86_64 1.31 1.08 10.35 11.44 NOTE
r-patched-solaris-sparc 1.31 132.30 OK
r-patched-solaris-x86 1.31 30.90 OK
r-release-linux-x86_64 1.31 1.00 10.53 11.53 NOTE
r-release-osx-x86_64-mavericks 1.31 OK
r-release-osx-x86_64-snowleopard 1.31 OK
r-release-windows-ix86+x86_64 1.31 7.00 29.00 36.00 OK
r-oldrel-windows-ix86+x86_64 1.31 9.00 30.00 39.00 OK

Check Details

Version: 1.31
Check: Rd line widths
Result: NOTE
    Rd file 'MakeArrivals.lin.Rd':
     \examples lines wider than 100 characters:
     MakeArrivals.lin(xs = c(100, 150), ys = c(100, 150), zs = c(100, 150), xr = 0, yr = 0, zr = 0, dt = 0.01, nt = 100, timing = c(0, 0), A ... [TRUNCATED]
    
    Rd file 'MakeAtmList.lin.Rd':
     \usage lines wider than 90 characters:
     MakeAtmList.lin(z0 = 0, c0 = 343, gc = 0, wx0 = 0, gwx = 0, wy0 = 0, gwy = 0, rho0 = 1.2929 * exp(-z0/6800), grho = -0.0001901323 * exp ... [TRUNCATED]
    
    These lines will be truncated in the PDF manual.
Flavors: r-devel-linux-x86_64-debian-clang, r-devel-linux-x86_64-debian-gcc, r-devel-linux-x86_64-fedora-clang, r-devel-linux-x86_64-fedora-gcc, r-patched-linux-x86_64, r-release-linux-x86_64