CRAN Package Check Results for Package AtmRay

Last updated on 2015-08-02 05:47:35.

Flavor Version Tinstall Tcheck Ttotal Status Flags
r-devel-linux-x86_64-debian-clang 1.31 0.94 10.13 11.06 NOTE
r-devel-linux-x86_64-debian-gcc 1.31 0.98 10.59 11.58 NOTE
r-devel-linux-x86_64-fedora-clang 1.31 20.01 NOTE
r-devel-linux-x86_64-fedora-gcc 1.31 19.58 NOTE
r-devel-osx-x86_64-clang 1.31 21.09 OK
r-devel-windows-ix86+x86_64 1.31 8.00 22.00 30.00 NOTE
r-patched-linux-x86_64 1.31 1.02 10.10 11.12 NOTE
r-patched-solaris-sparc 1.31 142.60 OK
r-patched-solaris-x86 1.31 30.90 OK
r-release-linux-x86_64 1.31 0.98 10.44 11.41 NOTE
r-release-osx-x86_64-mavericks 1.31 OK
r-release-windows-ix86+x86_64 1.31 7.00 21.00 28.00 OK
r-oldrel-windows-ix86+x86_64 1.31 9.00 30.00 39.00 OK

Check Details

Version: 1.31
Check: R code for possible problems
Result: NOTE
    PlotAtm.lin : scale_image: no visible global function definition for
     ‘heat.colors’
    PlotAtm.lin : scale_image: no visible global function definition for
     ‘par’
    PlotAtm.lin : scale_image: no visible global function definition for
     ‘sd’
    PlotAtm.lin : scale_image: no visible global function definition for
     ‘approx’
    PlotAtm.lin : scale_image: no visible global function definition for
     ‘image’
    PlotAtm.lin : scale_image: no visible global function definition for
     ‘axis’
    PlotAtm.lin : scale_image: no visible global function definition for
     ‘mtext’
    PlotAtm.lin: no visible global function definition for ‘arrows’
    PlotAtm.lin: no visible global function definition for ‘text’
    PlotAtm.lin: no visible global function definition for ‘polygon’
    sky.colors: no visible global function definition for ‘rgb’
    Undefined global functions or variables:
     approx arrows axis heat.colors image mtext par polygon rgb sd text
    Consider adding
     importFrom("grDevices", "heat.colors", "rgb")
     importFrom("graphics", "arrows", "axis", "image", "mtext", "par",
     "polygon", "text")
     importFrom("stats", "approx", "sd")
    to your NAMESPACE.
Flavors: r-devel-linux-x86_64-debian-clang, r-devel-linux-x86_64-debian-gcc, r-devel-linux-x86_64-fedora-clang, r-devel-linux-x86_64-fedora-gcc, r-devel-windows-ix86+x86_64

Version: 1.31
Check: Rd line widths
Result: NOTE
    Rd file 'MakeArrivals.lin.Rd':
     \examples lines wider than 100 characters:
     MakeArrivals.lin(xs = c(100, 150), ys = c(100, 150), zs = c(100, 150), xr = 0, yr = 0, zr = 0, dt = 0.01, nt = 100, timing = c(0, 0), A ... [TRUNCATED]
    
    Rd file 'MakeAtmList.lin.Rd':
     \usage lines wider than 90 characters:
     MakeAtmList.lin(z0 = 0, c0 = 343, gc = 0, wx0 = 0, gwx = 0, wy0 = 0, gwy = 0, rho0 = 1.2929 * exp(-z0/6800), grho = -0.0001901323 * exp ... [TRUNCATED]
    
    These lines will be truncated in the PDF manual.
Flavors: r-devel-linux-x86_64-debian-clang, r-devel-linux-x86_64-debian-gcc, r-devel-linux-x86_64-fedora-clang, r-devel-linux-x86_64-fedora-gcc, r-patched-linux-x86_64, r-release-linux-x86_64