CRAN Package Check Results for Package AtmRay

Last updated on 2014-12-22 14:48:36.

Flavor Version Tinstall Tcheck Ttotal Status Flags
r-devel-linux-x86_64-debian-clang 1.31 0.93 10.94 11.88 NOTE
r-devel-linux-x86_64-debian-gcc 1.31 1.01 10.51 11.52 NOTE
r-devel-linux-x86_64-fedora-clang 1.31 24.59 NOTE
r-devel-linux-x86_64-fedora-gcc 1.31 24.04 NOTE
r-devel-osx-x86_64-clang 1.31 25.36 OK
r-devel-windows-ix86+x86_64 1.31 13.00 29.00 42.00 OK
r-patched-linux-x86_64 1.31 1.14 10.98 12.12 NOTE
r-patched-solaris-sparc 1.31 144.10 OK
r-patched-solaris-x86 1.31 34.00 OK
r-release-linux-ix86 1.31 1.48 16.17 17.65 OK
r-release-linux-x86_64 1.31 1.04 10.53 11.57 NOTE
r-release-osx-x86_64-mavericks 1.31 OK
r-release-windows-ix86+x86_64 1.31 6.00 24.00 30.00 OK
r-oldrel-windows-ix86+x86_64 1.31 5.00 23.00 28.00 OK

Check Details

Version: 1.31
Check: Rd line widths
Result: NOTE
    Rd file 'MakeArrivals.lin.Rd':
     \examples lines wider than 100 characters:
     MakeArrivals.lin(xs = c(100, 150), ys = c(100, 150), zs = c(100, 150), xr = 0, yr = 0, zr = 0, dt = 0.01, nt = 100, timing = c(0, 0), A ... [TRUNCATED]
    
    Rd file 'MakeAtmList.lin.Rd':
     \usage lines wider than 90 characters:
     MakeAtmList.lin(z0 = 0, c0 = 343, gc = 0, wx0 = 0, gwx = 0, wy0 = 0, gwy = 0, rho0 = 1.2929 * exp(-z0/6800), grho = -0.0001901323 * exp ... [TRUNCATED]
    
    These lines will be truncated in the PDF manual.
Flavors: r-devel-linux-x86_64-debian-clang, r-devel-linux-x86_64-debian-gcc, r-devel-linux-x86_64-fedora-clang, r-devel-linux-x86_64-fedora-gcc, r-patched-linux-x86_64, r-release-linux-x86_64