CRAN Package Check Results for Package AtmRay

Last updated on 2014-04-25 05:47:11.

Flavor Version Tinstall Tcheck Ttotal Status Flags
r-devel-linux-x86_64-debian-clang 1.31 0.91 10.86 11.77 OK
r-devel-linux-x86_64-debian-gcc 1.31 1.06 10.65 11.71 OK
r-devel-linux-x86_64-fedora-clang 1.31 22.15 NOTE
r-devel-linux-x86_64-fedora-gcc 1.31 21.01 NOTE
r-devel-osx-x86_64-clang 1.31 24.86 OK
r-devel-osx-x86_64-gcc 1.31 NOTE
r-devel-windows-ix86+x86_64 1.31 6.00 23.00 29.00 OK
r-patched-linux-x86_64 1.31 1.02 11.02 12.03 OK
r-patched-solaris-sparc 1.31 130.60 OK
r-patched-solaris-x86 1.31 32.00 OK
r-release-linux-ix86 1.31 3.00 23.00 26.00 OK
r-release-linux-x86_64 1.31 1.03 10.68 11.71 OK
r-release-osx-x86_64-mavericks 1.31 WARN
r-release-windows-ix86+x86_64 1.31 10.00 32.00 42.00 OK
r-oldrel-windows-ix86+x86_64 1.31 6.00 24.00 30.00 OK

Check Details

Version: 1.31
Check: Rd line widths
Result: NOTE
    Rd file 'MakeArrivals.lin.Rd':
     \examples lines wider than 100 characters:
     MakeArrivals.lin(xs = c(100, 150), ys = c(100, 150), zs = c(100, 150), xr = 0, yr = 0, zr = 0, dt = 0.01, nt = 100, timing = c(0, 0), A ... [TRUNCATED]
    
    Rd file 'MakeAtmList.lin.Rd':
     \usage lines wider than 90 characters:
     MakeAtmList.lin(z0 = 0, c0 = 343, gc = 0, wx0 = 0, gwx = 0, wy0 = 0, gwy = 0, rho0 = 1.2929 * exp(-z0/6800), grho = -0.0001901323 * exp ... [TRUNCATED]
    
    These lines will be truncated in the PDF manual.
Flavors: r-devel-linux-x86_64-fedora-clang, r-devel-linux-x86_64-fedora-gcc

Version: 1.31
Check: package dependencies
Result: NOTE
    Package suggested but not available for checking: ‘RSEIS’
Flavor: r-devel-osx-x86_64-gcc

Version: 1.31
Check: PDF version of manual
Result: WARNING
    LaTeX errors when creating PDF version.
    This typically indicates Rd problems.
    LaTeX errors found:
    ! LaTeX Error: File `upquote.sty' not found.
    
    Type X to quit or <RETURN> to proceed,
    or enter new name. (Default extension: sty)
    
    4b18f952/Rd2.tex:8: ==> Fatal error occurred, no output PDF file produced!
Flavor: r-release-osx-x86_64-mavericks