CRAN Package Check Results for Package AutoDeskR

Last updated on 2024-07-21 02:55:25 CEST.

Flavor Version Tinstall Tcheck Ttotal Status Flags
r-devel-linux-x86_64-debian-clang 0.1.3 5.23 45.00 50.23 NOTE
r-devel-linux-x86_64-debian-gcc 0.1.3 4.01 33.89 37.90 NOTE
r-devel-linux-x86_64-fedora-clang 0.1.3 62.11 NOTE
r-devel-linux-x86_64-fedora-gcc 0.1.3 71.45 NOTE
r-devel-windows-x86_64 0.1.3 6.00 59.00 65.00 NOTE
r-patched-linux-x86_64 0.1.3 4.34 42.19 46.53 NOTE
r-release-linux-x86_64 0.1.3 4.28 43.03 47.31 NOTE
r-release-macos-arm64 0.1.3 31.00 NOTE
r-release-macos-x86_64 0.1.3 52.00 NOTE
r-release-windows-x86_64 0.1.3 6.00 58.00 64.00 NOTE
r-oldrel-macos-arm64 0.1.3 32.00 NOTE
r-oldrel-macos-x86_64 0.1.3 44.00 NOTE
r-oldrel-windows-x86_64 0.1.3 7.00 62.00 69.00 NOTE

Check Details

Version: 0.1.3
Check: LazyData
Result: NOTE 'LazyData' is specified without a 'data' directory Flavors: r-devel-linux-x86_64-debian-clang, r-devel-linux-x86_64-debian-gcc, r-devel-linux-x86_64-fedora-clang, r-devel-linux-x86_64-fedora-gcc, r-devel-windows-x86_64, r-patched-linux-x86_64, r-release-linux-x86_64, r-release-macos-arm64, r-release-macos-x86_64, r-release-windows-x86_64, r-oldrel-macos-arm64, r-oldrel-macos-x86_64, r-oldrel-windows-x86_64