Last updated on 2023-10-01 06:53:02 CEST.
Flavor | Version | Tinstall | Tcheck | Ttotal | Status | Flags |
---|---|---|---|---|---|---|
r-devel-linux-x86_64-debian-clang | 0.1.3 | 4.89 | 42.18 | 47.07 | NOTE | |
r-devel-linux-x86_64-debian-gcc | 0.1.3 | 3.93 | 33.02 | 36.95 | NOTE | |
r-devel-linux-x86_64-fedora-clang | 0.1.3 | 60.70 | NOTE | |||
r-devel-linux-x86_64-fedora-gcc | 0.1.3 | 68.23 | NOTE | |||
r-devel-windows-x86_64 | 0.1.3 | 6.00 | 59.00 | 65.00 | NOTE | |
r-patched-linux-x86_64 | 0.1.3 | 4.14 | 40.66 | 44.80 | NOTE | |
r-release-linux-x86_64 | 0.1.3 | 4.30 | 41.35 | 45.65 | NOTE | |
r-release-macos-arm64 | 0.1.3 | 32.00 | NOTE | |||
r-release-macos-x86_64 | 0.1.3 | 44.00 | NOTE | |||
r-release-windows-x86_64 | 0.1.3 | 8.00 | 59.00 | 67.00 | NOTE | |
r-oldrel-macos-arm64 | 0.1.3 | 24.00 | NOTE | |||
r-oldrel-macos-x86_64 | 0.1.3 | 35.00 | NOTE | |||
r-oldrel-windows-x86_64 | 0.1.3 | 9.00 | 65.00 | 74.00 | NOTE |
Version: 0.1.3
Check: LazyData
Result: NOTE
'LazyData' is specified without a 'data' directory
Flavors: r-devel-linux-x86_64-debian-clang, r-devel-linux-x86_64-debian-gcc, r-devel-linux-x86_64-fedora-clang, r-devel-linux-x86_64-fedora-gcc, r-devel-windows-x86_64, r-patched-linux-x86_64, r-release-linux-x86_64, r-release-macos-arm64, r-release-macos-x86_64, r-release-windows-x86_64, r-oldrel-macos-arm64, r-oldrel-macos-x86_64, r-oldrel-windows-x86_64