CRAN Package Check Results for Package AutoPipe

Last updated on 2022-01-28 06:53:14 CET.

Flavor Version Tinstall Tcheck Ttotal Status Flags
r-devel-linux-x86_64-debian-clang 0.1.6 19.27 198.88 218.15 OK
r-devel-linux-x86_64-debian-gcc 0.1.6 18.82 153.48 172.30 OK
r-devel-linux-x86_64-fedora-clang 0.1.6 247.84 OK
r-devel-linux-x86_64-fedora-gcc 0.1.6 261.32 OK
r-devel-windows-x86_64-new-UL 0.1.6 41.00 203.00 244.00 OK
r-devel-windows-x86_64-new-TK 0.1.6 OK
r-patched-linux-x86_64 0.1.6 19.93 174.62 194.55 OK
r-release-linux-x86_64 0.1.6 16.25 179.21 195.46 OK
r-release-macos-arm64 0.1.6 OK
r-release-macos-x86_64 0.1.6 OK
r-release-windows-ix86+x86_64 0.1.6 44.00 190.00 234.00 OK
r-oldrel-macos-x86_64 0.1.6 ERROR
r-oldrel-windows-ix86+x86_64 0.1.6 36.00 155.00 191.00 OK

Check Details

Version: 0.1.6
Check: package dependencies
Result: ERROR
    Packages required but not available:
     'fgsea', 'ConsensusClusterPlus', 'clusterProfiler'
    
    See section ‘The DESCRIPTION file’ in the ‘Writing R Extensions’
    manual.
Flavor: r-oldrel-macos-x86_64