CRAN Package Check Results for Package AutoSEARCH

Last updated on 2015-09-02 23:46:44.

Flavor Version Tinstall Tcheck Ttotal Status Flags
r-devel-linux-x86_64-debian-clang 1.5 0.72 15.80 16.52 NOTE
r-devel-linux-x86_64-debian-gcc 1.5 0.70 15.55 16.25 NOTE
r-devel-linux-x86_64-fedora-clang 1.5 30.71 NOTE
r-devel-linux-x86_64-fedora-gcc 1.5 29.41 NOTE
r-devel-osx-x86_64-clang 1.5 31.44 OK
r-devel-windows-ix86+x86_64 1.5 8.00 32.00 40.00 NOTE
r-patched-linux-x86_64 1.5 0.77 16.44 17.21 OK
r-patched-solaris-sparc 1.5 212.20 OK
r-patched-solaris-x86 1.5 43.80 OK
r-release-linux-x86_64 1.5 0.84 16.39 17.23 OK
r-release-osx-x86_64-mavericks 1.5 OK
r-release-windows-ix86+x86_64 1.5 4.00 30.00 34.00 OK
r-oldrel-windows-ix86+x86_64 1.5 7.00 35.00 42.00 OK

Check Details

Version: 1.5
Check: R code for possible problems
Result: NOTE
    gLog.ep: no visible global function definition for ‘quantile’
    gedestp: no visible global function definition for ‘na.omit’
    gedestp: no visible global function definition for ‘optim’
    gets.mean: no visible global function definition for ‘start’
    gets.mean: no visible global function definition for ‘end’
    gets.mean: no visible global function definition for ‘window’
    gets.mean: no visible global function definition for ‘pt’
    gets.mean: no visible global function definition for ‘Box.test’
    gets.mean: no visible global function definition for ‘pchisq’
    gets.vol: no visible global function definition for ‘start’
    gets.vol: no visible global function definition for ‘end’
    gets.vol: no visible global function definition for ‘window’
    gets.vol: no visible global function definition for ‘pt’
    gets.vol: no visible global function definition for ‘Box.test’
    gets.vol: no visible global function definition for ‘pchisq’
    jb.test: no visible global function definition for ‘pchisq’
    skewness.test: no visible global function definition for ‘pchisq’
    sm: no visible global function definition for ‘start’
    sm: no visible global function definition for ‘end’
    sm: no visible global function definition for ‘window’
    sm: no visible global function definition for ‘pt’
    sm: no visible global function definition for ‘pchisq’
    sm: no visible global function definition for ‘Box.test’
    Undefined global functions or variables:
     Box.test end na.omit optim pchisq pt quantile start window
    Consider adding
     importFrom("stats", "Box.test", "end", "na.omit", "optim", "pchisq",
     "pt", "quantile", "start", "window")
    to your NAMESPACE.
Flavors: r-devel-linux-x86_64-debian-clang, r-devel-linux-x86_64-debian-gcc, r-devel-linux-x86_64-fedora-clang, r-devel-linux-x86_64-fedora-gcc, r-devel-windows-ix86+x86_64