CRAN Package Check Results for Package AutoSEARCH

Last updated on 2017-01-19 06:48:26.

Flavor Version Tinstall Tcheck Ttotal Status Flags
r-devel-linux-x86_64-debian-clang 1.5 1.08 21.38 22.47 NOTE
r-devel-linux-x86_64-debian-gcc 1.5 1.04 20.60 21.64 NOTE
r-devel-linux-x86_64-fedora-clang 1.5 36.13 NOTE --no-stop-on-test-error
r-devel-linux-x86_64-fedora-gcc 1.5 42.06 NOTE --no-stop-on-test-error
r-devel-macos-x86_64-clang 1.5 30.33 NOTE --no-stop-on-test-error
r-devel-windows-ix86+x86_64 1.5 4.00 52.00 56.00 NOTE
r-patched-linux-x86_64 1.5 0.88 16.32 17.20 NOTE
r-patched-solaris-sparc 1.5 189.80 NOTE
r-patched-solaris-x86 1.5 42.20 NOTE
r-release-linux-x86_64 1.5 0.75 16.93 17.67 NOTE
r-release-osx-x86_64-mavericks 1.5 NOTE
r-release-windows-ix86+x86_64 1.5 3.00 36.00 39.00 NOTE
r-oldrel-windows-ix86+x86_64 1.5 4.00 34.00 38.00 OK

Check Details

Version: 1.5
Check: R code for possible problems
Result: NOTE
    gLog.ep: no visible global function definition for ‘quantile’
    gedestp: no visible global function definition for ‘na.omit’
    gedestp: no visible global function definition for ‘optim’
    gets.mean: no visible global function definition for ‘start’
    gets.mean: no visible global function definition for ‘end’
    gets.mean: no visible global function definition for ‘window’
    gets.mean: no visible global function definition for ‘pt’
    gets.mean: no visible global function definition for ‘Box.test’
    gets.mean: no visible global function definition for ‘pchisq’
    gets.vol: no visible global function definition for ‘start’
    gets.vol: no visible global function definition for ‘end’
    gets.vol: no visible global function definition for ‘window’
    gets.vol: no visible global function definition for ‘pt’
    gets.vol: no visible global function definition for ‘Box.test’
    gets.vol: no visible global function definition for ‘pchisq’
    jb.test: no visible global function definition for ‘pchisq’
    skewness.test: no visible global function definition for ‘pchisq’
    sm: no visible global function definition for ‘start’
    sm: no visible global function definition for ‘end’
    sm: no visible global function definition for ‘window’
    sm: no visible global function definition for ‘pt’
    sm: no visible global function definition for ‘pchisq’
    sm: no visible global function definition for ‘Box.test’
    Undefined global functions or variables:
     Box.test end na.omit optim pchisq pt quantile start window
    Consider adding
     importFrom("stats", "Box.test", "end", "na.omit", "optim", "pchisq",
     "pt", "quantile", "start", "window")
    to your NAMESPACE file.
Flavors: r-devel-linux-x86_64-debian-clang, r-devel-linux-x86_64-debian-gcc, r-devel-windows-ix86+x86_64, r-patched-linux-x86_64, r-patched-solaris-sparc, r-patched-solaris-x86, r-release-linux-x86_64, r-release-osx-x86_64-mavericks, r-release-windows-ix86+x86_64

Version: 1.5
Flags: --no-stop-on-test-error
Check: R code for possible problems
Result: NOTE
    gLog.ep: no visible global function definition for ‘quantile’
    gedestp: no visible global function definition for ‘na.omit’
    gedestp: no visible global function definition for ‘optim’
    gets.mean: no visible global function definition for ‘start’
    gets.mean: no visible global function definition for ‘end’
    gets.mean: no visible global function definition for ‘window’
    gets.mean: no visible global function definition for ‘pt’
    gets.mean: no visible global function definition for ‘Box.test’
    gets.mean: no visible global function definition for ‘pchisq’
    gets.vol: no visible global function definition for ‘start’
    gets.vol: no visible global function definition for ‘end’
    gets.vol: no visible global function definition for ‘window’
    gets.vol: no visible global function definition for ‘pt’
    gets.vol: no visible global function definition for ‘Box.test’
    gets.vol: no visible global function definition for ‘pchisq’
    jb.test: no visible global function definition for ‘pchisq’
    skewness.test: no visible global function definition for ‘pchisq’
    sm: no visible global function definition for ‘start’
    sm: no visible global function definition for ‘end’
    sm: no visible global function definition for ‘window’
    sm: no visible global function definition for ‘pt’
    sm: no visible global function definition for ‘pchisq’
    sm: no visible global function definition for ‘Box.test’
    Undefined global functions or variables:
     Box.test end na.omit optim pchisq pt quantile start window
    Consider adding
     importFrom("stats", "Box.test", "end", "na.omit", "optim", "pchisq",
     "pt", "quantile", "start", "window")
    to your NAMESPACE file.
Flavors: r-devel-linux-x86_64-fedora-clang, r-devel-linux-x86_64-fedora-gcc, r-devel-macos-x86_64-clang