CRAN Package Check Results for Package AutoSEARCH

Last updated on 2016-07-29 17:47:07.

Flavor Version Tinstall Tcheck Ttotal Status Flags
r-devel-linux-x86_64-debian-clang 1.5 0.75 16.77 17.53 NOTE
r-devel-linux-x86_64-debian-gcc 1.5 0.94 20.34 21.27 NOTE
r-devel-linux-x86_64-fedora-clang 1.5 34.51 NOTE
r-devel-linux-x86_64-fedora-gcc 1.5 27.68 NOTE
r-devel-osx-x86_64-clang 1.5 26.85 NOTE
r-devel-windows-ix86+x86_64 1.5 8.00 37.00 45.00 NOTE
r-patched-linux-x86_64 1.5 1.06 20.29 21.34 NOTE
r-patched-solaris-sparc 1.5 202.50 NOTE
r-patched-solaris-x86 1.5 40.00 NOTE
r-release-linux-x86_64 1.5 1.00 19.61 20.61 NOTE
r-release-osx-x86_64-mavericks 1.5 NOTE
r-release-windows-ix86+x86_64 1.5 4.00 47.00 51.00 NOTE
r-oldrel-windows-ix86+x86_64 1.5 4.00 54.00 58.00 OK

Check Details

Version: 1.5
Check: R code for possible problems
Result: NOTE
    gLog.ep: no visible global function definition for ‘quantile’
    gedestp: no visible global function definition for ‘na.omit’
    gedestp: no visible global function definition for ‘optim’
    gets.mean: no visible global function definition for ‘start’
    gets.mean: no visible global function definition for ‘end’
    gets.mean: no visible global function definition for ‘window’
    gets.mean: no visible global function definition for ‘pt’
    gets.mean: no visible global function definition for ‘Box.test’
    gets.mean: no visible global function definition for ‘pchisq’
    gets.vol: no visible global function definition for ‘start’
    gets.vol: no visible global function definition for ‘end’
    gets.vol: no visible global function definition for ‘window’
    gets.vol: no visible global function definition for ‘pt’
    gets.vol: no visible global function definition for ‘Box.test’
    gets.vol: no visible global function definition for ‘pchisq’
    jb.test: no visible global function definition for ‘pchisq’
    skewness.test: no visible global function definition for ‘pchisq’
    sm: no visible global function definition for ‘start’
    sm: no visible global function definition for ‘end’
    sm: no visible global function definition for ‘window’
    sm: no visible global function definition for ‘pt’
    sm: no visible global function definition for ‘pchisq’
    sm: no visible global function definition for ‘Box.test’
    Undefined global functions or variables:
     Box.test end na.omit optim pchisq pt quantile start window
    Consider adding
     importFrom("stats", "Box.test", "end", "na.omit", "optim", "pchisq",
     "pt", "quantile", "start", "window")
    to your NAMESPACE file.
Flavors: r-devel-linux-x86_64-debian-clang, r-devel-linux-x86_64-debian-gcc, r-devel-linux-x86_64-fedora-clang, r-devel-linux-x86_64-fedora-gcc, r-devel-osx-x86_64-clang, r-devel-windows-ix86+x86_64, r-patched-linux-x86_64, r-patched-solaris-sparc, r-patched-solaris-x86, r-release-linux-x86_64, r-release-osx-x86_64-mavericks, r-release-windows-ix86+x86_64