CRAN Package Check Results for Package AutoSEARCH

Last updated on 2015-07-31 15:47:19.

Flavor Version Tinstall Tcheck Ttotal Status Flags
r-devel-linux-x86_64-debian-clang 1.5 0.78 16.21 16.99 NOTE
r-devel-linux-x86_64-debian-gcc 1.5 1.09 16.01 17.10 NOTE
r-devel-linux-x86_64-fedora-clang 1.5 31.41 NOTE
r-devel-linux-x86_64-fedora-gcc 1.5 29.19 NOTE
r-devel-osx-x86_64-clang 1.5 31.37 OK
r-devel-windows-ix86+x86_64 1.5 5.00 28.00 33.00 NOTE
r-patched-linux-x86_64 1.5 0.78 16.36 17.14 OK
r-patched-solaris-sparc 1.5 212.20 OK
r-patched-solaris-x86 1.5 42.90 OK
r-release-linux-x86_64 1.5 0.81 16.07 16.88 OK
r-release-osx-x86_64-mavericks 1.5 OK
r-release-windows-ix86+x86_64 1.5 4.00 25.00 29.00 OK
r-oldrel-windows-ix86+x86_64 1.5 3.00 33.00 36.00 OK

Check Details

Version: 1.5
Check: R code for possible problems
Result: NOTE
    gLog.ep: no visible global function definition for ‘quantile’
    gedestp: no visible global function definition for ‘na.omit’
    gedestp: no visible global function definition for ‘optim’
    gets.mean: no visible global function definition for ‘start’
    gets.mean: no visible global function definition for ‘end’
    gets.mean: no visible global function definition for ‘window’
    gets.mean: no visible global function definition for ‘pt’
    gets.mean: no visible global function definition for ‘Box.test’
    gets.mean: no visible global function definition for ‘pchisq’
    gets.vol: no visible global function definition for ‘start’
    gets.vol: no visible global function definition for ‘end’
    gets.vol: no visible global function definition for ‘window’
    gets.vol: no visible global function definition for ‘pt’
    gets.vol: no visible global function definition for ‘Box.test’
    gets.vol: no visible global function definition for ‘pchisq’
    jb.test: no visible global function definition for ‘pchisq’
    skewness.test: no visible global function definition for ‘pchisq’
    sm: no visible global function definition for ‘start’
    sm: no visible global function definition for ‘end’
    sm: no visible global function definition for ‘window’
    sm: no visible global function definition for ‘pt’
    sm: no visible global function definition for ‘pchisq’
    sm: no visible global function definition for ‘Box.test’
    Undefined global functions or variables:
     Box.test end na.omit optim pchisq pt quantile start window
    Consider adding
     importFrom("stats", "Box.test", "end", "na.omit", "optim", "pchisq",
     "pt", "quantile", "start", "window")
    to your NAMESPACE.
Flavors: r-devel-linux-x86_64-debian-clang, r-devel-linux-x86_64-debian-gcc, r-devel-linux-x86_64-fedora-clang, r-devel-linux-x86_64-fedora-gcc, r-devel-windows-ix86+x86_64