CRAN Package Check Results for Package AutoSEARCH

Last updated on 2014-08-28 00:46:55.

Flavor Version Tinstall Tcheck Ttotal Status Flags
r-devel-linux-x86_64-debian-clang 1.2 0.88 16.46 17.34 NOTE
r-devel-linux-x86_64-debian-gcc 1.2 0.84 16.72 17.56 NOTE
r-devel-linux-x86_64-fedora-clang 1.2 35.10 NOTE
r-devel-linux-x86_64-fedora-gcc 1.2 31.78 NOTE
r-devel-osx-x86_64-clang 1.2 33.40 NOTE
r-devel-windows-ix86+x86_64 1.2 3.00 29.00 32.00 NOTE
r-patched-linux-x86_64 1.2 0.80 17.35 18.15 NOTE
r-patched-solaris-sparc 1.2 222.50 NOTE
r-patched-solaris-x86 1.2 45.50 NOTE
r-release-linux-ix86 1.2 1.14 23.92 25.06 NOTE
r-release-linux-x86_64 1.2 0.84 17.63 18.48 NOTE
r-release-osx-x86_64-mavericks 1.2 NOTE
r-release-windows-ix86+x86_64 1.2 3.00 28.00 31.00 NOTE
r-oldrel-windows-ix86+x86_64 1.2 3.00 28.00 31.00 NOTE

Check Details

Version: 1.2
Check: dependencies in R code
Result: NOTE
    Package in Depends field not imported from: ‘zoo’
     These packages need to be imported from (in the NAMESPACE file)
     for when this namespace is loaded but not attached.
    See the information on DESCRIPTION files in the chapter ‘Creating R
    packages’ of the ‘Writing R Extensions’ manual.
Flavors: r-devel-linux-x86_64-debian-clang, r-devel-linux-x86_64-debian-gcc, r-devel-linux-x86_64-fedora-clang, r-devel-linux-x86_64-fedora-gcc, r-devel-osx-x86_64-clang, r-devel-windows-ix86+x86_64, r-patched-linux-x86_64, r-patched-solaris-sparc, r-patched-solaris-x86, r-release-linux-ix86, r-release-linux-x86_64, r-release-osx-x86_64-mavericks, r-release-windows-ix86+x86_64, r-oldrel-windows-ix86+x86_64

Version: 1.2
Check: R code for possible problems
Result: NOTE
    eqwma: no visible global function definition for ‘is.zoo’
    eqwma: no visible global function definition for ‘index’
    eqwma: no visible global function definition for ‘coredata’
    eqwma: no visible global function definition for ‘na.trim’
    eqwma: no visible global function definition for ‘rollmean’
    eqwma: no visible global function definition for ‘zoo’
    gLag: no visible global function definition for ‘is.zoo’
    gLag: no visible global function definition for ‘index’
    gLag: no visible global function definition for ‘zoo’
    gLog.ep: no visible global function definition for ‘is.zoo’
    gLog.ep: no visible global function definition for ‘index’
    gLog.ep: no visible global function definition for ‘zoo’
    gets.mean: no visible global function definition for ‘as.zoo’
    gets.mean: no visible global function definition for ‘na.trim’
    gets.mean: no visible global function definition for ‘index’
    gets.mean: no visible global function definition for ‘coredata’
    gets.mean: no visible global function definition for ‘zoo’
    gets.vol: no visible global function definition for ‘as.zoo’
    gets.vol: no visible global function definition for ‘na.trim’
    gets.vol: no visible global function definition for ‘index’
    gets.vol: no visible global function definition for ‘coredata’
    gets.vol: no visible global function definition for ‘zoo’
    sm: no visible global function definition for ‘as.zoo’
    sm: no visible global function definition for ‘na.trim’
    sm: no visible global function definition for ‘index’
    sm: no visible global function definition for ‘coredata’
    sm: no visible global function definition for ‘zoo’
Flavors: r-devel-linux-x86_64-debian-clang, r-devel-linux-x86_64-debian-gcc, r-devel-linux-x86_64-fedora-clang, r-devel-linux-x86_64-fedora-gcc, r-devel-osx-x86_64-clang, r-devel-windows-ix86+x86_64