CRAN Package Check Results for Package AutoSEARCH

Last updated on 2018-04-22 00:46:22 CEST.

Flavor Version Tinstall Tcheck Ttotal Status Flags
r-devel-linux-x86_64-debian-clang 1.5 3.52 28.62 32.14 NOTE
r-devel-linux-x86_64-debian-gcc 1.5 2.59 22.09 24.68 NOTE
r-devel-linux-x86_64-fedora-clang 1.5 38.25 NOTE
r-devel-linux-x86_64-fedora-gcc 1.5 37.11 NOTE
r-devel-windows-ix86+x86_64 1.5 7.00 43.00 50.00 NOTE
r-devel-osx-x86_64 1.5 NOTE
r-patched-linux-x86_64 1.5 4.30 28.00 32.30 NOTE
r-patched-solaris-x86 1.5 56.60 NOTE
r-release-linux-x86_64 1.5 1.18 32.28 33.46 NOTE
r-release-windows-ix86+x86_64 1.5 3.00 55.00 58.00 NOTE
r-release-osx-x86_64 1.5 NOTE
r-oldrel-windows-ix86+x86_64 1.5 4.00 34.00 38.00 NOTE

Check Details

Version: 1.5
Check: R code for possible problems
Result: NOTE
    gLog.ep: no visible global function definition for ‘quantile’
    gedestp: no visible global function definition for ‘na.omit’
    gedestp: no visible global function definition for ‘optim’
    gets.mean: no visible global function definition for ‘start’
    gets.mean: no visible global function definition for ‘end’
    gets.mean: no visible global function definition for ‘window’
    gets.mean: no visible global function definition for ‘pt’
    gets.mean: no visible global function definition for ‘Box.test’
    gets.mean: no visible global function definition for ‘pchisq’
    gets.vol: no visible global function definition for ‘start’
    gets.vol: no visible global function definition for ‘end’
    gets.vol: no visible global function definition for ‘window’
    gets.vol: no visible global function definition for ‘pt’
    gets.vol: no visible global function definition for ‘Box.test’
    gets.vol: no visible global function definition for ‘pchisq’
    jb.test: no visible global function definition for ‘pchisq’
    skewness.test: no visible global function definition for ‘pchisq’
    sm: no visible global function definition for ‘start’
    sm: no visible global function definition for ‘end’
    sm: no visible global function definition for ‘window’
    sm: no visible global function definition for ‘pt’
    sm: no visible global function definition for ‘pchisq’
    sm: no visible global function definition for ‘Box.test’
    Undefined global functions or variables:
     Box.test end na.omit optim pchisq pt quantile start window
    Consider adding
     importFrom("stats", "Box.test", "end", "na.omit", "optim", "pchisq",
     "pt", "quantile", "start", "window")
    to your NAMESPACE file.
Flavors: r-devel-linux-x86_64-debian-clang, r-devel-linux-x86_64-debian-gcc, r-devel-linux-x86_64-fedora-clang, r-devel-linux-x86_64-fedora-gcc, r-devel-windows-ix86+x86_64, r-devel-osx-x86_64, r-patched-linux-x86_64, r-patched-solaris-x86, r-release-linux-x86_64, r-release-windows-ix86+x86_64, r-release-osx-x86_64, r-oldrel-windows-ix86+x86_64