CRAN Package Check Results for Package AutoSEARCH

Last updated on 2015-05-26 08:47:47.

Flavor Version Tinstall Tcheck Ttotal Status Flags
r-devel-linux-x86_64-debian-clang 1.5 0.82 16.66 17.49 OK
r-devel-linux-x86_64-debian-gcc 1.5 0.85 15.95 16.80 OK
r-devel-linux-x86_64-fedora-clang 1.5 33.01 OK
r-devel-linux-x86_64-fedora-gcc 1.5 30.48 OK
r-devel-osx-x86_64-clang 1.5 34.76 OK
r-devel-windows-ix86+x86_64 1.5 3.00 25.00 28.00 OK
r-patched-linux-x86_64 1.5 0.82 15.89 16.71 OK
r-patched-solaris-sparc 1.5 215.00 OK
r-patched-solaris-x86 1.5 44.60 OK
r-release-linux-x86_64 1.5 0.78 16.31 17.09 OK
r-release-osx-x86_64-mavericks 1.5 OK
r-release-osx-x86_64-snowleopard 1.5 ERROR
r-release-windows-ix86+x86_64 1.5 4.00 25.00 29.00 OK
r-oldrel-windows-ix86+x86_64 1.5 3.00 30.00 33.00 OK

Check Details

Version: 1.5
Check: package dependencies
Result: ERROR
    Packages required but not available: ‘zoo’ ‘lgarch’
    
    See section ‘The DESCRIPTION file’ in the ‘Writing R Extensions’
    manual.
Flavor: r-release-osx-x86_64-snowleopard