Last updated on 2023-01-30 07:55:00 CET.
Flavor | Version | Tinstall | Tcheck | Ttotal | Status | Flags |
---|---|---|---|---|---|---|
r-devel-linux-x86_64-debian-clang | 0.2.0 | 15.84 | 130.03 | 145.87 | NOTE | |
r-devel-linux-x86_64-debian-gcc | 0.2.0 | 12.57 | 97.48 | 110.05 | NOTE | |
r-devel-linux-x86_64-fedora-clang | 0.2.0 | 185.44 | NOTE | |||
r-devel-linux-x86_64-fedora-gcc | 0.2.0 | 176.73 | NOTE | |||
r-devel-windows-x86_64 | 0.2.0 | 24.00 | 151.00 | 175.00 | NOTE | |
r-patched-linux-x86_64 | 0.2.0 | 15.93 | 125.60 | 141.53 | NOTE | |
r-release-linux-x86_64 | 0.2.0 | 13.93 | 128.69 | 142.62 | NOTE | |
r-release-macos-arm64 | 0.2.0 | 50.00 | NOTE | |||
r-release-macos-x86_64 | 0.2.0 | 84.00 | NOTE | |||
r-release-windows-x86_64 | 0.2.0 | 23.00 | 157.00 | 180.00 | NOTE | |
r-oldrel-macos-arm64 | 0.2.0 | 55.00 | NOTE | |||
r-oldrel-macos-x86_64 | 0.2.0 | 95.00 | NOTE | |||
r-oldrel-windows-ix86+x86_64 | 0.2.0 | 37.00 | 147.00 | 184.00 | NOTE |
Version: 0.2.0
Check: LazyData
Result: NOTE
'LazyData' is specified without a 'data' directory
Flavors: r-devel-linux-x86_64-debian-clang, r-devel-linux-x86_64-debian-gcc, r-devel-linux-x86_64-fedora-clang, r-devel-linux-x86_64-fedora-gcc, r-devel-windows-x86_64, r-patched-linux-x86_64, r-release-linux-x86_64, r-release-macos-arm64, r-release-macos-x86_64, r-release-windows-x86_64, r-oldrel-macos-arm64, r-oldrel-macos-x86_64, r-oldrel-windows-ix86+x86_64