CRAN Package Check Results for Package AutoregressionMDE

Last updated on 2022-08-13 17:53:42 CEST.

Flavor Version Tinstall Tcheck Ttotal Status Flags
r-devel-linux-x86_64-debian-clang 1.0 1.67 21.35 23.02 NOTE
r-devel-linux-x86_64-debian-gcc 1.0 1.36 16.69 18.05 NOTE
r-devel-linux-x86_64-fedora-clang 1.0 39.82 NOTE
r-devel-linux-x86_64-fedora-gcc 1.0 38.57 NOTE
r-devel-windows-x86_64 1.0 33.00 42.00 75.00 NOTE
r-patched-linux-x86_64 1.0 1.64 21.39 23.03 NOTE
r-release-linux-x86_64 1.0 1.97 21.64 23.61 NOTE
r-release-macos-arm64 1.0 14.00 NOTE
r-release-macos-x86_64 1.0 19.00 NOTE
r-release-windows-x86_64 1.0 4.00 40.00 44.00 NOTE
r-oldrel-macos-arm64 1.0 17.00 NOTE
r-oldrel-macos-x86_64 1.0 25.00 NOTE
r-oldrel-windows-ix86+x86_64 1.0 4.00 33.00 37.00 NOTE

Check Details

Version: 1.0
Check: LazyData
Result: NOTE
     'LazyData' is specified without a 'data' directory
Flavors: r-devel-linux-x86_64-debian-clang, r-devel-linux-x86_64-debian-gcc, r-devel-linux-x86_64-fedora-clang, r-devel-linux-x86_64-fedora-gcc, r-devel-windows-x86_64, r-patched-linux-x86_64, r-release-linux-x86_64, r-release-macos-arm64, r-release-macos-x86_64, r-release-windows-x86_64, r-oldrel-macos-arm64, r-oldrel-macos-x86_64, r-oldrel-windows-ix86+x86_64