CRAN Package Check Results for Package AvInertia

Last updated on 2022-01-24 20:49:26 CET.

Flavor Version Tinstall Tcheck Ttotal Status Flags
r-devel-linux-x86_64-debian-clang 0.0.1 4.44 144.94 149.38 OK
r-devel-linux-x86_64-debian-gcc 0.0.1 3.35 102.53 105.88 OK
r-devel-linux-x86_64-fedora-clang 0.0.1 173.29 NOTE
r-devel-linux-x86_64-fedora-gcc 0.0.1 174.78 NOTE
r-devel-windows-x86_64-new-UL 0.0.1 239.00 166.00 405.00 OK
r-devel-windows-x86_64-new-TK 0.0.1 NOTE
r-patched-linux-x86_64 0.0.1 4.28 136.09 140.37 OK
r-release-linux-x86_64 0.0.1 4.35 135.61 139.96 OK
r-release-macos-arm64 0.0.1 NOTE
r-release-macos-x86_64 0.0.1 NOTE
r-release-windows-ix86+x86_64 0.0.1 10.00 158.00 168.00 OK
r-oldrel-macos-x86_64 0.0.1 NOTE
r-oldrel-windows-ix86+x86_64 0.0.1 9.00 161.00 170.00 OK

Check Details

Version: 0.0.1
Check: dependencies in R code
Result: NOTE
    Namespaces in Imports field not imported from:
     ‘readxl’ ‘reshape2’ ‘stringr’ ‘tidyr’
     All declared Imports should be used.
Flavors: r-devel-linux-x86_64-fedora-clang, r-devel-linux-x86_64-fedora-gcc, r-devel-windows-x86_64-new-TK, r-release-macos-arm64, r-release-macos-x86_64, r-oldrel-macos-x86_64