CRAN Package Check Results for Package AzureGraph

Last updated on 2022-05-29 12:55:10 CEST.

Flavor Version Tinstall Tcheck Ttotal Status Flags
r-devel-linux-x86_64-debian-clang 1.3.2 10.38 43.42 53.80 OK
r-devel-linux-x86_64-debian-gcc 1.3.2 7.67 34.27 41.94 OK
r-devel-linux-x86_64-fedora-clang 1.3.2 70.72 NOTE
r-devel-linux-x86_64-fedora-gcc 1.3.2 67.29 NOTE
r-devel-windows-x86_64 1.3.2 41.00 73.00 114.00 OK
r-patched-linux-x86_64 1.3.2 16.51 42.11 58.62 OK
r-release-linux-x86_64 1.3.2 10.13 42.68 52.81 OK
r-release-macos-arm64 1.3.2 22.00 NOTE
r-release-macos-x86_64 1.3.2 32.00 NOTE
r-release-windows-x86_64 1.3.2 53.00 75.00 128.00 OK
r-oldrel-macos-arm64 1.3.2 32.00 NOTE
r-oldrel-macos-x86_64 1.3.2 34.00 NOTE
r-oldrel-windows-ix86+x86_64 1.3.2 20.00 77.00 97.00 OK

Check Details

Version: 1.3.2
Check: dependencies in R code
Result: NOTE
    Namespace in Imports field not imported from: ‘curl’
     All declared Imports should be used.
Flavors: r-devel-linux-x86_64-fedora-clang, r-devel-linux-x86_64-fedora-gcc, r-release-macos-arm64, r-release-macos-x86_64, r-oldrel-macos-arm64, r-oldrel-macos-x86_64