Last updated on 2023-03-21 09:53:49 CET.
Flavor | Version | Tinstall | Tcheck | Ttotal | Status | Flags |
---|---|---|---|---|---|---|
r-devel-linux-x86_64-debian-clang | 1.0.1 | OK | ||||
r-devel-linux-x86_64-debian-gcc | 1.0.1 | 2.75 | 22.38 | 25.13 | OK | |
r-devel-linux-x86_64-fedora-clang | 1.0.1 | 42.66 | NOTE | |||
r-devel-linux-x86_64-fedora-gcc | 1.0.1 | 50.42 | NOTE | |||
r-devel-windows-x86_64 | 1.0.1 | 22.00 | 58.00 | 80.00 | OK | |
r-patched-linux-x86_64 | 1.0.1 | 8.35 | 28.04 | 36.39 | OK | |
r-release-linux-x86_64 | 1.0.1 | 3.27 | 28.21 | 31.48 | OK | |
r-release-macos-arm64 | 1.0.1 | 19.00 | NOTE | |||
r-release-macos-x86_64 | 1.0.1 | 28.00 | NOTE | |||
r-release-windows-x86_64 | 1.0.1 | 18.00 | 59.00 | 77.00 | OK | |
r-oldrel-macos-arm64 | 1.0.1 | 22.00 | NOTE | |||
r-oldrel-macos-x86_64 | 1.0.1 | 32.00 | NOTE | |||
r-oldrel-windows-ix86+x86_64 | 1.0.1 | 8.00 | 52.00 | 60.00 | OK |
Version: 1.0.1
Check: dependencies in R code
Result: NOTE
Namespaces in Imports field not imported from:
‘httr’ ‘openssl’
All declared Imports should be used.
Flavors: r-devel-linux-x86_64-fedora-clang, r-devel-linux-x86_64-fedora-gcc, r-release-macos-arm64, r-release-macos-x86_64, r-oldrel-macos-arm64, r-oldrel-macos-x86_64