CRAN Package Check Results for Package AzureTableStor

Last updated on 2024-06-14 05:00:08 CEST.

Flavor Version Tinstall Tcheck Ttotal Status Flags
r-devel-linux-x86_64-debian-clang 1.0.0 2.27 32.22 34.49 OK
r-devel-linux-x86_64-debian-gcc 1.0.0 0.36 1.77 2.13 ERROR
r-devel-linux-x86_64-fedora-clang 1.0.0 45.22 OK
r-devel-linux-x86_64-fedora-gcc 1.0.0 54.57 OK
r-devel-windows-x86_64 1.0.0 4.00 48.00 52.00 OK
r-patched-linux-x86_64 1.0.0 3.26 31.38 34.64 OK
r-release-linux-x86_64 1.0.0 1.79 31.39 33.18 OK
r-release-macos-arm64 1.0.0 25.00 OK
r-release-macos-x86_64 1.0.0 36.00 OK
r-release-windows-x86_64 1.0.0 4.00 51.00 55.00 OK
r-oldrel-macos-arm64 1.0.0 24.00 OK
r-oldrel-macos-x86_64 1.0.0 33.00 OK
r-oldrel-windows-x86_64 1.0.0 4.00 48.00 52.00 OK

Check Details

Version: 1.0.0
Check: package dependencies
Result: ERROR Packages required but not available: 'AzureStor', 'vctrs' Package suggested but not available for checking: ‘testthat’ See section ‘The DESCRIPTION file’ in the ‘Writing R Extensions’ manual. Flavor: r-devel-linux-x86_64-debian-gcc