CRAN Package Check Results for Package BACCO

Last updated on 2014-04-21 17:47:47.

Flavor Version Tinstall Tcheck Ttotal Status Flags
r-devel-linux-x86_64-debian-clang 2.0-9 0.80 15.09 15.89 OK
r-devel-linux-x86_64-debian-gcc 2.0-9 0.81 15.09 15.90 OK
r-devel-linux-x86_64-fedora-clang 2.0-9 37.00 OK
r-devel-linux-x86_64-fedora-gcc 2.0-9 34.71 OK
r-devel-osx-x86_64-clang 2.0-9 40.86 OK
r-devel-osx-x86_64-gcc 2.0-9 OK
r-devel-windows-ix86+x86_64 2.0-9 3.00 29.00 32.00 OK
r-patched-linux-x86_64 2.0-9 0.76 15.32 16.08 OK
r-patched-solaris-sparc 2.0-9 172.70 OK
r-patched-solaris-x86 2.0-9 45.60 OK
r-release-linux-x86_64 2.0-9 0.76 15.06 15.82 OK
r-release-osx-x86_64-mavericks 2.0-9 WARN
r-release-osx-x86_64-snowleopard 2.0-9 NOTE
r-release-windows-ix86+x86_64 2.0-9 5.00 29.00 34.00 OK
r-oldrel-windows-ix86+x86_64 2.0-9 4.00 29.00 33.00 OK

Check Details

Version: 2.0-9
Check: re-building of vignette outputs
Result: NOTE
    Error in re-building vignettes:
     ...
    Loading required package: BACCO
    Loading required package: emulator
    Loading required package: mvtnorm
    Loading required package: calibrator
    Loading required package: approximator
    Error in texi2dvi(file = file, pdf = TRUE, clean = clean, quiet = quiet, :
     Running 'texi2dvi' on 'both_papers.tex' failed.
    LaTeX errors:
    ! LaTeX Error: File `dsfont.sty' not found.
    
    Type X to quit or <RETURN> to proceed,
    or enter new name. (Default extension: sty)
    
    est/BACCO/vignettes/both_papers.tex:9: ==> Fatal error occurred, no output PDF
     file produced!
    Calls: buildVignettes -> texi2pdf -> texi2dvi
    Execution halted
Flavor: r-release-osx-x86_64-mavericks

Version: 2.0-9
Check: PDF version of manual
Result: WARNING
    LaTeX errors when creating PDF version.
    This typically indicates Rd problems.
    LaTeX errors found:
    ! LaTeX Error: File `upquote.sty' not found.
    
    Type X to quit or <RETURN> to proceed,
    or enter new name. (Default extension: sty)
    
    5b08dc2a/Rd2.tex:8: ==> Fatal error occurred, no output PDF file produced!
Flavor: r-release-osx-x86_64-mavericks

Version: 2.0-9
Check: re-building of vignette outputs
Result: NOTE
    Error in re-building vignettes:
     ...
    Loading required package: BACCO
    Loading required package: emulator
    Loading required package: mvtnorm
    Loading required package: calibrator
    Loading required package: approximator
    Error in texi2dvi(file = file, pdf = TRUE, clean = clean, quiet = quiet, :
     Running 'texi2dvi' on 'both_papers.tex' failed.
    LaTeX errors:
    ! LaTeX Error: File `dsfont.sty' not found.
    
    Type X to quit or <RETURN> to proceed,
    or enter new name. (Default extension: sty)
    
    BACCO.Rcheck/vign_test/BACCO/vignettes/both_papers.tex:9: ==> Fatal error occu
    rred, no output PDF file produced!
    Calls: buildVignettes -> texi2pdf -> texi2dvi
    Execution halted
Flavor: r-release-osx-x86_64-snowleopard