CRAN Package Check Results for Package BACCO

Last updated on 2015-03-30 07:48:21.

Flavor Version Tinstall Tcheck Ttotal Status Flags
r-devel-linux-x86_64-debian-clang 2.0-9 0.60 14.24 14.84 OK
r-devel-linux-x86_64-debian-gcc 2.0-9 0.64 13.67 14.31 OK
r-devel-linux-x86_64-fedora-clang 2.0-9 28.28 OK
r-devel-linux-x86_64-fedora-gcc 2.0-9 28.49 OK
r-devel-osx-x86_64-clang 2.0-9 39.50 OK
r-prerel-windows-ix86+x86_64 2.0-9 4.00 26.00 30.00 OK
r-prerel-linux-x86_64 2.0-9 0.75 13.49 14.24 OK
r-prerel-solaris-sparc 2.0-9 175.10 OK
r-prerel-solaris-x86 2.0-9 37.70 OK
r-release-linux-x86_64 2.0-9 0.83 16.79 17.62 OK
r-release-osx-x86_64-mavericks 2.0-9 OK
r-release-osx-x86_64-snowleopard 2.0-9 NOTE
r-release-windows-ix86+x86_64 2.0-9 5.00 43.00 48.00 OK
r-oldrel-windows-ix86+x86_64 2.0-9 4.00 31.00 35.00 OK

Check Details

Version: 2.0-9
Check: re-building of vignette outputs
Result: NOTE
    Error in re-building vignettes:
     ...
    Loading required package: BACCO
    Loading required package: emulator
    Loading required package: mvtnorm
    Loading required package: calibrator
    Loading required package: approximator
    Error in texi2dvi(file = file, pdf = TRUE, clean = clean, quiet = quiet, :
     Running 'texi2dvi' on 'both_papers.tex' failed.
    LaTeX errors:
    ! LaTeX Error: File `dsfont.sty' not found.
    
    Type X to quit or <RETURN> to proceed,
    or enter new name. (Default extension: sty)
    
    BACCO.Rcheck/vign_test/BACCO/vignettes/both_papers.tex:9: ==> Fatal error occu
    rred, no output PDF file produced!
    Calls: buildVignettes -> texi2pdf -> texi2dvi
    Execution halted
Flavor: r-release-osx-x86_64-snowleopard