CRAN Package Check Results for Package BACCO

Last updated on 2018-05-21 09:47:29 CEST.

Flavor Version Tinstall Tcheck Ttotal Status Flags
r-devel-linux-x86_64-debian-clang 2.0-9 1.10 27.18 28.28 OK
r-devel-linux-x86_64-debian-gcc 2.0-9 0.90 23.58 24.48 OK
r-devel-linux-x86_64-fedora-clang 2.0-9 39.42 OK
r-devel-linux-x86_64-fedora-gcc 2.0-9 39.09 OK
r-devel-windows-ix86+x86_64 2.0-9 4.00 49.00 53.00 OK
r-patched-linux-x86_64 2.0-9 1.06 27.85 28.91 OK
r-patched-solaris-x86 2.0-9 53.60 OK
r-release-linux-x86_64 2.0-9 0.87 27.90 28.77 OK
r-release-windows-ix86+x86_64 2.0-9 4.00 69.00 73.00 OK
r-release-osx-x86_64 2.0-9 OK
r-oldrel-windows-ix86+x86_64 2.0-9 3.00 57.00 60.00 OK
r-oldrel-osx-x86_64 2.0-9 NOTE

Check Details

Version: 2.0-9
Check: re-building of vignette outputs
Result: NOTE
    Error in re-building vignettes:
     ...
    Loading required package: BACCO
    Loading required package: emulator
    Loading required package: mvtnorm
    Loading required package: calibrator
    Loading required package: approximator
    Error in texi2dvi(file = file, pdf = TRUE, clean = clean, quiet = quiet, :
     Running 'texi2dvi' on 'both_papers.tex' failed.
    LaTeX errors:
    ! LaTeX Error: File `dsfont.sty' not found.
    
    Type X to quit or <RETURN> to proceed,
    or enter new name. (Default extension: sty)
    
    ! Emergency stop.
    <read *>
    
    l.9 ^^M
    
    ! ==> Fatal error occurred, no output PDF file produced!
    Calls: buildVignettes -> texi2pdf -> texi2dvi
    Execution halted
Flavor: r-oldrel-osx-x86_64