CRAN Package Check Results for Package BACCO

Last updated on 2014-08-02 03:50:49.

Flavor Version Tinstall Tcheck Ttotal Status Flags
r-devel-linux-x86_64-debian-clang 2.0-9 0.69 14.66 15.36 OK
r-devel-linux-x86_64-debian-gcc 2.0-9 0.68 14.35 15.03 OK
r-devel-linux-x86_64-fedora-clang 2.0-9 36.99 OK
r-devel-linux-x86_64-fedora-gcc 2.0-9 35.19 OK
r-devel-osx-x86_64-clang 2.0-9 37.56 OK
r-devel-windows-ix86+x86_64 2.0-9 3.00 30.00 33.00 OK
r-patched-linux-x86_64 2.0-9 0.70 14.69 15.38 OK
r-patched-solaris-sparc 2.0-9 179.20 OK
r-patched-solaris-x86 2.0-9 49.30 OK
r-release-linux-ix86 2.0-9 1.18 22.42 23.60 OK
r-release-linux-x86_64 2.0-9 0.80 14.58 15.38 OK
r-release-osx-x86_64-mavericks 2.0-9 NOTE
r-release-osx-x86_64-snowleopard 2.0-9 NOTE
r-release-windows-ix86+x86_64 2.0-9 4.00 32.00 36.00 OK
r-oldrel-windows-ix86+x86_64 2.0-9 4.00 30.00 34.00 OK

Check Details

Version: 2.0-9
Check: re-building of vignette outputs
Result: NOTE
    Error in re-building vignettes:
     ...
    Loading required package: BACCO
    Loading required package: emulator
    Loading required package: mvtnorm
    Loading required package: calibrator
    Loading required package: approximator
    Error in texi2dvi(file = file, pdf = TRUE, clean = clean, quiet = quiet, :
     Running 'texi2dvi' on 'both_papers.tex' failed.
    LaTeX errors:
    ! LaTeX Error: File `dsfont.sty' not found.
    
    Type X to quit or <RETURN> to proceed,
    or enter new name. (Default extension: sty)
    
    est/BACCO/vignettes/both_papers.tex:9: ==> Fatal error occurred, no output PDF
     file produced!
    Calls: buildVignettes -> texi2pdf -> texi2dvi
    Execution halted
Flavor: r-release-osx-x86_64-mavericks

Version: 2.0-9
Check: re-building of vignette outputs
Result: NOTE
    Error in re-building vignettes:
     ...
    Loading required package: BACCO
    Loading required package: emulator
    Loading required package: mvtnorm
    Loading required package: calibrator
    Loading required package: approximator
    Error in texi2dvi(file = file, pdf = TRUE, clean = clean, quiet = quiet, :
     Running 'texi2dvi' on 'both_papers.tex' failed.
    LaTeX errors:
    ! LaTeX Error: File `dsfont.sty' not found.
    
    Type X to quit or <RETURN> to proceed,
    or enter new name. (Default extension: sty)
    
    BACCO.Rcheck/vign_test/BACCO/vignettes/both_papers.tex:9: ==> Fatal error occu
    rred, no output PDF file produced!
    Calls: buildVignettes -> texi2pdf -> texi2dvi
    Execution halted
Flavor: r-release-osx-x86_64-snowleopard