CRAN Package Check Results for Package BACCO

Last updated on 2017-05-24 11:49:34.

Flavor Version Tinstall Tcheck Ttotal Status Flags
r-devel-linux-x86_64-debian-clang 2.0-9 0.90 18.27 19.17 OK
r-devel-linux-x86_64-debian-gcc 2.0-9 0.94 18.34 19.27 OK
r-devel-linux-x86_64-fedora-clang 2.0-9 34.35 OK --no-stop-on-test-error
r-devel-linux-x86_64-fedora-gcc 2.0-9 33.39 OK --no-stop-on-test-error
r-devel-windows-ix86+x86_64 2.0-9 3.00 62.00 65.00 OK
r-patched-linux-x86_64 2.0-9 1.05 17.97 19.01 OK
r-patched-solaris-sparc 2.0-9 196.30 OK
r-patched-solaris-x86 2.0-9 49.10 OK
r-release-linux-x86_64 2.0-9 0.95 17.94 18.89 OK
r-release-windows-ix86+x86_64 2.0-9 5.00 64.00 69.00 OK
r-release-osx-x86_64 2.0-9 NOTE
r-oldrel-windows-ix86+x86_64 2.0-9 6.00 133.00 139.00 OK
r-oldrel-osx-x86_64 2.0-9 OK

Check Details

Version: 2.0-9
Check: re-building of vignette outputs
Result: NOTE
    Error in re-building vignettes:
     ...
    Loading required package: BACCO
    Loading required package: emulator
    Loading required package: mvtnorm
    Loading required package: calibrator
    Loading required package: approximator
    Error in texi2dvi(file = file, pdf = TRUE, clean = clean, quiet = quiet, :
     Running 'texi2dvi' on 'both_papers.tex' failed.
    LaTeX errors:
    ! LaTeX Error: File `dsfont.sty' not found.
    
    Type X to quit or <RETURN> to proceed,
    or enter new name. (Default extension: sty)
    
    ! Emergency stop.
    <read *>
    
    l.9 ^^M
    
    ! ==> Fatal error occurred, no output PDF file produced!
    Calls: buildVignettes -> texi2pdf -> texi2dvi
    Execution halted
Flavor: r-release-osx-x86_64