CRAN Package Check Results for Package BACCO

Last updated on 2017-10-17 18:46:19.

Flavor Version Tinstall Tcheck Ttotal Status Flags
r-devel-linux-x86_64-debian-clang 2.0-9 0.89 18.51 19.40 OK
r-devel-linux-x86_64-debian-gcc 2.0-9 0.95 19.44 20.40 OK
r-devel-linux-x86_64-fedora-clang 2.0-9 35.49 OK
r-devel-linux-x86_64-fedora-gcc 2.0-9 34.61 OK
r-devel-windows-ix86+x86_64 2.0-9 4.00 48.00 52.00 OK
r-patched-linux-x86_64 2.0-9 0.88 18.31 19.20 OK
r-patched-solaris-x86 2.0-9 49.10 OK
r-release-linux-x86_64 2.0-9 0.90 18.24 19.13 OK
r-release-windows-ix86+x86_64 2.0-9 7.00 43.00 50.00 OK
r-release-osx-x86_64 2.0-9 NOTE
r-oldrel-windows-ix86+x86_64 2.0-9 5.00 59.00 64.00 OK
r-oldrel-osx-x86_64 2.0-9 OK

Check Details

Version: 2.0-9
Check: re-building of vignette outputs
Result: NOTE
    Error in re-building vignettes:
     ...
    Loading required package: BACCO
    Loading required package: emulator
    Loading required package: mvtnorm
    Loading required package: calibrator
    Loading required package: approximator
    Error in texi2dvi(file = file, pdf = TRUE, clean = clean, quiet = quiet, :
     Running 'texi2dvi' on 'both_papers.tex' failed.
    LaTeX errors:
    ! LaTeX Error: File `dsfont.sty' not found.
    
    Type X to quit or <RETURN> to proceed,
    or enter new name. (Default extension: sty)
    
    ! Emergency stop.
    <read *>
    
    l.9 ^^M
    
    ! ==> Fatal error occurred, no output PDF file produced!
    Calls: buildVignettes -> texi2pdf -> texi2dvi
    Execution halted
Flavor: r-release-osx-x86_64