CRAN Package Check Results for Package BACCO

Last updated on 2017-12-15 04:47:06 CET.

Flavor Version Tinstall Tcheck Ttotal Status Flags
r-devel-linux-x86_64-debian-clang 2.0-9 0.91 23.88 24.79 OK
r-devel-linux-x86_64-debian-gcc 2.0-9 0.95 22.39 23.34 OK
r-devel-linux-x86_64-fedora-clang 2.0-9 35.17 OK
r-devel-linux-x86_64-fedora-gcc 2.0-9 31.90 OK
r-devel-windows-ix86+x86_64 2.0-9 6.00 45.00 51.00 OK
r-patched-linux-x86_64 2.0-9 0.98 25.68 26.66 OK
r-patched-solaris-x86 2.0-9 48.00 OK
r-release-linux-x86_64 2.0-9 1.24 25.59 26.83 OK
r-release-windows-ix86+x86_64 2.0-9 3.00 53.00 56.00 OK
r-release-osx-x86_64 2.0-9 NOTE
r-oldrel-windows-ix86+x86_64 2.0-9 5.00 56.00 61.00 OK
r-oldrel-osx-x86_64 2.0-9 OK

Check Details

Version: 2.0-9
Check: re-building of vignette outputs
Result: NOTE
    Error in re-building vignettes:
     ...
    Loading required package: BACCO
    Loading required package: emulator
    Loading required package: mvtnorm
    Loading required package: calibrator
    Loading required package: approximator
    Error in texi2dvi(file = file, pdf = TRUE, clean = clean, quiet = quiet, :
     Running 'texi2dvi' on 'both_papers.tex' failed.
    LaTeX errors:
    ! LaTeX Error: File `dsfont.sty' not found.
    
    Type X to quit or <RETURN> to proceed,
    or enter new name. (Default extension: sty)
    
    ! Emergency stop.
    <read *>
    
    l.9 ^^M
    
    ! ==> Fatal error occurred, no output PDF file produced!
    Calls: buildVignettes -> texi2pdf -> texi2dvi
    Execution halted
Flavor: r-release-osx-x86_64