CRAN Package Check Results for Package BACprior

Last updated on 2018-02-17 19:46:15 CET.

Flavor Version Tinstall Tcheck Ttotal Status Flags
r-devel-linux-x86_64-debian-clang 2.0 0.95 25.95 26.90 NOTE
r-devel-linux-x86_64-debian-gcc 2.0 0.71 19.68 20.39 NOTE
r-devel-linux-x86_64-fedora-clang 2.0 31.20 NOTE
r-devel-linux-x86_64-fedora-gcc 2.0 29.68 NOTE
r-devel-windows-ix86+x86_64 2.0 3.00 35.00 38.00 NOTE
r-patched-linux-x86_64 2.0 0.75 25.33 26.08 NOTE
r-patched-solaris-x86 2.0 42.90 NOTE
r-release-linux-x86_64 2.0 0.84 25.35 26.19 NOTE
r-release-windows-ix86+x86_64 2.0 5.00 46.00 51.00 NOTE
r-release-osx-x86_64 2.0 NOTE
r-oldrel-windows-ix86+x86_64 2.0 2.00 51.00 53.00 NOTE
r-oldrel-osx-x86_64 2.0 NOTE

Check Details

Version: 2.0
Check: R code for possible problems
Result: NOTE
    BACprior.CV: no visible global function definition for ‘na.fail’
    BACprior.CV: no visible global function definition for ‘plot’
    BACprior.CV: no visible global function definition for ‘abline’
    BACprior.boot: no visible global function definition for ‘na.fail’
    BACprior.boot: no visible global function definition for ‘plot’
    BACprior.boot: no visible global function definition for ‘abline’
    BACprior.lm: no visible global function definition for ‘na.fail’
    BACprior.lm: no visible global function definition for ‘coef’
    BACprior.lm: no visible global function definition for ‘vcov’
    Undefined global functions or variables:
     abline coef na.fail plot vcov
    Consider adding
     importFrom("graphics", "abline", "plot")
     importFrom("stats", "coef", "na.fail", "vcov")
    to your NAMESPACE file.
Flavors: r-devel-linux-x86_64-debian-clang, r-devel-linux-x86_64-debian-gcc, r-devel-linux-x86_64-fedora-clang, r-devel-linux-x86_64-fedora-gcc, r-devel-windows-ix86+x86_64, r-patched-linux-x86_64, r-patched-solaris-x86, r-release-linux-x86_64, r-release-windows-ix86+x86_64, r-release-osx-x86_64, r-oldrel-windows-ix86+x86_64, r-oldrel-osx-x86_64