CRAN Package Check Results for Package BACprior

Last updated on 2015-07-29 08:49:53.

Flavor Version Tinstall Tcheck Ttotal Status Flags
r-devel-linux-x86_64-debian-clang 2.0 0.55 14.33 14.88 NOTE
r-devel-linux-x86_64-debian-gcc 2.0 0.59 13.96 14.55 NOTE
r-devel-linux-x86_64-fedora-clang 2.0 29.15 NOTE
r-devel-linux-x86_64-fedora-gcc 2.0 27.64 NOTE
r-devel-osx-x86_64-clang 2.0 29.43 OK
r-devel-windows-ix86+x86_64 2.0 2.00 23.00 25.00 NOTE
r-patched-linux-x86_64 2.0 0.58 14.28 14.86 OK
r-patched-solaris-sparc 2.0 200.90 OK
r-patched-solaris-x86 2.0 41.70 OK
r-release-linux-x86_64 2.0 0.58 14.14 14.72 OK
r-release-osx-x86_64-mavericks 2.0 OK
r-release-windows-ix86+x86_64 2.0 3.00 31.00 34.00 OK
r-oldrel-windows-ix86+x86_64 2.0 5.00 41.00 46.00 OK

Check Details

Version: 2.0
Check: R code for possible problems
Result: NOTE
    BACprior.CV: no visible global function definition for ‘na.fail’
    BACprior.CV: no visible global function definition for ‘plot’
    BACprior.CV: no visible global function definition for ‘abline’
    BACprior.boot: no visible global function definition for ‘na.fail’
    BACprior.boot: no visible global function definition for ‘plot’
    BACprior.boot: no visible global function definition for ‘abline’
    BACprior.lm: no visible global function definition for ‘na.fail’
    BACprior.lm: no visible global function definition for ‘coef’
    BACprior.lm: no visible global function definition for ‘vcov’
    Undefined global functions or variables:
     abline coef na.fail plot vcov
    Consider adding
     importFrom("graphics", "abline", "plot")
     importFrom("stats", "coef", "na.fail", "vcov")
    to your NAMESPACE.
Flavors: r-devel-linux-x86_64-debian-clang, r-devel-linux-x86_64-debian-gcc, r-devel-linux-x86_64-fedora-clang, r-devel-linux-x86_64-fedora-gcc, r-devel-windows-ix86+x86_64