CRAN Package Check Results for Package BACprior

Last updated on 2014-10-24 19:47:35.

Flavor Version Tinstall Tcheck Ttotal Status Flags
r-devel-linux-x86_64-debian-clang 1.2.1 0.64 14.41 15.06 NOTE
r-devel-linux-x86_64-debian-gcc 1.2.1 0.61 14.09 14.70 NOTE
r-devel-linux-x86_64-fedora-clang 1.2.1 30.42 NOTE
r-devel-linux-x86_64-fedora-gcc 1.2.1 29.76 NOTE
r-devel-osx-x86_64-clang 1.2.1 33.26 NOTE
r-devel-windows-ix86+x86_64 1.2.1 2.00 25.00 27.00 NOTE
r-patched-linux-x86_64 1.2.1 0.62 14.38 14.99 NOTE
r-patched-solaris-sparc 1.2.1 183.70 NOTE
r-patched-solaris-x86 1.2.1 42.00 NOTE
r-release-linux-ix86 1.2.1 0.88 20.33 21.22 NOTE
r-release-linux-x86_64 1.2.1 0.58 13.74 14.31 NOTE
r-release-osx-x86_64-mavericks 1.2.1 NOTE
r-release-windows-ix86+x86_64 1.2.1 3.00 23.00 26.00 NOTE
r-oldrel-windows-ix86+x86_64 1.2.1 3.00 22.00 25.00 NOTE

Check Details

Version: 1.2.1
Check: top-level files
Result: NOTE
    Non-standard file/directory found at top level:
     ‘BACprior-Ex.R’
Flavors: r-devel-linux-x86_64-debian-clang, r-devel-linux-x86_64-debian-gcc, r-devel-linux-x86_64-fedora-clang, r-devel-linux-x86_64-fedora-gcc, r-patched-linux-x86_64, r-release-linux-x86_64

Version: 1.2.1
Check: dependencies in R code
Result: NOTE
    'library' or 'require' calls to packages already attached by Depends:
     ‘leaps’ ‘mvtnorm’
     Please remove these calls from your code.
    Packages in Depends field not imported from:
     ‘leaps’ ‘mvtnorm’
     These packages need to be imported from (in the NAMESPACE file)
     for when this namespace is loaded but not attached.
    See the information on DESCRIPTION files in the chapter ‘Creating R
    packages’ of the ‘Writing R Extensions’ manual.
Flavors: r-devel-linux-x86_64-debian-clang, r-devel-linux-x86_64-debian-gcc, r-devel-linux-x86_64-fedora-clang, r-devel-linux-x86_64-fedora-gcc, r-devel-osx-x86_64-clang, r-devel-windows-ix86+x86_64, r-patched-linux-x86_64, r-patched-solaris-sparc, r-patched-solaris-x86, r-release-linux-ix86, r-release-linux-x86_64, r-release-osx-x86_64-mavericks, r-release-windows-ix86+x86_64, r-oldrel-windows-ix86+x86_64

Version: 1.2.1
Check: R code for possible problems
Result: NOTE
    BACprior.lm: no visible global function definition for ‘regsubsets’
Flavors: r-devel-linux-x86_64-debian-clang, r-devel-linux-x86_64-debian-gcc, r-devel-linux-x86_64-fedora-clang, r-devel-linux-x86_64-fedora-gcc, r-devel-osx-x86_64-clang, r-devel-windows-ix86+x86_64, r-patched-linux-x86_64, r-patched-solaris-sparc, r-patched-solaris-x86