CRAN Package Check Results for Package BACprior

Last updated on 2017-08-19 12:51:30.

Flavor Version Tinstall Tcheck Ttotal Status Flags
r-devel-linux-x86_64-debian-clang 2.0 0.62 17.52 18.15 NOTE
r-devel-linux-x86_64-debian-gcc 2.0 0.67 16.55 17.22 NOTE
r-devel-linux-x86_64-fedora-clang 2.0 36.24 NOTE
r-devel-linux-x86_64-fedora-gcc 2.0 33.33 NOTE
r-devel-windows-ix86+x86_64 2.0 4.00 37.00 41.00 NOTE
r-patched-linux-x86_64 2.0 0.68 16.63 17.31 NOTE
r-patched-solaris-x86 2.0 45.00 NOTE
r-release-linux-x86_64 2.0 0.63 16.79 17.42 NOTE
r-release-windows-ix86+x86_64 2.0 4.00 36.00 40.00 NOTE
r-release-osx-x86_64 2.0 NOTE
r-oldrel-windows-ix86+x86_64 2.0 2.00 49.00 51.00 NOTE
r-oldrel-osx-x86_64 2.0 NOTE

Check Details

Version: 2.0
Check: R code for possible problems
Result: NOTE
    BACprior.CV: no visible global function definition for ‘na.fail’
    BACprior.CV: no visible global function definition for ‘plot’
    BACprior.CV: no visible global function definition for ‘abline’
    BACprior.boot: no visible global function definition for ‘na.fail’
    BACprior.boot: no visible global function definition for ‘plot’
    BACprior.boot: no visible global function definition for ‘abline’
    BACprior.lm: no visible global function definition for ‘na.fail’
    BACprior.lm: no visible global function definition for ‘coef’
    BACprior.lm: no visible global function definition for ‘vcov’
    Undefined global functions or variables:
     abline coef na.fail plot vcov
    Consider adding
     importFrom("graphics", "abline", "plot")
     importFrom("stats", "coef", "na.fail", "vcov")
    to your NAMESPACE file.
Flavors: r-devel-linux-x86_64-debian-clang, r-devel-linux-x86_64-debian-gcc, r-devel-linux-x86_64-fedora-clang, r-devel-linux-x86_64-fedora-gcc, r-devel-windows-ix86+x86_64, r-patched-linux-x86_64, r-patched-solaris-x86, r-release-linux-x86_64, r-release-windows-ix86+x86_64, r-release-osx-x86_64, r-oldrel-windows-ix86+x86_64, r-oldrel-osx-x86_64