CRAN Package Check Results for Package BACprior

Last updated on 2014-07-26 05:50:35.

Flavor Version Tinstall Tcheck Ttotal Status Flags
r-devel-linux-x86_64-debian-clang 1.2.1 0.52 14.32 14.85 NOTE
r-devel-linux-x86_64-debian-gcc 1.2.1 0.54 13.02 13.56 NOTE
r-devel-linux-x86_64-fedora-clang 1.2.1 28.95 NOTE
r-devel-linux-x86_64-fedora-gcc 1.2.1 26.86 NOTE
r-devel-osx-x86_64-clang 1.2.1 28.74 NOTE
r-devel-windows-ix86+x86_64 1.2.1 4.00 24.00 28.00 NOTE
r-patched-linux-x86_64 1.2.1 0.64 13.29 13.93 NOTE
r-patched-solaris-sparc 1.2.1 179.30 NOTE
r-patched-solaris-x86 1.2.1 39.40 NOTE
r-release-linux-ix86 1.2.1 0.86 19.66 20.52 NOTE
r-release-linux-x86_64 1.2.1 0.56 13.91 14.48 NOTE
r-release-osx-x86_64-mavericks 1.2.1 NOTE
r-release-windows-ix86+x86_64 1.2.1 4.00 25.00 29.00 NOTE
r-oldrel-windows-ix86+x86_64 1.2.1 4.00 28.00 32.00 NOTE

Check Details

Version: 1.2.1
Check: dependencies in R code
Result: NOTE
    'library' or 'require' calls to packages already attached by Depends:
     ‘leaps’ ‘mvtnorm’
     Please remove these calls from your code.
    Packages in Depends field not imported from:
     ‘leaps’ ‘mvtnorm’
     These packages need to be imported from (in the NAMESPACE file)
     for when this namespace is loaded but not attached.
    See the information on DESCRIPTION files in the chapter ‘Creating R
    packages’ of the ‘Writing R Extensions’ manual.
Flavors: r-devel-linux-x86_64-debian-clang, r-devel-linux-x86_64-debian-gcc, r-devel-linux-x86_64-fedora-clang, r-devel-linux-x86_64-fedora-gcc, r-devel-osx-x86_64-clang, r-devel-windows-ix86+x86_64, r-patched-linux-x86_64, r-patched-solaris-sparc, r-patched-solaris-x86, r-release-linux-ix86, r-release-linux-x86_64, r-release-osx-x86_64-mavericks, r-release-windows-ix86+x86_64, r-oldrel-windows-ix86+x86_64

Version: 1.2.1
Check: top-level files
Result: NOTE
    Non-standard file/directory found at top level:
     ‘BACprior-Ex.R’
Flavors: r-devel-linux-x86_64-fedora-clang, r-devel-linux-x86_64-fedora-gcc