CRAN Package Check Results for Package BACprior

Last updated on 2016-08-31 06:47:16.

Flavor Version Tinstall Tcheck Ttotal Status Flags
r-devel-linux-x86_64-debian-clang 2.0 0.57 14.82 15.39 NOTE
r-devel-linux-x86_64-debian-gcc 2.0 0.63 14.69 15.32 NOTE
r-devel-linux-x86_64-fedora-clang 2.0 27.55 NOTE
r-devel-linux-x86_64-fedora-gcc 2.0 28.22 NOTE
r-devel-osx-x86_64-clang 2.0 23.39 NOTE
r-devel-windows-ix86+x86_64 2.0 6.00 49.00 55.00 NOTE
r-patched-linux-x86_64 2.0 0.56 14.36 14.91 NOTE
r-patched-solaris-sparc 2.0 204.90 NOTE
r-patched-solaris-x86 2.0 40.60 NOTE
r-release-linux-x86_64 2.0 0.58 14.49 15.07 NOTE
r-release-osx-x86_64-mavericks 2.0 NOTE
r-release-windows-ix86+x86_64 2.0 5.00 49.00 54.00 NOTE
r-oldrel-windows-ix86+x86_64 2.0 4.00 54.00 58.00 OK

Check Details

Version: 2.0
Check: R code for possible problems
Result: NOTE
    BACprior.CV: no visible global function definition for ‘na.fail’
    BACprior.CV: no visible global function definition for ‘plot’
    BACprior.CV: no visible global function definition for ‘abline’
    BACprior.boot: no visible global function definition for ‘na.fail’
    BACprior.boot: no visible global function definition for ‘plot’
    BACprior.boot: no visible global function definition for ‘abline’
    BACprior.lm: no visible global function definition for ‘na.fail’
    BACprior.lm: no visible global function definition for ‘coef’
    BACprior.lm: no visible global function definition for ‘vcov’
    Undefined global functions or variables:
     abline coef na.fail plot vcov
    Consider adding
     importFrom("graphics", "abline", "plot")
     importFrom("stats", "coef", "na.fail", "vcov")
    to your NAMESPACE file.
Flavors: r-devel-linux-x86_64-debian-clang, r-devel-linux-x86_64-debian-gcc, r-devel-linux-x86_64-fedora-clang, r-devel-linux-x86_64-fedora-gcc, r-devel-osx-x86_64-clang, r-devel-windows-ix86+x86_64, r-patched-linux-x86_64, r-patched-solaris-sparc, r-patched-solaris-x86, r-release-linux-x86_64, r-release-osx-x86_64-mavericks, r-release-windows-ix86+x86_64