CRAN Package Check Results for Package BACprior

Last updated on 2014-11-24 19:50:17.

Flavor Version Tinstall Tcheck Ttotal Status Flags
r-devel-linux-x86_64-debian-clang 2.0 0.66 15.53 16.19 OK
r-devel-linux-x86_64-debian-gcc 2.0 0.64 15.22 15.85 OK
r-devel-linux-x86_64-fedora-clang 2.0 35.34 OK
r-devel-linux-x86_64-fedora-gcc 2.0 17.13 OK
r-devel-osx-x86_64-clang 2.0 28.19 OK
r-devel-windows-ix86+x86_64 2.0 3.00 25.00 28.00 OK
r-patched-linux-x86_64 2.0 0.73 15.71 16.44 OK
r-patched-solaris-sparc 2.0 188.20 OK
r-patched-solaris-x86 2.0 38.20 OK
r-release-linux-ix86 1.2.1 0.88 20.70 21.58 NOTE
r-release-linux-x86_64 2.0 0.93 15.52 16.45 OK
r-release-osx-x86_64-mavericks 2.0 OK
r-release-osx-x86_64-snowleopard 2.0 OK
r-release-windows-ix86+x86_64 2.0 3.00 25.00 28.00 OK
r-oldrel-windows-ix86+x86_64 2.0 4.00 27.00 31.00 OK

Check Details

Version: 1.2.1
Check: dependencies in R code
Result: NOTE
    'library' or 'require' calls to packages already attached by Depends:
     ‘leaps’ ‘mvtnorm’
     Please remove these calls from your code.
    Packages in Depends field not imported from:
     ‘leaps’ ‘mvtnorm’
     These packages need to be imported from (in the NAMESPACE file)
     for when this namespace is loaded but not attached.
    See the information on DESCRIPTION files in the chapter ‘Creating R
    packages’ of the ‘Writing R Extensions’ manual.
Flavor: r-release-linux-ix86

Version: 1.2.1
Check: R code for possible problems
Result: NOTE
    BACprior.lm: no visible global function definition for ‘regsubsets’
Flavor: r-release-linux-ix86