CRAN Package Check Results for Package BACprior

Last updated on 2016-02-08 03:46:41.

Flavor Version Tinstall Tcheck Ttotal Status Flags
r-devel-linux-x86_64-debian-gcc 2.0 0.61 13.45 14.06 NOTE
r-devel-linux-x86_64-fedora-clang 2.0 26.75 NOTE
r-devel-linux-x86_64-fedora-gcc 2.0 25.03 NOTE
r-devel-osx-x86_64-clang 2.0 31.27 NOTE
r-devel-windows-ix86+x86_64 2.0 4.00 29.00 33.00 NOTE
r-patched-linux-x86_64 2.0 0.77 14.44 15.21 OK
r-patched-solaris-sparc 2.0 183.10 OK
r-patched-solaris-x86 2.0 37.20 OK
r-release-linux-x86_64 2.0 0.67 14.04 14.71 OK
r-release-osx-x86_64-mavericks 2.0 OK
r-release-windows-ix86+x86_64 2.0 5.00 28.00 33.00 OK
r-oldrel-windows-ix86+x86_64 2.0 6.00 32.00 38.00 OK

Check Details

Version: 2.0
Check: R code for possible problems
Result: NOTE
    BACprior.CV: no visible global function definition for ‘na.fail’
    BACprior.CV: no visible global function definition for ‘plot’
    BACprior.CV: no visible global function definition for ‘abline’
    BACprior.boot: no visible global function definition for ‘na.fail’
    BACprior.boot: no visible global function definition for ‘plot’
    BACprior.boot: no visible global function definition for ‘abline’
    BACprior.lm: no visible global function definition for ‘na.fail’
    BACprior.lm: no visible global function definition for ‘coef’
    BACprior.lm: no visible global function definition for ‘vcov’
    Undefined global functions or variables:
     abline coef na.fail plot vcov
    Consider adding
     importFrom("graphics", "abline", "plot")
     importFrom("stats", "coef", "na.fail", "vcov")
    to your NAMESPACE file.
Flavors: r-devel-linux-x86_64-debian-gcc, r-devel-linux-x86_64-fedora-clang, r-devel-linux-x86_64-fedora-gcc, r-devel-osx-x86_64-clang, r-devel-windows-ix86+x86_64