CRAN Package Check Results for Package BACprior

Last updated on 2016-05-30 03:47:27.

Flavor Version Tinstall Tcheck Ttotal Status Flags
r-devel-linux-x86_64-debian-gcc 2.0 0.57 14.45 15.03 NOTE
r-devel-linux-x86_64-fedora-clang 2.0 27.20 NOTE
r-devel-linux-x86_64-fedora-gcc 2.0 30.99 NOTE
r-devel-osx-x86_64-clang 2.0 31.20 NOTE
r-devel-windows-ix86+x86_64 2.0 3.00 33.00 36.00 NOTE
r-patched-linux-x86_64 2.0 0.58 14.24 14.82 NOTE
r-patched-solaris-sparc 2.0 203.40 NOTE
r-patched-solaris-x86 2.0 40.80 NOTE
r-release-linux-x86_64 2.0 0.58 14.19 14.77 NOTE
r-release-osx-x86_64-mavericks 2.0 NOTE
r-release-windows-ix86+x86_64 2.0 3.00 34.00 37.00 NOTE
r-oldrel-windows-ix86+x86_64 2.0 3.00 49.00 52.00 OK

Check Details

Version: 2.0
Check: R code for possible problems
Result: NOTE
    BACprior.CV: no visible global function definition for ‘na.fail’
    BACprior.CV: no visible global function definition for ‘plot’
    BACprior.CV: no visible global function definition for ‘abline’
    BACprior.boot: no visible global function definition for ‘na.fail’
    BACprior.boot: no visible global function definition for ‘plot’
    BACprior.boot: no visible global function definition for ‘abline’
    BACprior.lm: no visible global function definition for ‘na.fail’
    BACprior.lm: no visible global function definition for ‘coef’
    BACprior.lm: no visible global function definition for ‘vcov’
    Undefined global functions or variables:
     abline coef na.fail plot vcov
    Consider adding
     importFrom("graphics", "abline", "plot")
     importFrom("stats", "coef", "na.fail", "vcov")
    to your NAMESPACE file.
Flavors: r-devel-linux-x86_64-debian-gcc, r-devel-linux-x86_64-fedora-clang, r-devel-linux-x86_64-fedora-gcc, r-devel-osx-x86_64-clang, r-devel-windows-ix86+x86_64, r-patched-linux-x86_64, r-patched-solaris-sparc, r-patched-solaris-x86, r-release-linux-x86_64, r-release-osx-x86_64-mavericks, r-release-windows-ix86+x86_64