CRAN Package Check Results for Package BACprior

Last updated on 2014-04-24 15:50:34.

Flavor Version Tinstall Tcheck Ttotal Status Flags
r-devel-linux-x86_64-debian-clang 1.2.1 0.64 14.30 14.94 NOTE
r-devel-linux-x86_64-debian-gcc 1.2.1 0.58 14.04 14.61 NOTE
r-devel-linux-x86_64-fedora-clang 1.2.1 29.15 NOTE
r-devel-linux-x86_64-fedora-gcc 1.2.1 28.01 NOTE
r-devel-osx-x86_64-clang 1.2.1 30.48 NOTE
r-devel-osx-x86_64-gcc 1.2.1 NOTE
r-devel-windows-ix86+x86_64 1.2.1 2.00 23.00 25.00 NOTE
r-patched-linux-x86_64 1.2.1 0.60 14.06 14.66 NOTE
r-patched-solaris-sparc 1.2.1 179.30 NOTE
r-patched-solaris-x86 1.2.1 40.60 NOTE
r-release-linux-ix86 1.2.1 1.00 28.00 29.00 NOTE
r-release-linux-x86_64 1.2.1 0.63 14.04 14.68 NOTE
r-release-osx-x86_64-mavericks 1.2.1 WARN
r-release-windows-ix86+x86_64 1.2.1 4.00 36.00 40.00 NOTE
r-oldrel-windows-ix86+x86_64 1.2.1 3.00 29.00 32.00 NOTE

Check Details

Version: 1.2.1
Check: dependencies in R code
Result: NOTE
    'library' or 'require' calls to packages already attached by Depends:
     ‘leaps’ ‘mvtnorm’
     Please remove these calls from your code.
    Packages in Depends field not imported from:
     ‘leaps’ ‘mvtnorm’
     These packages need to be imported from (in the NAMESPACE file)
     for when this namespace is loaded but not attached.
    See the information on DESCRIPTION files in the chapter ‘Creating R
    packages’ of the ‘Writing R Extensions’ manual.
Flavors: r-devel-linux-x86_64-debian-clang, r-devel-linux-x86_64-debian-gcc, r-devel-linux-x86_64-fedora-clang, r-devel-linux-x86_64-fedora-gcc, r-devel-osx-x86_64-clang, r-devel-osx-x86_64-gcc, r-devel-windows-ix86+x86_64, r-patched-linux-x86_64, r-patched-solaris-sparc, r-patched-solaris-x86, r-release-linux-ix86, r-release-linux-x86_64, r-release-osx-x86_64-mavericks, r-release-windows-ix86+x86_64, r-oldrel-windows-ix86+x86_64

Version: 1.2.1
Check: top-level files
Result: NOTE
    Non-standard file/directory found at top level:
     ‘BACprior-Ex.R’
Flavors: r-devel-linux-x86_64-fedora-clang, r-devel-linux-x86_64-fedora-gcc

Version: 1.2.1
Check: PDF version of manual
Result: WARNING
    LaTeX errors when creating PDF version.
    This typically indicates Rd problems.
    LaTeX errors found:
    ! LaTeX Error: File `upquote.sty' not found.
    
    Type X to quit or <RETURN> to proceed,
    or enter new name. (Default extension: sty)
    
    37d555/Rd2.tex:8: ==> Fatal error occurred, no output PDF file produced!
Flavor: r-release-osx-x86_64-mavericks