CRAN Package Check Results for Package BAEssd

Last updated on 2014-07-26 11:52:16.

Flavor Version Tinstall Tcheck Ttotal Status Flags
r-devel-linux-x86_64-debian-clang 1.0.1 0.71 17.54 18.25 NOTE
r-devel-linux-x86_64-debian-gcc 1.0.1 0.70 17.06 17.76 NOTE
r-devel-linux-x86_64-fedora-clang 1.0.1 36.34 NOTE
r-devel-linux-x86_64-fedora-gcc 1.0.1 34.32 NOTE
r-devel-osx-x86_64-clang 1.0.1 33.52 NOTE
r-devel-windows-ix86+x86_64 1.0.1 3.00 29.00 32.00 NOTE
r-patched-linux-x86_64 1.0.1 0.70 17.50 18.20 NOTE
r-patched-solaris-sparc 1.0.1 220.10 NOTE
r-patched-solaris-x86 1.0.1 47.80 NOTE
r-release-linux-ix86 1.0.1 1.03 25.25 26.28 NOTE
r-release-linux-x86_64 1.0.1 0.77 17.39 18.16 NOTE
r-release-osx-x86_64-mavericks 1.0.1 NOTE
r-release-windows-ix86+x86_64 1.0.1 4.00 30.00 34.00 NOTE
r-oldrel-windows-ix86+x86_64 1.0.1 4.00 34.00 38.00 NOTE

Check Details

Version: 1.0.1
Check: dependencies in R code
Result: NOTE
    'library' or 'require' call to ‘mvtnorm’ which was already attached by Depends.
     Please remove these calls from your code.
    See the information on DESCRIPTION files in the chapter ‘Creating R
    packages’ of the ‘Writing R Extensions’ manual.
Flavors: r-devel-linux-x86_64-debian-clang, r-devel-linux-x86_64-debian-gcc, r-devel-linux-x86_64-fedora-clang, r-devel-linux-x86_64-fedora-gcc, r-devel-osx-x86_64-clang, r-devel-windows-ix86+x86_64, r-patched-linux-x86_64, r-patched-solaris-sparc, r-patched-solaris-x86, r-release-linux-ix86, r-release-linux-x86_64, r-release-osx-x86_64-mavericks, r-release-windows-ix86+x86_64, r-oldrel-windows-ix86+x86_64