CRAN Package Check Results for Package BAEssd

Last updated on 2014-12-20 23:47:12.

Flavor Version Tinstall Tcheck Ttotal Status Flags
r-devel-linux-x86_64-debian-clang 1.0.1 0.99 17.89 18.88 NOTE
r-devel-linux-x86_64-debian-gcc 1.0.1 0.73 17.86 18.60 NOTE
r-devel-linux-x86_64-fedora-clang 1.0.1 37.16 NOTE
r-devel-linux-x86_64-fedora-gcc 1.0.1 35.80 NOTE
r-devel-osx-x86_64-clang 1.0.1 36.52 NOTE
r-devel-windows-ix86+x86_64 1.0.1 4.00 30.00 34.00 NOTE
r-patched-linux-x86_64 1.0.1 0.76 18.22 18.97 NOTE
r-patched-solaris-sparc 1.0.1 219.70 NOTE
r-patched-solaris-x86 1.0.1 49.90 NOTE
r-release-linux-ix86 1.0.1 1.02 24.69 25.71 NOTE
r-release-linux-x86_64 1.0.1 0.74 18.18 18.91 NOTE
r-release-osx-x86_64-mavericks 1.0.1 NOTE
r-release-windows-ix86+x86_64 1.0.1 4.00 34.00 38.00 NOTE
r-oldrel-windows-ix86+x86_64 1.0.1 5.00 32.00 37.00 NOTE

Check Details

Version: 1.0.1
Check: dependencies in R code
Result: NOTE
    'library' or 'require' call to ‘mvtnorm’ which was already attached by Depends.
     Please remove these calls from your code.
    See the information on DESCRIPTION files in the chapter ‘Creating R
    packages’ of the ‘Writing R Extensions’ manual.
Flavors: r-devel-linux-x86_64-debian-clang, r-devel-linux-x86_64-debian-gcc, r-devel-linux-x86_64-fedora-clang, r-devel-linux-x86_64-fedora-gcc, r-devel-osx-x86_64-clang, r-devel-windows-ix86+x86_64, r-patched-linux-x86_64, r-patched-solaris-sparc, r-patched-solaris-x86, r-release-linux-ix86, r-release-linux-x86_64, r-release-osx-x86_64-mavericks, r-release-windows-ix86+x86_64, r-oldrel-windows-ix86+x86_64