CRAN Package Check Results for Package BAEssd

Last updated on 2015-05-23 06:46:38.

Flavor Version Tinstall Tcheck Ttotal Status Flags
r-devel-linux-x86_64-debian-clang 1.0.1 0.72 16.75 17.47 NOTE
r-devel-linux-x86_64-debian-gcc 1.0.1 0.77 16.66 17.43 NOTE
r-devel-linux-x86_64-fedora-clang 1.0.1 33.75 NOTE
r-devel-linux-x86_64-fedora-gcc 1.0.1 31.38 NOTE
r-devel-osx-x86_64-clang 1.0.1 33.84 NOTE
r-devel-windows-ix86+x86_64 1.0.1 6.00 39.00 45.00 NOTE
r-patched-linux-x86_64 1.0.1 0.72 16.47 17.19 NOTE
r-patched-solaris-sparc 1.0.1 224.30 NOTE
r-patched-solaris-x86 1.0.1 45.60 NOTE
r-release-linux-x86_64 1.0.1 0.70 16.39 17.09 NOTE
r-release-osx-x86_64-mavericks 1.0.1 NOTE
r-release-osx-x86_64-snowleopard 1.0.1 NOTE
r-release-windows-ix86+x86_64 1.0.1 2.00 27.00 29.00 NOTE
r-oldrel-windows-ix86+x86_64 1.0.1 5.00 39.00 44.00 NOTE

Check Details

Version: 1.0.1
Check: dependencies in R code
Result: NOTE
    'library' or 'require' call to ‘mvtnorm’ which was already attached by Depends.
     Please remove these calls from your code.
Flavors: r-devel-linux-x86_64-debian-clang, r-devel-linux-x86_64-debian-gcc, r-devel-linux-x86_64-fedora-clang, r-devel-linux-x86_64-fedora-gcc, r-devel-osx-x86_64-clang, r-devel-windows-ix86+x86_64, r-patched-linux-x86_64, r-patched-solaris-sparc, r-patched-solaris-x86, r-release-linux-x86_64, r-release-osx-x86_64-mavericks, r-release-osx-x86_64-snowleopard, r-release-windows-ix86+x86_64, r-oldrel-windows-ix86+x86_64