CRAN Package Check Results for Package BAEssd

Last updated on 2015-01-28 17:55:11.

Flavor Version Tinstall Tcheck Ttotal Status Flags
r-devel-linux-x86_64-debian-clang 1.0.1 0.80 16.80 17.60 NOTE
r-devel-linux-x86_64-debian-gcc 1.0.1 0.71 16.48 17.18 NOTE
r-devel-linux-x86_64-fedora-clang 1.0.1 37.67 NOTE
r-devel-linux-x86_64-fedora-gcc 1.0.1 33.76 NOTE
r-devel-osx-x86_64-clang 1.0.1 36.05 NOTE
r-devel-windows-ix86+x86_64 1.0.1 4.00 31.00 35.00 NOTE
r-patched-linux-x86_64 1.0.1 0.78 18.13 18.91 NOTE
r-patched-solaris-sparc 1.0.1 236.80 NOTE
r-patched-solaris-x86 1.0.1 49.70 NOTE
r-release-linux-ix86 1.0.1 1.03 24.74 25.77 NOTE
r-release-linux-x86_64 1.0.1 0.76 18.93 19.69 NOTE
r-release-osx-x86_64-mavericks 1.0.1 NOTE
r-release-windows-ix86+x86_64 1.0.1 4.00 34.00 38.00 NOTE
r-oldrel-windows-ix86+x86_64 1.0.1 5.00 32.00 37.00 NOTE

Check Details

Version: 1.0.1
Check: dependencies in R code
Result: NOTE
    'library' or 'require' call to ‘mvtnorm’ which was already attached by Depends.
     Please remove these calls from your code.
Flavors: r-devel-linux-x86_64-debian-clang, r-devel-linux-x86_64-debian-gcc, r-devel-linux-x86_64-fedora-clang, r-devel-linux-x86_64-fedora-gcc, r-devel-osx-x86_64-clang, r-devel-windows-ix86+x86_64

Version: 1.0.1
Check: dependencies in R code
Result: NOTE
    'library' or 'require' call to ‘mvtnorm’ which was already attached by Depends.
     Please remove these calls from your code.
    See the information on DESCRIPTION files in the chapter ‘Creating R
    packages’ of the ‘Writing R Extensions’ manual.
Flavors: r-patched-linux-x86_64, r-patched-solaris-sparc, r-patched-solaris-x86, r-release-linux-ix86, r-release-linux-x86_64, r-release-osx-x86_64-mavericks, r-release-windows-ix86+x86_64, r-oldrel-windows-ix86+x86_64