CRAN Package Check Results for Package BAEssd

Last updated on 2014-04-23 12:48:14.

Flavor Version Tinstall Tcheck Ttotal Status Flags
r-devel-linux-x86_64-debian-clang 1.0.1 0.88 18.01 18.89 NOTE
r-devel-linux-x86_64-debian-gcc 1.0.1 0.75 18.04 18.78 NOTE
r-devel-linux-x86_64-fedora-clang 1.0.1 36.28 NOTE
r-devel-linux-x86_64-fedora-gcc 1.0.1 34.11 NOTE
r-devel-osx-x86_64-clang 1.0.1 34.86 NOTE
r-devel-osx-x86_64-gcc 1.0.1 NOTE
r-devel-windows-ix86+x86_64 1.0.1 3.00 28.00 31.00 NOTE
r-patched-linux-x86_64 1.0.1 0.82 18.03 18.86 NOTE
r-patched-solaris-sparc 1.0.1 220.10 NOTE
r-patched-solaris-x86 1.0.1 48.00 NOTE
r-release-linux-ix86 1.0.1 1.00 33.00 34.00 NOTE
r-release-linux-x86_64 1.0.1 0.74 18.40 19.14 NOTE
r-release-osx-x86_64-mavericks 1.0.1 NOTE
r-release-windows-ix86+x86_64 1.0.1 4.00 42.00 46.00 NOTE
r-oldrel-windows-ix86+x86_64 1.0.1 3.00 33.00 36.00 NOTE

Check Details

Version: 1.0.1
Check: dependencies in R code
Result: NOTE
    'library' or 'require' call to ‘mvtnorm’ which was already attached by Depends.
     Please remove these calls from your code.
    See the information on DESCRIPTION files in the chapter ‘Creating R
    packages’ of the ‘Writing R Extensions’ manual.
Flavors: r-devel-linux-x86_64-debian-clang, r-devel-linux-x86_64-debian-gcc, r-devel-linux-x86_64-fedora-clang, r-devel-linux-x86_64-fedora-gcc, r-devel-osx-x86_64-clang, r-devel-osx-x86_64-gcc, r-devel-windows-ix86+x86_64, r-patched-linux-x86_64, r-patched-solaris-sparc, r-patched-solaris-x86, r-release-linux-ix86, r-release-linux-x86_64, r-release-osx-x86_64-mavericks, r-release-windows-ix86+x86_64, r-oldrel-windows-ix86+x86_64