CRAN Package Check Results for Package BAEssd

Last updated on 2015-07-04 08:50:09.

Flavor Version Tinstall Tcheck Ttotal Status Flags
r-devel-linux-x86_64-debian-clang 1.0.1 0.73 17.03 17.76 NOTE
r-devel-linux-x86_64-debian-gcc 1.0.1 0.86 16.36 17.22 NOTE
r-devel-linux-x86_64-fedora-clang 1.0.1 31.36 NOTE
r-devel-linux-x86_64-fedora-gcc 1.0.1 29.28 NOTE
r-devel-osx-x86_64-clang 1.0.1 29.59 NOTE
r-devel-windows-ix86+x86_64 1.0.1 6.00 29.00 35.00 NOTE
r-patched-linux-x86_64 1.0.1 0.68 16.63 17.31 NOTE
r-patched-solaris-sparc 1.0.1 224.30 NOTE
r-patched-solaris-x86 1.0.1 44.70 NOTE
r-release-linux-x86_64 1.0.1 0.69 16.86 17.56 NOTE
r-release-osx-x86_64-mavericks 1.0.1 NOTE
r-release-windows-ix86+x86_64 1.0.1 4.00 26.00 30.00 NOTE
r-oldrel-windows-ix86+x86_64 1.0.1 5.00 39.00 44.00 NOTE

Check Details

Version: 1.0.1
Check: dependencies in R code
Result: NOTE
    'library' or 'require' call to ‘mvtnorm’ which was already attached by Depends.
     Please remove these calls from your code.
Flavors: r-devel-linux-x86_64-debian-clang, r-devel-linux-x86_64-debian-gcc, r-devel-linux-x86_64-fedora-clang, r-devel-linux-x86_64-fedora-gcc, r-devel-osx-x86_64-clang, r-devel-windows-ix86+x86_64, r-patched-linux-x86_64, r-patched-solaris-sparc, r-patched-solaris-x86, r-release-linux-x86_64, r-release-osx-x86_64-mavericks, r-release-windows-ix86+x86_64, r-oldrel-windows-ix86+x86_64

Version: 1.0.1
Check: R code for possible problems
Result: NOTE
    binom1.1sided : logm: no visible global function definition for ‘pbeta’
    binom1.1sided : prior: no visible global function definition for
     ‘dbeta’
    binom1.1sided : post: no visible global function definition for ‘dbeta’
    binom1.2sided : logm: no visible global function definition for
     ‘dbinom’
    binom1.2sided : prior: no visible global function definition for
     ‘dbeta’
    binom1.2sided : post: no visible global function definition for
     ‘dbinom’
    binom2.1sided : logm : fct: no visible global function definition for
     ‘pbeta’
    binom2.1sided : logm : fct: no visible global function definition for
     ‘dbeta’
    binom2.1sided : logm: no visible global function definition for
     ‘integrate’
    binom2.1sided : logm : <anonymous>: no visible global function
     definition for ‘integrate’
    binom2.1sided : prior: no visible global function definition for
     ‘dbeta’
    binom2.1sided : post: no visible global function definition for ‘dbeta’
    binom2.2sided : prior: no visible global function definition for
     ‘dbeta’
    binom2.2sided : post: no visible global function definition for
     ‘dbinom’
    norm1KV.1sided : logm: no visible global function definition for
     ‘pnorm’
    norm1KV.1sided : logm: no visible global function definition for
     ‘dnorm’
    norm1KV.1sided : prior: no visible global function definition for
     ‘dnorm’
    norm1KV.1sided : post: no visible global function definition for
     ‘dnorm’
    norm1KV.2sided : logm: no visible global function definition for
     ‘dnorm’
    norm1KV.2sided : prior: no visible global function definition for
     ‘dnorm’
    norm1KV.2sided : post: no visible global function definition for
     ‘dnorm’
    norm1KV.2sided : ssd.norm1KV.2sided : AE1: no visible global function
     definition for ‘pnorm’
    norm1KV.2sided : ssd.norm1KV.2sided : AE2: no visible global function
     definition for ‘pnorm’
    norm1UV.2sided : logm: no visible global function definition for ‘dt’
    norm1UV.2sided : prior: no visible global function definition for
     ‘dnorm’
    norm1UV.2sided : prior: no visible global function definition for
     ‘dgamma’
    norm1UV.2sided : post: no visible global function definition for
     ‘dnorm’
    norm1UV.2sided : post: no visible global function definition for
     ‘dgamma’
    norm1UV.2sided : ssd.norm1UV.2sided : AE1: no visible global function
     definition for ‘rt’
    norm1UV.2sided : ssd.norm1UV.2sided : AE2: no visible global function
     definition for ‘rt’
    norm2KV.2sided : logm: no visible global function definition for
     ‘dnorm’
    norm2KV.2sided : prior: no visible global function definition for
     ‘dnorm’
    norm2KV.2sided : post: no visible global function definition for
     ‘dnorm’
    norm2KV.2sided : ssd.norm2KV.2sided : AE2: no visible global function
     definition for ‘rnorm’
    plot.BAEssd: no visible global function definition for ‘plot’
    plot.BAEssd: no visible global function definition for ‘abline’
    rggamma: no visible global function definition for ‘rgamma’
    ssd.norm1KV : AE1: no visible global function definition for
     ‘integrate’
    ssd.norm1KV : AE2: no visible global function definition for
     ‘integrate’
    Undefined global functions or variables:
     abline dbeta dbinom dgamma dnorm dt integrate pbeta plot pnorm rgamma
     rnorm rt
Flavors: r-devel-linux-x86_64-debian-clang, r-devel-linux-x86_64-debian-gcc, r-devel-linux-x86_64-fedora-clang, r-devel-linux-x86_64-fedora-gcc