CRAN Package Check Results for Package BAEssd

Last updated on 2014-11-27 21:46:26.

Flavor Version Tinstall Tcheck Ttotal Status Flags
r-devel-linux-x86_64-debian-clang 1.0.1 0.73 17.55 18.28 NOTE
r-devel-linux-x86_64-debian-gcc 1.0.1 0.72 17.31 18.02 NOTE
r-devel-linux-x86_64-fedora-clang 1.0.1 39.96 NOTE
r-devel-linux-x86_64-fedora-gcc 1.0.1 35.14 NOTE
r-devel-osx-x86_64-clang 1.0.1 35.38 NOTE
r-devel-windows-ix86+x86_64 1.0.1 3.00 29.00 32.00 NOTE
r-patched-linux-x86_64 1.0.1 0.76 17.76 18.51 NOTE
r-patched-solaris-sparc 1.0.1 219.70 NOTE
r-patched-solaris-x86 1.0.1 49.70 NOTE
r-release-linux-ix86 1.0.1 1.04 24.84 25.87 NOTE
r-release-linux-x86_64 1.0.1 0.74 17.97 18.71 NOTE
r-release-osx-x86_64-mavericks 1.0.1 NOTE
r-release-windows-ix86+x86_64 1.0.1 3.00 44.00 47.00 NOTE
r-oldrel-windows-ix86+x86_64 1.0.1 3.00 33.00 36.00 NOTE

Check Details

Version: 1.0.1
Check: dependencies in R code
Result: NOTE
    'library' or 'require' call to ‘mvtnorm’ which was already attached by Depends.
     Please remove these calls from your code.
    See the information on DESCRIPTION files in the chapter ‘Creating R
    packages’ of the ‘Writing R Extensions’ manual.
Flavors: r-devel-linux-x86_64-debian-clang, r-devel-linux-x86_64-debian-gcc, r-devel-linux-x86_64-fedora-clang, r-devel-linux-x86_64-fedora-gcc, r-devel-osx-x86_64-clang, r-devel-windows-ix86+x86_64, r-patched-linux-x86_64, r-patched-solaris-sparc, r-patched-solaris-x86, r-release-linux-ix86, r-release-linux-x86_64, r-release-osx-x86_64-mavericks, r-release-windows-ix86+x86_64, r-oldrel-windows-ix86+x86_64