CRAN Package Check Results for Package BAEssd

Last updated on 2014-08-22 11:47:51.

Flavor Version Tinstall Tcheck Ttotal Status Flags
r-devel-linux-x86_64-debian-clang 1.0.1 0.70 16.81 17.50 NOTE
r-devel-linux-x86_64-debian-gcc 1.0.1 0.98 16.68 17.66 NOTE
r-devel-linux-x86_64-fedora-clang 1.0.1 34.92 NOTE
r-devel-linux-x86_64-fedora-gcc 1.0.1 34.31 NOTE
r-devel-osx-x86_64-clang 1.0.1 33.24 NOTE
r-devel-windows-ix86+x86_64 1.0.1 3.00 30.00 33.00 NOTE
r-patched-linux-x86_64 1.0.1 0.76 17.22 17.97 NOTE
r-patched-solaris-sparc 1.0.1 219.70 NOTE
r-patched-solaris-x86 1.0.1 47.20 NOTE
r-release-linux-ix86 1.0.1 1.04 25.53 26.57 NOTE
r-release-linux-x86_64 1.0.1 0.74 17.51 18.24 NOTE
r-release-osx-x86_64-mavericks 1.0.1 NOTE
r-release-windows-ix86+x86_64 1.0.1 4.00 30.00 34.00 NOTE
r-oldrel-windows-ix86+x86_64 1.0.1 4.00 34.00 38.00 NOTE

Check Details

Version: 1.0.1
Check: dependencies in R code
Result: NOTE
    'library' or 'require' call to ‘mvtnorm’ which was already attached by Depends.
     Please remove these calls from your code.
    See the information on DESCRIPTION files in the chapter ‘Creating R
    packages’ of the ‘Writing R Extensions’ manual.
Flavors: r-devel-linux-x86_64-debian-clang, r-devel-linux-x86_64-debian-gcc, r-devel-linux-x86_64-fedora-clang, r-devel-linux-x86_64-fedora-gcc, r-devel-osx-x86_64-clang, r-devel-windows-ix86+x86_64, r-patched-linux-x86_64, r-patched-solaris-sparc, r-patched-solaris-x86, r-release-linux-ix86, r-release-linux-x86_64, r-release-osx-x86_64-mavericks, r-release-windows-ix86+x86_64, r-oldrel-windows-ix86+x86_64