CRAN Package Check Results for Package BAEssd

Last updated on 2015-03-06 09:49:26.

Flavor Version Tinstall Tcheck Ttotal Status Flags
r-devel-linux-x86_64-debian-clang 1.0.1 0.78 16.54 17.32 NOTE
r-devel-linux-x86_64-debian-gcc 1.0.1 0.79 16.30 17.09 NOTE
r-devel-linux-x86_64-fedora-clang 1.0.1 33.78 NOTE
r-devel-linux-x86_64-fedora-gcc 1.0.1 31.82 NOTE
r-devel-osx-x86_64-clang 1.0.1 35.05 NOTE
r-devel-windows-ix86+x86_64 1.0.1 5.00 31.00 36.00 NOTE
r-patched-linux-x86_64 1.0.1 0.73 18.62 19.36 NOTE
r-patched-solaris-sparc 1.0.1 256.10 NOTE
r-patched-solaris-x86 1.0.1 49.80 NOTE
r-release-linux-ix86 1.0.1 1.00 27.68 28.69 NOTE
r-release-linux-x86_64 1.0.1 0.73 18.76 19.49 NOTE
r-release-osx-x86_64-mavericks 1.0.1 NOTE
r-release-windows-ix86+x86_64 1.0.1 4.00 34.00 38.00 NOTE
r-oldrel-windows-ix86+x86_64 1.0.1 5.00 32.00 37.00 NOTE

Check Details

Version: 1.0.1
Check: dependencies in R code
Result: NOTE
    'library' or 'require' call to ‘mvtnorm’ which was already attached by Depends.
     Please remove these calls from your code.
Flavors: r-devel-linux-x86_64-debian-clang, r-devel-linux-x86_64-debian-gcc, r-devel-linux-x86_64-fedora-clang, r-devel-linux-x86_64-fedora-gcc, r-devel-osx-x86_64-clang, r-devel-windows-ix86+x86_64, r-patched-linux-x86_64, r-patched-solaris-sparc, r-patched-solaris-x86

Version: 1.0.1
Check: dependencies in R code
Result: NOTE
    'library' or 'require' call to ‘mvtnorm’ which was already attached by Depends.
     Please remove these calls from your code.
    See the information on DESCRIPTION files in the chapter ‘Creating R
    packages’ of the ‘Writing R Extensions’ manual.
Flavors: r-release-linux-ix86, r-release-linux-x86_64, r-release-osx-x86_64-mavericks, r-release-windows-ix86+x86_64, r-oldrel-windows-ix86+x86_64