CRAN Package Check Results for Package BAEssd

Last updated on 2015-08-31 12:47:34.

Flavor Version Tinstall Tcheck Ttotal Status Flags
r-devel-linux-x86_64-debian-clang 1.0.1 0.74 16.66 17.40 NOTE
r-devel-linux-x86_64-debian-gcc 1.0.1 0.65 16.84 17.48 NOTE
r-devel-linux-x86_64-fedora-clang 1.0.1 33.05 NOTE
r-devel-linux-x86_64-fedora-gcc 1.0.1 30.47 NOTE
r-devel-osx-x86_64-clang 1.0.1 30.40 NOTE
r-devel-windows-ix86+x86_64 1.0.1 3.00 31.00 34.00 NOTE
r-patched-linux-x86_64 1.0.1 0.70 17.14 17.84 NOTE
r-patched-solaris-sparc 1.0.1 224.40 NOTE
r-patched-solaris-x86 1.0.1 47.30 NOTE
r-release-linux-x86_64 1.0.1 0.72 17.77 18.49 NOTE
r-release-osx-x86_64-mavericks 1.0.1 NOTE
r-release-windows-ix86+x86_64 1.0.1 4.00 42.00 46.00 NOTE
r-oldrel-windows-ix86+x86_64 1.0.1 5.00 38.00 43.00 NOTE

Check Details

Version: 1.0.1
Check: dependencies in R code
Result: NOTE
    'library' or 'require' call to ‘mvtnorm’ which was already attached by Depends.
     Please remove these calls from your code.
Flavors: r-devel-linux-x86_64-debian-clang, r-devel-linux-x86_64-debian-gcc, r-devel-linux-x86_64-fedora-clang, r-devel-linux-x86_64-fedora-gcc, r-devel-osx-x86_64-clang, r-devel-windows-ix86+x86_64, r-patched-linux-x86_64, r-patched-solaris-sparc, r-patched-solaris-x86, r-release-linux-x86_64, r-release-osx-x86_64-mavericks, r-release-windows-ix86+x86_64, r-oldrel-windows-ix86+x86_64

Version: 1.0.1
Check: R code for possible problems
Result: NOTE
    binom1.1sided : logm: no visible global function definition for ‘pbeta’
    binom1.1sided : prior: no visible global function definition for
     ‘dbeta’
    binom1.1sided : post: no visible global function definition for ‘dbeta’
    binom1.2sided : logm: no visible global function definition for
     ‘dbinom’
    binom1.2sided : prior: no visible global function definition for
     ‘dbeta’
    binom1.2sided : post: no visible global function definition for
     ‘dbinom’
    binom2.1sided : logm : fct: no visible global function definition for
     ‘pbeta’
    binom2.1sided : logm : fct: no visible global function definition for
     ‘dbeta’
    binom2.1sided : logm: no visible global function definition for
     ‘integrate’
    binom2.1sided : logm : <anonymous>: no visible global function
     definition for ‘integrate’
    binom2.1sided : prior: no visible global function definition for
     ‘dbeta’
    binom2.1sided : post: no visible global function definition for ‘dbeta’
    binom2.2sided : prior: no visible global function definition for
     ‘dbeta’
    binom2.2sided : post: no visible global function definition for
     ‘dbinom’
    norm1KV.1sided : logm: no visible global function definition for
     ‘pnorm’
    norm1KV.1sided : logm: no visible global function definition for
     ‘dnorm’
    norm1KV.1sided : prior: no visible global function definition for
     ‘dnorm’
    norm1KV.1sided : post: no visible global function definition for
     ‘dnorm’
    norm1KV.2sided : logm: no visible global function definition for
     ‘dnorm’
    norm1KV.2sided : prior: no visible global function definition for
     ‘dnorm’
    norm1KV.2sided : post: no visible global function definition for
     ‘dnorm’
    norm1KV.2sided : ssd.norm1KV.2sided : AE1: no visible global function
     definition for ‘pnorm’
    norm1KV.2sided : ssd.norm1KV.2sided : AE2: no visible global function
     definition for ‘pnorm’
    norm1UV.2sided : logm: no visible global function definition for ‘dt’
    norm1UV.2sided : prior: no visible global function definition for
     ‘dnorm’
    norm1UV.2sided : prior: no visible global function definition for
     ‘dgamma’
    norm1UV.2sided : post: no visible global function definition for
     ‘dnorm’
    norm1UV.2sided : post: no visible global function definition for
     ‘dgamma’
    norm1UV.2sided : ssd.norm1UV.2sided : AE1: no visible global function
     definition for ‘rt’
    norm1UV.2sided : ssd.norm1UV.2sided : AE2: no visible global function
     definition for ‘rt’
    norm2KV.2sided : logm: no visible global function definition for
     ‘dnorm’
    norm2KV.2sided : prior: no visible global function definition for
     ‘dnorm’
    norm2KV.2sided : post: no visible global function definition for
     ‘dnorm’
    norm2KV.2sided : ssd.norm2KV.2sided : AE2: no visible global function
     definition for ‘rnorm’
    plot.BAEssd: no visible global function definition for ‘plot’
    plot.BAEssd: no visible global function definition for ‘abline’
    rggamma: no visible global function definition for ‘rgamma’
    ssd.norm1KV : AE1: no visible global function definition for
     ‘integrate’
    ssd.norm1KV : AE2: no visible global function definition for
     ‘integrate’
    Undefined global functions or variables:
     abline dbeta dbinom dgamma dnorm dt integrate pbeta plot pnorm rgamma
     rnorm rt
    Consider adding
     importFrom("graphics", "abline", "plot")
     importFrom("stats", "dbeta", "dbinom", "dgamma", "dnorm", "dt",
     "integrate", "pbeta", "pnorm", "rgamma", "rnorm", "rt")
    to your NAMESPACE.
Flavors: r-devel-linux-x86_64-debian-clang, r-devel-linux-x86_64-debian-gcc, r-devel-linux-x86_64-fedora-clang, r-devel-linux-x86_64-fedora-gcc, r-devel-windows-ix86+x86_64