Last updated on 2022-05-24 13:50:15 CEST.
Flavor | Version | Tinstall | Tcheck | Ttotal | Status | Flags |
---|---|---|---|---|---|---|
r-devel-linux-x86_64-debian-clang | 0.2.10 | 21.14 | 232.50 | 253.64 | NOTE | |
r-devel-linux-x86_64-debian-gcc | 0.2.10 | 18.49 | 169.05 | 187.54 | NOTE | |
r-devel-linux-x86_64-fedora-clang | 0.2.10 | 310.19 | NOTE | |||
r-devel-linux-x86_64-fedora-gcc | 0.2.10 | 301.40 | NOTE | |||
r-devel-windows-x86_64 | 0.2.10 | 50.00 | 234.00 | 284.00 | OK | |
r-patched-linux-x86_64 | 0.2.10 | 21.78 | 217.82 | 239.60 | NOTE | |
r-release-linux-x86_64 | 0.2.10 | NOTE | ||||
r-release-macos-arm64 | 0.2.10 | 71.00 | NOTE | |||
r-release-macos-x86_64 | 0.2.10 | 99.00 | NOTE | |||
r-release-windows-x86_64 | 0.2.10 | 42.00 | 231.00 | 273.00 | OK | |
r-oldrel-macos-arm64 | 0.2.10 | 90.00 | NOTE | |||
r-oldrel-macos-x86_64 | 0.2.10 | 139.00 | NOTE | |||
r-oldrel-windows-ix86+x86_64 | 0.2.10 | 46.00 | 236.00 | 282.00 | OK |
Version: 0.2.10
Check: for non-standard things in the check directory
Result: NOTE
Found the following files/directories:
'exemplary_input1.txt' 'exemplary_input2.txt'
Flavors: r-devel-linux-x86_64-debian-clang, r-devel-linux-x86_64-debian-gcc, r-devel-linux-x86_64-fedora-clang, r-devel-linux-x86_64-fedora-gcc, r-patched-linux-x86_64, r-release-linux-x86_64
Version: 0.2.10
Check: dependencies in R code
Result: NOTE
Namespace in Imports field not imported from: ‘base’
All declared Imports should be used.
Flavors: r-devel-linux-x86_64-fedora-clang, r-devel-linux-x86_64-fedora-gcc, r-release-macos-arm64, r-release-macos-x86_64, r-oldrel-macos-arm64, r-oldrel-macos-x86_64