CRAN Package Check Results for Package BALCONY

Last updated on 2020-09-23 15:27:55 CEST.

Flavor Version Tinstall Tcheck Ttotal Status Flags
r-devel-linux-x86_64-debian-clang 0.2.10 17.95 187.00 204.95 NOTE
r-devel-linux-x86_64-debian-gcc 0.2.10 16.49 139.72 156.21 NOTE
r-devel-linux-x86_64-fedora-clang 0.2.10 251.28 NOTE
r-devel-linux-x86_64-fedora-gcc 0.2.10 288.12 NOTE
r-devel-windows-ix86+x86_64 0.2.10 42.00 216.00 258.00 OK
r-patched-linux-x86_64 0.2.10 18.96 172.28 191.24 NOTE
r-patched-solaris-x86 0.2.10 317.20 NOTE
r-release-linux-x86_64 0.2.10 18.37 174.06 192.43 NOTE
r-release-macos-x86_64 0.2.10 NOTE
r-release-windows-ix86+x86_64 0.2.10 43.00 227.00 270.00 OK
r-oldrel-macos-x86_64 0.2.10 WARN
r-oldrel-windows-ix86+x86_64 0.2.10 26.00 198.00 224.00 OK

Check Details

Version: 0.2.10
Check: for non-standard things in the check directory
Result: NOTE
    Found the following files/directories:
     'exemplary_input1.txt' 'exemplary_input2.txt'
Flavors: r-devel-linux-x86_64-debian-clang, r-devel-linux-x86_64-debian-gcc, r-devel-linux-x86_64-fedora-clang, r-devel-linux-x86_64-fedora-gcc, r-patched-linux-x86_64, r-patched-solaris-x86, r-release-linux-x86_64

Version: 0.2.10
Check: dependencies in R code
Result: NOTE
    Namespace in Imports field not imported from: ‘base’
     All declared Imports should be used.
Flavors: r-devel-linux-x86_64-fedora-clang, r-devel-linux-x86_64-fedora-gcc, r-patched-solaris-x86, r-release-macos-x86_64

Version: 0.2.10
Check: whether package can be installed
Result: WARN
    Found the following significant warnings:
     Warning: 'rgl_init' failed, running with rgl.useNULL = TRUE
Flavor: r-oldrel-macos-x86_64

Version: 0.2.10
Check: dependencies in R code
Result: NOTE
    No protocol specified
    Namespace in Imports field not imported from: ‘base’
     All declared Imports should be used.
Flavor: r-oldrel-macos-x86_64

Version: 0.2.10
Check: S3 generic/method consistency
Result: WARN
    No protocol specified
    See section ‘Generic functions and methods’ in the ‘Writing R
    Extensions’ manual.
Flavor: r-oldrel-macos-x86_64

Version: 0.2.10
Check: replacement functions
Result: WARN
    No protocol specified
    The argument of a replacement function which corresponds to the right
    hand side must be named ‘value’.
Flavor: r-oldrel-macos-x86_64

Version: 0.2.10
Check: foreign function calls
Result: NOTE
    No protocol specified
    See chapter ‘System and foreign language interfaces’ in the ‘Writing R
    Extensions’ manual.
Flavor: r-oldrel-macos-x86_64

Version: 0.2.10
Check: R code for possible problems
Result: NOTE
    No protocol specified
Flavor: r-oldrel-macos-x86_64

Version: 0.2.10
Check: for missing documentation entries
Result: WARN
    No protocol specified
    All user-level objects in a package should have documentation entries.
    See chapter ‘Writing R documentation files’ in the ‘Writing R
    Extensions’ manual.
Flavor: r-oldrel-macos-x86_64

Version: 0.2.10
Check: for code/documentation mismatches
Result: WARN
    No protocol specified
    No protocol specified
    No protocol specified
Flavor: r-oldrel-macos-x86_64

Version: 0.2.10
Check: Rd \usage sections
Result: NOTE
    No protocol specified
    The \usage entries for S3 methods should use the \method markup and not
    their full name.
    See chapter ‘Writing R documentation files’ in the ‘Writing R
    Extensions’ manual.
Flavor: r-oldrel-macos-x86_64