CRAN Package Check Results for Package BALCONY

Last updated on 2020-01-28 19:48:53 CET.

Flavor Version Tinstall Tcheck Ttotal Status Flags
r-devel-linux-x86_64-debian-clang 0.2.10 18.63 170.74 189.37 NOTE
r-devel-linux-x86_64-debian-gcc 0.2.10 14.65 128.27 142.92 NOTE
r-devel-linux-x86_64-fedora-clang 0.2.10 224.36 NOTE
r-devel-linux-x86_64-fedora-gcc 0.2.10 218.71 NOTE
r-devel-windows-ix86+x86_64 0.2.10 38.00 180.00 218.00 OK
r-devel-windows-ix86+x86_64-gcc8 0.2.10 54.00 171.00 225.00 OK
r-patched-linux-x86_64 0.2.10 OK
r-patched-solaris-x86 0.2.10 295.60 NOTE
r-release-linux-x86_64 0.2.10 14.63 148.30 162.93 OK
r-release-windows-ix86+x86_64 0.2.10 29.00 156.00 185.00 OK
r-release-osx-x86_64 0.2.10 WARN
r-oldrel-windows-ix86+x86_64 0.2.10 28.00 191.00 219.00 OK
r-oldrel-osx-x86_64 0.2.10 NOTE

Check Details

Version: 0.2.10
Check: for non-standard things in the check directory
Result: NOTE
    Found the following files/directories:
     'exemplary_input1.txt' 'exemplary_input2.txt'
Flavors: r-devel-linux-x86_64-debian-clang, r-devel-linux-x86_64-debian-gcc, r-devel-linux-x86_64-fedora-clang, r-devel-linux-x86_64-fedora-gcc

Version: 0.2.10
Check: dependencies in R code
Result: NOTE
    Namespace in Imports field not imported from: ‘base’
     All declared Imports should be used.
Flavors: r-devel-linux-x86_64-fedora-clang, r-devel-linux-x86_64-fedora-gcc, r-patched-solaris-x86, r-oldrel-osx-x86_64

Version: 0.2.10
Check: whether package can be installed
Result: WARN
    Found the following significant warnings:
     Warning: 'rgl_init' failed, running with rgl.useNULL = TRUE
Flavor: r-release-osx-x86_64

Version: 0.2.10
Check: dependencies in R code
Result: NOTE
    No protocol specified
    Namespace in Imports field not imported from: ‘base’
     All declared Imports should be used.
Flavor: r-release-osx-x86_64

Version: 0.2.10
Check: S3 generic/method consistency
Result: WARN
    No protocol specified
    See section ‘Generic functions and methods’ in the ‘Writing R
    Extensions’ manual.
Flavor: r-release-osx-x86_64

Version: 0.2.10
Check: replacement functions
Result: WARN
    No protocol specified
    The argument of a replacement function which corresponds to the right
    hand side must be named ‘value’.
Flavor: r-release-osx-x86_64

Version: 0.2.10
Check: foreign function calls
Result: NOTE
    No protocol specified
    See chapter ‘System and foreign language interfaces’ in the ‘Writing R
    Extensions’ manual.
Flavor: r-release-osx-x86_64

Version: 0.2.10
Check: R code for possible problems
Result: NOTE
    No protocol specified
Flavor: r-release-osx-x86_64

Version: 0.2.10
Check: for missing documentation entries
Result: WARN
    No protocol specified
    All user-level objects in a package should have documentation entries.
    See chapter ‘Writing R documentation files’ in the ‘Writing R
    Extensions’ manual.
Flavor: r-release-osx-x86_64

Version: 0.2.10
Check: for code/documentation mismatches
Result: WARN
    No protocol specified
    No protocol specified
    No protocol specified
Flavor: r-release-osx-x86_64

Version: 0.2.10
Check: Rd \usage sections
Result: NOTE
    No protocol specified
    The \usage entries for S3 methods should use the \method markup and not
    their full name.
    See chapter ‘Writing R documentation files’ in the ‘Writing R
    Extensions’ manual.
Flavor: r-release-osx-x86_64