CRAN Package Check Results for Package BAMBI

Last updated on 2018-12-17 13:49:25 CET.

Flavor Version Tinstall Tcheck Ttotal Status Flags
r-devel-linux-x86_64-debian-clang 2.0.1 94.09 2.10 96.19 ERROR
r-devel-linux-x86_64-debian-gcc 2.0.1 78.21 2.04 80.25 ERROR
r-devel-linux-x86_64-fedora-clang 2.0.1 282.70 OK
r-devel-linux-x86_64-fedora-gcc 2.0.1 239.41 OK
r-devel-windows-ix86+x86_64 2.0.1 262.00 186.00 448.00 OK
r-patched-linux-x86_64 2.0.1 90.58 1.92 92.50 ERROR
r-patched-solaris-x86 2.0.1 263.50 OK
r-release-linux-x86_64 2.0.1 96.91 92.58 189.49 OK
r-release-windows-ix86+x86_64 2.0.1 199.00 192.00 391.00 OK
r-release-osx-x86_64 2.0.1 OK
r-oldrel-windows-ix86+x86_64 2.0.1 223.00 209.00 432.00 OK
r-oldrel-osx-x86_64 2.0.1 OK

Check Details

Version: 2.0.1
Check: whether the package can be loaded
Result: ERROR
    Loading this package had a fatal error status code 1
    Loading log:
    Error: package or namespace load failed for ‘BAMBI’ in dyn.load(file, DLLpath = DLLpath, ...):
     unable to load shared object ‘/home/hornik/tmp/R.check/r-devel-clang/Work/build/Packages/Rcpp/libs/Rcpp.so’:
     /home/hornik/tmp/R.check/r-devel-clang/Work/build/Packages/Rcpp/libs/Rcpp.so: failed to map segment from shared object
    Execution halted
Flavor: r-devel-linux-x86_64-debian-clang

Version: 2.0.1
Check: whether the package can be loaded
Result: ERROR
    Loading this package had a fatal error status code 1
    Loading log:
    Error: package or namespace load failed for ‘BAMBI’ in dyn.load(file, DLLpath = DLLpath, ...):
     unable to load shared object ‘/home/hornik/tmp/R.check/r-devel-gcc/Work/build/Packages/Rcpp/libs/Rcpp.so’:
     /home/hornik/tmp/R.check/r-devel-gcc/Work/build/Packages/Rcpp/libs/Rcpp.so: failed to map segment from shared object
    Execution halted
Flavor: r-devel-linux-x86_64-debian-gcc

Version: 2.0.1
Check: whether the package can be loaded
Result: ERROR
    Loading this package had a fatal error status code 1
    Loading log:
    Error: package or namespace load failed for ‘BAMBI’ in dyn.load(file, DLLpath = DLLpath, ...):
     unable to load shared object ‘/home/hornik/tmp/R.check/r-patched-gcc/Work/build/Packages/Rcpp/libs/Rcpp.so’:
     /home/hornik/tmp/R.check/r-patched-gcc/Work/build/Packages/Rcpp/libs/Rcpp.so: failed to map segment from shared object
    Execution halted
Flavor: r-patched-linux-x86_64