CRAN Package Check Results for Package BAMBI

Last updated on 2018-02-23 06:54:41 CET.

Flavor Version Tinstall Tcheck Ttotal Status Flags
r-devel-linux-x86_64-debian-clang 1.1.1 73.31 2.18 75.49 ERROR
r-devel-linux-x86_64-debian-gcc 1.1.1 64.96 43.31 108.27 OK
r-devel-linux-x86_64-fedora-clang 1.1.1 121.74 ERROR
r-devel-linux-x86_64-fedora-gcc 1.1.1 174.51 OK
r-devel-windows-ix86+x86_64 1.1.1 219.00 122.00 341.00 OK
r-patched-linux-x86_64 1.1.1 72.18 61.02 133.20 OK
r-patched-solaris-x86 1.1.1 174.60 OK
r-release-linux-x86_64 1.1.1 71.79 61.38 133.17 OK
r-release-windows-ix86+x86_64 1.1.1 139.00 126.00 265.00 OK
r-release-osx-x86_64 1.1.1 OK
r-oldrel-windows-ix86+x86_64 1.1.1 146.00 95.00 241.00 OK
r-oldrel-osx-x86_64 1.1.1 OK

Additional issues

valgrind

Check Details

Version: 1.1.1
Check: whether package can be installed
Result: ERROR
    Installation failed.
Flavors: r-devel-linux-x86_64-debian-clang, r-devel-linux-x86_64-fedora-clang