CRAN Package Check Results for Package BAMBI

Last updated on 2017-12-14 08:50:56 CET.

Flavor Version Tinstall Tcheck Ttotal Status Flags
r-devel-linux-x86_64-debian-clang 1.1.1 64.27 2.00 66.27 ERROR
r-devel-linux-x86_64-debian-gcc 1.1.1 58.24 36.38 94.62 FAIL
r-devel-linux-x86_64-fedora-clang 1.1.1 106.76 ERROR
r-devel-linux-x86_64-fedora-gcc 1.1.1 169.09 OK
r-devel-windows-ix86+x86_64 1.1.1 204.00 98.00 302.00 OK
r-patched-linux-x86_64 1.1.1 70.65 62.67 133.32 OK
r-patched-solaris-x86 1.1.1 167.90 OK
r-release-linux-x86_64 1.1.1 70.22 62.74 132.96 OK
r-release-windows-ix86+x86_64 1.1.1 130.00 92.00 222.00 OK
r-release-osx-x86_64 1.1.1 OK
r-oldrel-windows-ix86+x86_64 1.1.1 211.00 111.00 322.00 OK
r-oldrel-osx-x86_64 1.1.1 OK

Additional issues

valgrind

Check Details

Version: 1.1.1
Check: whether package can be installed
Result: ERROR
    Installation failed.
Flavors: r-devel-linux-x86_64-debian-clang, r-devel-linux-x86_64-fedora-clang

Version: 1.1.1
Check: pragmas in C/C++ headers and code
Result: FAIL
    
Flavor: r-devel-linux-x86_64-debian-gcc