CRAN Package Check Results for Package BAMBI

Last updated on 2018-06-21 10:49:52 CEST.

Flavor Version Tinstall Tcheck Ttotal Status Flags
r-devel-linux-x86_64-debian-clang 1.2.1 84.66 2.46 87.12 ERROR
r-devel-linux-x86_64-debian-gcc 1.2.1 73.22 49.98 123.20 OK
r-devel-linux-x86_64-fedora-clang 1.2.1 137.79 ERROR
r-devel-linux-x86_64-fedora-gcc 1.2.1 198.53 OK
r-devel-windows-ix86+x86_64 1.2.1 234.00 108.00 342.00 OK
r-patched-linux-x86_64 1.2.1 86.61 63.23 149.84 OK
r-patched-solaris-x86 1.2.1 197.60 OK
r-release-linux-x86_64 1.2.1 91.52 60.45 151.97 OK
r-release-windows-ix86+x86_64 1.2.1 170.00 101.00 271.00 OK
r-release-osx-x86_64 1.2.1 OK
r-oldrel-windows-ix86+x86_64 1.2.1 221.00 111.00 332.00 OK
r-oldrel-osx-x86_64 1.2.1 OK

Check Details

Version: 1.2.1
Check: whether package can be installed
Result: ERROR
    Installation failed.
Flavors: r-devel-linux-x86_64-debian-clang, r-devel-linux-x86_64-fedora-clang