CRAN Package Check Results for Package BART

Last updated on 2019-05-25 08:49:54 CEST.

Flavor Version Tinstall Tcheck Ttotal Status Flags
r-devel-linux-x86_64-debian-clang 2.4 142.37 150.16 292.53 OK
r-devel-linux-x86_64-debian-gcc 2.4 106.44 114.67 221.11 OK
r-devel-linux-x86_64-fedora-clang 2.4 433.19 NOTE
r-devel-linux-x86_64-fedora-gcc 2.4 384.17 OK
r-devel-windows-ix86+x86_64 2.4 303.00 191.00 494.00 NOTE
r-patched-linux-x86_64 2.4 OK
r-patched-solaris-x86 2.4 459.70 NOTE
r-release-linux-x86_64 2.4 131.01 151.63 282.64 OK
r-release-windows-ix86+x86_64 2.4 389.00 215.00 604.00 NOTE
r-release-osx-x86_64 2.4 NOTE
r-oldrel-windows-ix86+x86_64 2.4 383.00 220.00 603.00 NOTE
r-oldrel-osx-x86_64 2.4 NOTE

Check Details

Version: 2.4
Check: installed package size
Result: NOTE
     installed size is 10.1Mb
     sub-directories of 1Mb or more:
     data 3.2Mb
     libs 4.7Mb
Flavors: r-devel-linux-x86_64-fedora-clang, r-devel-windows-ix86+x86_64, r-patched-solaris-x86, r-release-windows-ix86+x86_64, r-release-osx-x86_64, r-oldrel-windows-ix86+x86_64, r-oldrel-osx-x86_64