CRAN Package Check Results for Package BART

Last updated on 2022-09-27 09:53:20 CEST.

Flavor Version Tinstall Tcheck Ttotal Status Flags
r-devel-linux-x86_64-debian-clang 2.9 174.84 182.06 356.90 OK
r-devel-linux-x86_64-debian-gcc 2.9 130.38 132.71 263.09 OK
r-devel-linux-x86_64-fedora-clang 2.9 532.61 OK
r-devel-linux-x86_64-fedora-gcc 2.9 435.74 OK
r-devel-windows-x86_64 2.9 138.00 237.00 375.00 NOTE
r-patched-linux-x86_64 2.9 142.44 167.58 310.02 OK
r-release-linux-x86_64 2.9 130.68 167.04 297.72 OK
r-release-macos-arm64 2.9 112.00 NOTE
r-release-macos-x86_64 2.9 141.00 NOTE
r-release-windows-x86_64 2.9 224.00 233.00 457.00 NOTE
r-oldrel-macos-arm64 2.9 157.00 NOTE
r-oldrel-macos-x86_64 2.9 210.00 NOTE
r-oldrel-windows-ix86+x86_64 2.9 372.00 236.00 608.00 NOTE

Check Details

Version: 2.9
Check: installed package size
Result: NOTE
     installed size is 5.8Mb
     sub-directories of 1Mb or more:
     data 3.1Mb
     libs 1.2Mb
Flavors: r-devel-windows-x86_64, r-release-macos-arm64, r-release-macos-x86_64, r-release-windows-x86_64, r-oldrel-macos-arm64, r-oldrel-macos-x86_64, r-oldrel-windows-ix86+x86_64