CRAN Package Check Results for Package BART

Last updated on 2019-08-18 00:46:07 CEST.

Flavor Version Tinstall Tcheck Ttotal Status Flags
r-devel-linux-x86_64-debian-clang 2.5 141.53 149.44 290.97 OK
r-devel-linux-x86_64-debian-gcc 2.5 105.69 114.49 220.18 OK
r-devel-linux-x86_64-fedora-clang 2.5 423.80 NOTE
r-devel-linux-x86_64-fedora-gcc 2.5 379.33 OK
r-devel-windows-ix86+x86_64 2.5 421.00 258.00 679.00 NOTE
r-patched-linux-x86_64 2.5 117.02 147.43 264.45 OK
r-patched-solaris-x86 2.5 473.10 NOTE
r-release-linux-x86_64 2.5 129.71 147.49 277.20 OK
r-release-windows-ix86+x86_64 2.5 387.00 250.00 637.00 NOTE
r-release-osx-x86_64 2.5 NOTE
r-oldrel-windows-ix86+x86_64 2.5 383.00 220.00 603.00 NOTE
r-oldrel-osx-x86_64 2.5 NOTE

Check Details

Version: 2.5
Check: installed package size
Result: NOTE
     installed size is 10.6Mb
     sub-directories of 1Mb or more:
     data 3.2Mb
     libs 5.1Mb
Flavors: r-devel-linux-x86_64-fedora-clang, r-devel-windows-ix86+x86_64, r-patched-solaris-x86, r-release-windows-ix86+x86_64, r-release-osx-x86_64, r-oldrel-windows-ix86+x86_64, r-oldrel-osx-x86_64