CRAN Package Check Results for Package BAS

Last updated on 2022-09-28 13:51:45 CEST.

Flavor Version Tinstall Tcheck Ttotal Status Flags
r-devel-linux-x86_64-debian-clang 1.6.2 14.54 140.06 154.60 NOTE
r-devel-linux-x86_64-debian-gcc 1.6.2 11.87 104.50 116.37 NOTE
r-devel-linux-x86_64-fedora-clang 1.6.2 217.63 NOTE
r-devel-linux-x86_64-fedora-gcc 1.6.2 202.06 NOTE
r-devel-windows-x86_64 1.6.2 69.00 200.00 269.00 NOTE
r-patched-linux-x86_64 1.6.2 15.46 134.44 149.90 OK
r-release-linux-x86_64 1.6.2 13.63 133.85 147.48 OK
r-release-macos-arm64 1.6.2 62.00 OK
r-release-macos-x86_64 1.6.2 89.00 OK
r-release-windows-x86_64 1.6.2 66.00 182.00 248.00 OK
r-oldrel-macos-arm64 1.6.2 66.00 OK
r-oldrel-macos-x86_64 1.6.2 91.00 OK
r-oldrel-windows-ix86+x86_64 1.6.2 51.00 243.00 294.00 OK

Check Details

Version: 1.6.2
Check: Rd files
Result: NOTE
    checkRd: (-1) bas.lm.Rd:425: Escaped LaTeX specials: \&
Flavors: r-devel-linux-x86_64-debian-clang, r-devel-linux-x86_64-debian-gcc, r-devel-linux-x86_64-fedora-clang, r-devel-linux-x86_64-fedora-gcc, r-devel-windows-x86_64