CRAN Package Check Results for Package BASIX

Last updated on 2019-08-22 01:49:43 CEST.

Flavor Version Tinstall Tcheck Ttotal Status Flags
r-devel-linux-x86_64-debian-clang 1.1 3.02 18.51 21.53 NOTE
r-devel-linux-x86_64-debian-gcc 1.1 2.26 14.97 17.23 NOTE
r-devel-linux-x86_64-fedora-clang 1.1 27.44 NOTE
r-devel-linux-x86_64-fedora-gcc 1.1 26.35 NOTE
r-devel-windows-ix86+x86_64 1.1 33.00 58.00 91.00 NOTE
r-patched-linux-x86_64 1.1 2.30 18.35 20.65 NOTE
r-patched-solaris-x86 1.1 41.70 NOTE
r-release-linux-x86_64 1.1 2.44 18.32 20.76 NOTE
r-release-windows-ix86+x86_64 1.1 12.00 54.00 66.00 NOTE
r-release-osx-x86_64 1.1 NOTE
r-oldrel-windows-ix86+x86_64 1.1 11.00 34.00 45.00 NOTE
r-oldrel-osx-x86_64 1.1 NOTE

Additional issues

clang-UBSAN rchk

Check Details

Version: 1.1
Check: DESCRIPTION meta-information
Result: NOTE
    Malformed Title field: should not end in a period.
Flavors: r-devel-linux-x86_64-debian-clang, r-devel-linux-x86_64-debian-gcc, r-devel-linux-x86_64-fedora-clang, r-devel-linux-x86_64-fedora-gcc, r-devel-windows-ix86+x86_64, r-patched-linux-x86_64, r-patched-solaris-x86, r-release-linux-x86_64, r-release-windows-ix86+x86_64, r-release-osx-x86_64, r-oldrel-windows-ix86+x86_64, r-oldrel-osx-x86_64

Version: 1.1
Check: dependencies in R code
Result: NOTE
    Package in Depends field not imported from: 'methods'
     These packages need to be imported from (in the NAMESPACE file)
     for when this namespace is loaded but not attached.
Flavors: r-devel-linux-x86_64-debian-clang, r-devel-linux-x86_64-debian-gcc, r-devel-linux-x86_64-fedora-clang, r-devel-linux-x86_64-fedora-gcc, r-devel-windows-ix86+x86_64, r-patched-linux-x86_64, r-patched-solaris-x86, r-release-linux-x86_64, r-release-windows-ix86+x86_64, r-release-osx-x86_64, r-oldrel-windows-ix86+x86_64, r-oldrel-osx-x86_64

Version: 1.1
Check: compiled code
Result: NOTE
    File ‘BASIX/libs/BASIX.so’:
     Found no calls to: ‘R_registerRoutines’, ‘R_useDynamicSymbols’
    
    It is good practice to register native routines and to disable symbol
    search.
    
    See ‘Writing portable packages’ in the ‘Writing R Extensions’ manual.
Flavors: r-devel-linux-x86_64-fedora-clang, r-devel-linux-x86_64-fedora-gcc