CRAN Package Check Results for Package BAYSTAR

Last updated on 2014-04-24 15:50:34.

Flavor Version Tinstall Tcheck Ttotal Status Flags
r-devel-linux-x86_64-debian-clang 0.2-9 0.78 15.88 16.66 OK
r-devel-linux-x86_64-debian-gcc 0.2-9 0.83 15.56 16.39 OK
r-devel-linux-x86_64-fedora-clang 0.2-9 30.71 OK
r-devel-linux-x86_64-fedora-gcc 0.2-9 29.55 OK
r-devel-osx-x86_64-clang 0.2-9 33.16 OK
r-devel-osx-x86_64-gcc 0.2-9 OK
r-devel-windows-ix86+x86_64 0.2-9 3.00 26.00 29.00 OK
r-patched-linux-x86_64 0.2-9 0.78 15.46 16.24 OK
r-patched-solaris-sparc 0.2-9 175.20 OK
r-patched-solaris-x86 0.2-9 43.50 OK
r-release-linux-ix86 0.2-9 2.00 30.00 32.00 OK
r-release-linux-x86_64 0.2-9 0.77 15.53 16.30 OK
r-release-osx-x86_64-mavericks 0.2-9 WARN
r-release-windows-ix86+x86_64 0.2-9 4.00 28.00 32.00 OK
r-oldrel-windows-ix86+x86_64 0.2-9 4.00 28.00 32.00 OK

Check Details

Version: 0.2-9
Check: PDF version of manual
Result: WARNING
    LaTeX errors when creating PDF version.
    This typically indicates Rd problems.
    LaTeX errors found:
    ! LaTeX Error: File `upquote.sty' not found.
    
    Type X to quit or <RETURN> to proceed,
    or enter new name. (Default extension: sty)
    
    289f4a/Rd2.tex:8: ==> Fatal error occurred, no output PDF file produced!
Flavor: r-release-osx-x86_64-mavericks