CRAN Package Check Results for Package BAYSTAR

Last updated on 2016-12-04 23:47:43.

Flavor Version Tinstall Tcheck Ttotal Status Flags
r-devel-linux-x86_64-debian-clang 0.2-9 0.83 17.98 18.81 NOTE
r-devel-linux-x86_64-debian-gcc 0.2-9 1.18 17.53 18.72 NOTE
r-devel-linux-x86_64-fedora-clang 0.2-9 31.48 NOTE --no-stop-on-test-error
r-devel-linux-x86_64-fedora-gcc 0.2-9 32.63 NOTE --no-stop-on-test-error
r-devel-macos-x86_64-clang 0.2-9 27.21 NOTE
r-devel-windows-ix86+x86_64 0.2-9 4.00 58.00 62.00 WARN
r-patched-linux-x86_64 0.2-9 0.68 14.35 15.03 NOTE
r-patched-solaris-sparc 0.2-9 176.50 NOTE
r-patched-solaris-x86 0.2-9 40.60 NOTE
r-release-linux-x86_64 0.2-9 0.69 14.62 15.31 NOTE
r-release-osx-x86_64-mavericks 0.2-9 NOTE
r-release-windows-ix86+x86_64 0.2-9 5.00 32.00 37.00 NOTE
r-oldrel-windows-ix86+x86_64 0.2-9 3.00 34.00 37.00 OK

Check Details

Version: 0.2-9
Check: R code for possible problems
Result: NOTE
    BAYSTAR: no visible global function definition for ‘median’
    BAYSTAR: no visible global function definition for ‘ar’
    BAYSTAR: no visible global function definition for ‘quantile’
    BAYSTAR: no visible global function definition for ‘dev.new’
    BAYSTAR: no visible global function definition for ‘ts.plot’
    BAYSTAR: no visible global function definition for ‘title’
    BAYSTAR: no visible global function definition for ‘par’
    BAYSTAR: no visible global function definition for ‘plot.ts’
    BAYSTAR: no visible global function definition for ‘lines’
    BAYSTAR: no visible global function definition for ‘acf’
    TAR.lagd: no visible global function definition for ‘runif’
    TAR.sigma: no visible global function definition for ‘rgamma’
    TAR.simu: no visible global function definition for ‘rnorm’
    TAR.summary: no visible global function definition for ‘quantile’
    TAR.summary: no visible global function definition for ‘sd’
    TAR.thres: no visible global function definition for ‘rnorm’
    TAR.thres: no visible global function definition for ‘runif’
    Undefined global functions or variables:
     acf ar dev.new lines median par plot.ts quantile rgamma rnorm runif
     sd title ts.plot
    Consider adding
     importFrom("grDevices", "dev.new")
     importFrom("graphics", "lines", "par", "title")
     importFrom("stats", "acf", "ar", "median", "plot.ts", "quantile",
     "rgamma", "rnorm", "runif", "sd", "ts.plot")
    to your NAMESPACE file.
Flavors: r-devel-linux-x86_64-debian-clang, r-devel-linux-x86_64-debian-gcc, r-devel-macos-x86_64-clang, r-devel-windows-ix86+x86_64, r-patched-linux-x86_64, r-patched-solaris-sparc, r-patched-solaris-x86, r-release-linux-x86_64, r-release-osx-x86_64-mavericks, r-release-windows-ix86+x86_64

Version: 0.2-9
Flags: --no-stop-on-test-error
Check: R code for possible problems
Result: NOTE
    BAYSTAR: no visible global function definition for ‘median’
    BAYSTAR: no visible global function definition for ‘ar’
    BAYSTAR: no visible global function definition for ‘quantile’
    BAYSTAR: no visible global function definition for ‘dev.new’
    BAYSTAR: no visible global function definition for ‘ts.plot’
    BAYSTAR: no visible global function definition for ‘title’
    BAYSTAR: no visible global function definition for ‘par’
    BAYSTAR: no visible global function definition for ‘plot.ts’
    BAYSTAR: no visible global function definition for ‘lines’
    BAYSTAR: no visible global function definition for ‘acf’
    TAR.lagd: no visible global function definition for ‘runif’
    TAR.sigma: no visible global function definition for ‘rgamma’
    TAR.simu: no visible global function definition for ‘rnorm’
    TAR.summary: no visible global function definition for ‘quantile’
    TAR.summary: no visible global function definition for ‘sd’
    TAR.thres: no visible global function definition for ‘rnorm’
    TAR.thres: no visible global function definition for ‘runif’
    Undefined global functions or variables:
     acf ar dev.new lines median par plot.ts quantile rgamma rnorm runif
     sd title ts.plot
    Consider adding
     importFrom("grDevices", "dev.new")
     importFrom("graphics", "lines", "par", "title")
     importFrom("stats", "acf", "ar", "median", "plot.ts", "quantile",
     "rgamma", "rnorm", "runif", "sd", "ts.plot")
    to your NAMESPACE file.
Flavors: r-devel-linux-x86_64-fedora-clang, r-devel-linux-x86_64-fedora-gcc

Version: 0.2-9
Check: Rd cross-references
Result: WARN
    Warning in gzfile(file, "rb") :
     cannot open compressed file 'd:/RCompile/CRANpkg/lib/3.4/lattice/Meta/Rd.rds', probable reason 'Permission denied'
    Error in gzfile(file, "rb") : cannot open the connection
    Calls: <Anonymous> -> lapply -> FUN -> readRDS -> gzfile
    Execution halted
Flavor: r-devel-windows-ix86+x86_64