CRAN Package Check Results for Package BAYSTAR

Last updated on 2015-07-31 10:47:17.

Flavor Version Tinstall Tcheck Ttotal Status Flags
r-devel-linux-x86_64-debian-clang 0.2-9 0.66 14.48 15.14 NOTE
r-devel-linux-x86_64-debian-gcc 0.2-9 0.92 14.41 15.33 NOTE
r-devel-linux-x86_64-fedora-clang 0.2-9 28.58 NOTE
r-devel-linux-x86_64-fedora-gcc 0.2-9 26.65 NOTE
r-devel-osx-x86_64-clang 0.2-9 28.48 OK
r-devel-windows-ix86+x86_64 0.2-9 6.00 37.00 43.00 NOTE
r-patched-linux-x86_64 0.2-9 0.68 14.14 14.82 OK
r-patched-solaris-sparc 0.2-9 178.70 OK
r-patched-solaris-x86 0.2-9 42.20 OK
r-release-linux-x86_64 0.2-9 0.73 14.56 15.29 OK
r-release-osx-x86_64-mavericks 0.2-9 OK
r-release-windows-ix86+x86_64 0.2-9 4.00 35.00 39.00 OK
r-oldrel-windows-ix86+x86_64 0.2-9 3.00 31.00 34.00 OK

Check Details

Version: 0.2-9
Check: R code for possible problems
Result: NOTE
    BAYSTAR: no visible global function definition for ‘median’
    BAYSTAR: no visible global function definition for ‘ar’
    BAYSTAR: no visible global function definition for ‘quantile’
    BAYSTAR: no visible global function definition for ‘dev.new’
    BAYSTAR: no visible global function definition for ‘ts.plot’
    BAYSTAR: no visible global function definition for ‘title’
    BAYSTAR: no visible global function definition for ‘par’
    BAYSTAR: no visible global function definition for ‘plot.ts’
    BAYSTAR: no visible global function definition for ‘lines’
    BAYSTAR: no visible global function definition for ‘acf’
    TAR.lagd: no visible global function definition for ‘runif’
    TAR.sigma: no visible global function definition for ‘rgamma’
    TAR.simu: no visible global function definition for ‘rnorm’
    TAR.summary: no visible global function definition for ‘quantile’
    TAR.summary: no visible global function definition for ‘sd’
    TAR.thres: no visible global function definition for ‘rnorm’
    TAR.thres: no visible global function definition for ‘runif’
    Undefined global functions or variables:
     acf ar dev.new lines median par plot.ts quantile rgamma rnorm runif
     sd title ts.plot
    Consider adding
     importFrom("grDevices", "dev.new")
     importFrom("graphics", "lines", "par", "title")
     importFrom("stats", "acf", "ar", "median", "plot.ts", "quantile",
     "rgamma", "rnorm", "runif", "sd", "ts.plot")
    to your NAMESPACE.
Flavors: r-devel-linux-x86_64-debian-clang, r-devel-linux-x86_64-debian-gcc, r-devel-linux-x86_64-fedora-clang, r-devel-linux-x86_64-fedora-gcc, r-devel-windows-ix86+x86_64