CRAN Package Check Results for Package BB

Last updated on 2015-04-19 08:55:53.

Flavor Version Tinstall Tcheck Ttotal Status Flags
r-devel-linux-x86_64-debian-clang 2014.10-1 1.64 51.16 52.80 OK --no-vignettes
r-devel-linux-x86_64-debian-gcc 2014.10-1 1.56 50.64 52.20 OK --no-vignettes
r-devel-linux-x86_64-fedora-clang 2014.10-1 417.39 OK --no-build-vignettes
r-devel-linux-x86_64-fedora-gcc 2014.10-1 399.19 OK --no-build-vignettes
r-devel-osx-x86_64-clang 2014.10-1 304.10 OK --no-build-vignettes
r-devel-windows-ix86+x86_64 2014.10-1 7.00 399.00 406.00 OK
r-patched-linux-x86_64 2014.10-1 1.53 50.49 52.02 OK --no-vignettes
r-patched-solaris-sparc 2014.10-1 258.50 OK --no-tests --no-vignettes
r-patched-solaris-x86 2014.10-1 504.30 OK
r-release-linux-x86_64 2014.10-1 1.78 49.54 51.32 OK --no-vignettes
r-release-osx-x86_64-mavericks 2014.10-1 WARN
r-release-osx-x86_64-snowleopard 2014.10-1 WARN
r-release-windows-ix86+x86_64 2014.10-1 4.00 305.00 309.00 OK
r-oldrel-windows-ix86+x86_64 2014.10-1 5.00 400.00 405.00 OK

Check Details

Version: 2014.10-1
Check: package dependencies
Result: NOTE
    Package suggested but not available for checking: ‘Hmisc’
Flavors: r-release-osx-x86_64-mavericks, r-release-osx-x86_64-snowleopard

Version: 2014.10-1
Check: running R code from vignettes
Result: WARN
    Errors in running code in vignettes:
    when running code in ‘BBvignetteJSS.Stex’
     ...
    Warning in library(package, lib.loc = lib.loc, character.only = TRUE, logical.return = TRUE, :
     there is no package called ‘Hmisc’
    
    > latex(table1, file = "", caption = table1.caption,
    + caption.loc = "bottom", cgroups = cgroups, n.cgroups = c(3,
    + 3, 3, 1), rgroups = .... [TRUNCATED]
    
     When sourcing ‘BBvignetteJSS.R’:
    Error: could not find function "latex"
    Execution halted
Flavors: r-release-osx-x86_64-mavericks, r-release-osx-x86_64-snowleopard