CRAN Package Check Results for Package BB

Last updated on 2015-05-22 12:46:20.

Flavor Version Tinstall Tcheck Ttotal Status Flags
r-devel-linux-x86_64-debian-clang 2014.10-1 1.66 51.59 53.25 OK --no-vignettes
r-devel-linux-x86_64-debian-gcc 2014.10-1 1.70 50.98 52.68 OK --no-vignettes
r-devel-linux-x86_64-fedora-clang 2014.10-1 417.98 OK --no-build-vignettes
r-devel-linux-x86_64-fedora-gcc 2014.10-1 416.78 OK --no-build-vignettes
r-devel-osx-x86_64-clang 2014.10-1 301.72 OK --no-build-vignettes
r-devel-windows-ix86+x86_64 2014.10-1 7.00 316.00 323.00 OK
r-patched-linux-x86_64 2014.10-1 1.72 49.62 51.34 OK --no-vignettes
r-patched-solaris-sparc 2014.10-1 258.50 OK --no-tests --no-vignettes
r-patched-solaris-x86 2014.10-1 502.20 OK
r-release-linux-x86_64 2014.10-1 1.54 49.96 51.50 OK --no-vignettes
r-release-osx-x86_64-mavericks 2014.10-1 OK
r-release-osx-x86_64-snowleopard 2014.10-1 WARN
r-release-windows-ix86+x86_64 2014.10-1 5.00 320.00 325.00 OK
r-oldrel-windows-ix86+x86_64 2014.10-1 6.00 276.00 282.00 OK

Check Details

Version: 2014.10-1
Check: package dependencies
Result: NOTE
    Package suggested but not available for checking: ‘Hmisc’
Flavor: r-release-osx-x86_64-snowleopard

Version: 2014.10-1
Check: running R code from vignettes
Result: WARN
    Errors in running code in vignettes:
    when running code in ‘BBvignetteJSS.Stex’
     ...
    Warning in library(package, lib.loc = lib.loc, character.only = TRUE, logical.return = TRUE, :
     there is no package called ‘Hmisc’
    
    > latex(table1, file = "", caption = table1.caption,
    + caption.loc = "bottom", cgroups = cgroups, n.cgroups = c(3,
    + 3, 3, 1), rgroups = .... [TRUNCATED]
    
     When sourcing ‘BBvignetteJSS.R’:
    Error: could not find function "latex"
    Execution halted
Flavor: r-release-osx-x86_64-snowleopard