CRAN Package Check Results for Package BB

Last updated on 2014-04-24 09:48:57.

Flavor Version Tinstall Tcheck Ttotal Status Flags
r-devel-linux-x86_64-debian-clang 2014.1-1 1.79 50.67 52.46 OK --no-vignettes
r-devel-linux-x86_64-debian-gcc 2014.1-1 1.73 50.62 52.36 OK --no-vignettes
r-devel-linux-x86_64-fedora-clang 2014.1-1 448.48 OK --no-build-vignettes
r-devel-linux-x86_64-fedora-gcc 2014.1-1 446.27 OK --no-build-vignettes
r-devel-osx-x86_64-clang 2014.1-1 312.94 OK --no-build-vignettes
r-devel-osx-x86_64-gcc 2014.1-1 WARN
r-devel-windows-ix86+x86_64 2014.1-1 3.00 73.00 76.00 OK --no-vignettes
r-patched-linux-x86_64 2014.1-1 1.78 50.59 52.37 OK --no-vignettes
r-patched-solaris-sparc 2014.1-1 228.70 OK --no-tests --no-vignettes
r-patched-solaris-x86 2014.1-1 560.40 OK
r-release-linux-ix86 2014.1-1 3.00 76.00 79.00 OK --no-vignettes
r-release-linux-x86_64 2014.1-1 1.73 51.39 53.12 OK --no-vignettes
r-release-osx-x86_64-mavericks 2014.1-1 WARN
r-release-osx-x86_64-snowleopard 2014.1-1 OK
r-release-windows-ix86+x86_64 2014.1-1 4.00 75.00 79.00 OK --no-vignettes
r-oldrel-windows-ix86+x86_64 2014.1-1 4.00 73.00 77.00 OK --no-vignettes

Check Details

Version: 2014.1-1
Check: package dependencies
Result: NOTE
    Package suggested but not available for checking: ‘Hmisc’
Flavor: r-devel-osx-x86_64-gcc

Version: 2014.1-1
Check: running R code from vignettes
Result: WARNING
    Errors in running code in vignettes:
    when running code in ‘BBvignetteJSS.Stex’
     ...
    Warning in library(package, lib.loc = lib.loc, character.only = TRUE, logical.return = TRUE, :
     there is no package called ‘Hmisc’
    
    > latex(table1, file = "", caption = table1.caption,
    + caption.loc = "bottom", cgroups = cgroups, n.cgroups = c(3,
    + 3, 3, 1), rgroups = .... [TRUNCATED]
    
     When sourcing ‘BBvignetteJSS.R’:
    Error: could not find function "latex"
    Execution halted
Flavor: r-devel-osx-x86_64-gcc

Version: 2014.1-1
Check: PDF version of manual
Result: WARNING
    LaTeX errors when creating PDF version.
    This typically indicates Rd problems.
    LaTeX errors found:
    ! LaTeX Error: File `upquote.sty' not found.
    
    Type X to quit or <RETURN> to proceed,
    or enter new name. (Default extension: sty)
    
    3285250f/Rd2.tex:8: ==> Fatal error occurred, no output PDF file produced!
Flavor: r-release-osx-x86_64-mavericks