CRAN Package Check Results for Package BB

Last updated on 2018-10-22 03:50:19 CEST.

Flavor Version Tinstall Tcheck Ttotal Status Flags
r-devel-linux-x86_64-debian-clang 2014.10-1 2.28 85.44 87.72 OK --no-vignettes
r-devel-linux-x86_64-debian-gcc 2014.10-1 2.02 68.58 70.60 OK --no-vignettes
r-devel-linux-x86_64-fedora-clang 2014.10-1 364.37 OK
r-devel-linux-x86_64-fedora-gcc 2014.10-1 355.93 OK
r-devel-windows-ix86+x86_64 2014.10-1 6.00 376.00 382.00 OK
r-patched-linux-x86_64 2014.10-1 2.22 82.20 84.42 OK --no-vignettes
r-patched-solaris-x86 2014.10-1 628.20 OK
r-release-linux-x86_64 2014.10-1 2.50 82.79 85.29 NOTE --no-vignettes
r-release-windows-ix86+x86_64 2014.10-1 5.00 379.00 384.00 OK
r-release-osx-x86_64 2014.10-1 OK
r-oldrel-windows-ix86+x86_64 2014.10-1 5.00 442.00 447.00 OK
r-oldrel-osx-x86_64 2014.10-1 OK

Check Details

Version: 2014.10-1
Flags: --no-vignettes
Check: package dependencies
Result: NOTE
    Package suggested but not available for checking: ‘Hmisc’
Flavor: r-release-linux-x86_64