CRAN Package Check Results for Package BBMM

Last updated on 2016-02-13 23:46:56.

Flavor Version Tinstall Tcheck Ttotal Status Flags
r-devel-linux-x86_64-debian-gcc 3.0 0.54 14.12 14.65 NOTE
r-devel-linux-x86_64-fedora-clang 3.0 24.79 NOTE
r-devel-linux-x86_64-fedora-gcc 3.0 23.80 NOTE
r-devel-osx-x86_64-clang 3.0 26.53 NOTE
r-devel-windows-ix86+x86_64 3.0 3.00 29.00 32.00 NOTE
r-patched-linux-x86_64 3.0 0.59 14.79 15.38 OK
r-patched-solaris-sparc 3.0 218.00 OK
r-patched-solaris-x86 3.0 47.40 OK
r-release-linux-x86_64 3.0 0.56 14.86 15.41 OK
r-release-osx-x86_64-mavericks 3.0 OK
r-release-windows-ix86+x86_64 3.0 3.00 28.00 31.00 OK
r-oldrel-windows-ix86+x86_64 3.0 4.00 31.00 35.00 OK

Check Details

Version: 3.0
Check: R code for possible problems
Result: NOTE
    bbmm.contour: no visible global function definition for ‘na.omit’
    bbmm.contour: no visible global function definition for ‘optimize’
    bbmm.contour: no visible global function definition for ‘contour’
    bbmm.contour: no visible global function definition for ‘points’
    bbmm.contour: no visible global function definition for ‘lines’
    brownian.bridge: no visible global function definition for ‘sd’
    brownian.motion.variance: no visible global function definition for
     ‘optimize’
    Undefined global functions or variables:
     contour lines na.omit optimize points sd
    Consider adding
     importFrom("graphics", "contour", "lines", "points")
     importFrom("stats", "na.omit", "optimize", "sd")
    to your NAMESPACE file.
Flavors: r-devel-linux-x86_64-debian-gcc, r-devel-linux-x86_64-fedora-clang, r-devel-linux-x86_64-fedora-gcc, r-devel-osx-x86_64-clang, r-devel-windows-ix86+x86_64