CRAN Package Check Results for Package BBMM

Last updated on 2015-07-04 11:49:35.

Flavor Version Tinstall Tcheck Ttotal Status Flags
r-devel-linux-x86_64-debian-clang 3.0 0.50 15.13 15.63 NOTE
r-devel-linux-x86_64-debian-gcc 3.0 0.52 14.59 15.10 NOTE
r-devel-linux-x86_64-fedora-clang 3.0 27.28 NOTE
r-devel-linux-x86_64-fedora-gcc 3.0 26.18 NOTE
r-devel-osx-x86_64-clang 3.0 24.76 OK
r-devel-windows-ix86+x86_64 3.0 4.00 27.00 31.00 OK
r-patched-linux-x86_64 3.0 0.52 15.16 15.67 OK
r-patched-solaris-sparc 3.0 241.70 OK
r-patched-solaris-x86 3.0 52.80 OK
r-release-linux-x86_64 3.0 0.53 14.95 15.48 OK
r-release-osx-x86_64-mavericks 3.0 OK
r-release-windows-ix86+x86_64 3.0 2.00 27.00 29.00 OK
r-oldrel-windows-ix86+x86_64 3.0 4.00 31.00 35.00 OK

Check Details

Version: 3.0
Check: R code for possible problems
Result: NOTE
    bbmm.contour: no visible global function definition for ‘na.omit’
    bbmm.contour: no visible global function definition for ‘optimize’
    bbmm.contour: no visible global function definition for ‘contour’
    bbmm.contour: no visible global function definition for ‘points’
    bbmm.contour: no visible global function definition for ‘lines’
    brownian.bridge: no visible global function definition for ‘sd’
    brownian.motion.variance: no visible global function definition for
     ‘optimize’
    Undefined global functions or variables:
     contour lines na.omit optimize points sd
Flavors: r-devel-linux-x86_64-debian-clang, r-devel-linux-x86_64-debian-gcc, r-devel-linux-x86_64-fedora-clang, r-devel-linux-x86_64-fedora-gcc