CRAN Package Check Results for Package BBMM

Last updated on 2017-11-23 00:46:57 CET.

Flavor Version Tinstall Tcheck Ttotal Status Flags
r-devel-linux-x86_64-debian-clang 3.0 0.60 24.24 24.84 NOTE
r-devel-linux-x86_64-debian-gcc 3.0 0.65 36.10 36.75 NOTE
r-devel-linux-x86_64-fedora-clang 3.0 26.27 NOTE
r-devel-linux-x86_64-fedora-gcc 3.0 26.96 NOTE
r-devel-windows-ix86+x86_64 3.0 4.00 37.00 41.00 NOTE
r-patched-linux-x86_64 3.0 0.58 16.26 16.85 NOTE
r-patched-solaris-x86 3.0 51.90 NOTE
r-release-linux-x86_64 3.0 0.57 16.43 17.00 NOTE
r-release-windows-ix86+x86_64 3.0 2.00 35.00 37.00 NOTE
r-release-osx-x86_64 3.0 NOTE
r-oldrel-windows-ix86+x86_64 3.0 2.00 34.00 36.00 NOTE
r-oldrel-osx-x86_64 3.0 NOTE

Check Details

Version: 3.0
Check: R code for possible problems
Result: NOTE
    bbmm.contour: no visible global function definition for ‘na.omit’
    bbmm.contour: no visible global function definition for ‘optimize’
    bbmm.contour: no visible global function definition for ‘contour’
    bbmm.contour: no visible global function definition for ‘points’
    bbmm.contour: no visible global function definition for ‘lines’
    brownian.bridge: no visible global function definition for ‘sd’
    brownian.motion.variance: no visible global function definition for
     ‘optimize’
    Undefined global functions or variables:
     contour lines na.omit optimize points sd
    Consider adding
     importFrom("graphics", "contour", "lines", "points")
     importFrom("stats", "na.omit", "optimize", "sd")
    to your NAMESPACE file.
Flavors: r-devel-linux-x86_64-debian-clang, r-devel-linux-x86_64-debian-gcc, r-devel-linux-x86_64-fedora-clang, r-devel-linux-x86_64-fedora-gcc, r-devel-windows-ix86+x86_64, r-patched-linux-x86_64, r-patched-solaris-x86, r-release-linux-x86_64, r-release-windows-ix86+x86_64, r-release-osx-x86_64, r-oldrel-windows-ix86+x86_64, r-oldrel-osx-x86_64