CRAN Package Check Results for Package BBMM

Last updated on 2016-06-27 23:46:54.

Flavor Version Tinstall Tcheck Ttotal Status Flags
r-devel-linux-x86_64-debian-gcc 3.0 0.53 14.44 14.97 NOTE
r-devel-linux-x86_64-fedora-clang 3.0 25.59 NOTE
r-devel-linux-x86_64-fedora-gcc 3.0 24.59 NOTE
r-devel-osx-x86_64-clang 3.0 20.18 NOTE
r-devel-windows-ix86+x86_64 3.0 4.00 31.00 35.00 NOTE
r-patched-linux-x86_64 3.0 0.65 15.51 16.16 NOTE
r-patched-solaris-sparc 3.0 215.50 NOTE
r-patched-solaris-x86 3.0 51.70 NOTE
r-release-linux-x86_64 3.0 0.65 14.68 15.33 NOTE
r-release-osx-x86_64-mavericks 3.0 NOTE
r-release-windows-ix86+x86_64 3.0 5.00 33.00 38.00 NOTE
r-oldrel-windows-ix86+x86_64 3.0 3.00 28.00 31.00 OK

Check Details

Version: 3.0
Check: R code for possible problems
Result: NOTE
    bbmm.contour: no visible global function definition for ‘na.omit’
    bbmm.contour: no visible global function definition for ‘optimize’
    bbmm.contour: no visible global function definition for ‘contour’
    bbmm.contour: no visible global function definition for ‘points’
    bbmm.contour: no visible global function definition for ‘lines’
    brownian.bridge: no visible global function definition for ‘sd’
    brownian.motion.variance: no visible global function definition for
     ‘optimize’
    Undefined global functions or variables:
     contour lines na.omit optimize points sd
    Consider adding
     importFrom("graphics", "contour", "lines", "points")
     importFrom("stats", "na.omit", "optimize", "sd")
    to your NAMESPACE file.
Flavors: r-devel-linux-x86_64-debian-gcc, r-devel-linux-x86_64-fedora-clang, r-devel-linux-x86_64-fedora-gcc, r-devel-osx-x86_64-clang, r-devel-windows-ix86+x86_64, r-patched-linux-x86_64, r-patched-solaris-sparc, r-patched-solaris-x86, r-release-linux-x86_64, r-release-osx-x86_64-mavericks, r-release-windows-ix86+x86_64