CRAN Package Check Results for Package BBMM

Last updated on 2017-02-23 05:48:48.

Flavor Version Tinstall Tcheck Ttotal Status Flags
r-devel-linux-x86_64-debian-clang 3.0 0.65 16.60 17.25 NOTE
r-devel-linux-x86_64-debian-gcc 3.0 0.58 15.82 16.40 NOTE
r-devel-linux-x86_64-fedora-clang 3.0 34.83 NOTE --no-stop-on-test-error
r-devel-linux-x86_64-fedora-gcc 3.0 39.96 NOTE --no-stop-on-test-error
r-devel-macos-x86_64-clang 3.0 23.09 NOTE --no-stop-on-test-error
r-devel-windows-ix86+x86_64 3.0 2.00 48.00 50.00 NOTE
r-patched-linux-x86_64 3.0 0.58 14.24 14.82 NOTE
r-patched-solaris-sparc 3.0 215.80 NOTE
r-patched-solaris-x86 3.0 52.20 NOTE
r-release-linux-x86_64 3.0 0.54 14.45 14.99 NOTE
r-release-osx-x86_64-mavericks 3.0 NOTE
r-release-windows-ix86+x86_64 3.0 2.00 34.00 36.00 NOTE
r-oldrel-windows-ix86+x86_64 3.0 2.00 32.00 34.00 OK

Check Details

Version: 3.0
Check: R code for possible problems
Result: NOTE
    bbmm.contour: no visible global function definition for ‘na.omit’
    bbmm.contour: no visible global function definition for ‘optimize’
    bbmm.contour: no visible global function definition for ‘contour’
    bbmm.contour: no visible global function definition for ‘points’
    bbmm.contour: no visible global function definition for ‘lines’
    brownian.bridge: no visible global function definition for ‘sd’
    brownian.motion.variance: no visible global function definition for
     ‘optimize’
    Undefined global functions or variables:
     contour lines na.omit optimize points sd
    Consider adding
     importFrom("graphics", "contour", "lines", "points")
     importFrom("stats", "na.omit", "optimize", "sd")
    to your NAMESPACE file.
Flavors: r-devel-linux-x86_64-debian-clang, r-devel-linux-x86_64-debian-gcc, r-devel-windows-ix86+x86_64, r-patched-linux-x86_64, r-patched-solaris-sparc, r-patched-solaris-x86, r-release-linux-x86_64, r-release-osx-x86_64-mavericks, r-release-windows-ix86+x86_64

Version: 3.0
Flags: --no-stop-on-test-error
Check: R code for possible problems
Result: NOTE
    bbmm.contour: no visible global function definition for ‘na.omit’
    bbmm.contour: no visible global function definition for ‘optimize’
    bbmm.contour: no visible global function definition for ‘contour’
    bbmm.contour: no visible global function definition for ‘points’
    bbmm.contour: no visible global function definition for ‘lines’
    brownian.bridge: no visible global function definition for ‘sd’
    brownian.motion.variance: no visible global function definition for
     ‘optimize’
    Undefined global functions or variables:
     contour lines na.omit optimize points sd
    Consider adding
     importFrom("graphics", "contour", "lines", "points")
     importFrom("stats", "na.omit", "optimize", "sd")
    to your NAMESPACE file.
Flavors: r-devel-linux-x86_64-fedora-clang, r-devel-linux-x86_64-fedora-gcc, r-devel-macos-x86_64-clang