CRAN Package Check Results for Package BBMM

Last updated on 2016-08-26 11:47:12.

Flavor Version Tinstall Tcheck Ttotal Status Flags
r-devel-linux-x86_64-debian-clang 3.0 0.55 19.07 19.61 NOTE
r-devel-linux-x86_64-debian-gcc 3.0 0.78 23.24 24.01 NOTE
r-devel-linux-x86_64-fedora-clang 3.0 33.23 NOTE
r-devel-linux-x86_64-fedora-gcc 3.0 35.13 NOTE
r-devel-osx-x86_64-clang 3.0 19.90 NOTE
r-devel-windows-ix86+x86_64 3.0 4.00 40.00 44.00 NOTE
r-patched-linux-x86_64 3.0 0.58 19.63 20.21 NOTE
r-patched-solaris-sparc 3.0 215.50 NOTE
r-patched-solaris-x86 3.0 52.30 NOTE
r-release-linux-x86_64 3.0 0.64 19.93 20.57 NOTE
r-release-osx-x86_64-mavericks 3.0 NOTE
r-release-windows-ix86+x86_64 3.0 5.00 33.00 38.00 NOTE
r-oldrel-windows-ix86+x86_64 3.0 3.00 28.00 31.00 OK

Check Details

Version: 3.0
Check: R code for possible problems
Result: NOTE
    bbmm.contour: no visible global function definition for ‘na.omit’
    bbmm.contour: no visible global function definition for ‘optimize’
    bbmm.contour: no visible global function definition for ‘contour’
    bbmm.contour: no visible global function definition for ‘points’
    bbmm.contour: no visible global function definition for ‘lines’
    brownian.bridge: no visible global function definition for ‘sd’
    brownian.motion.variance: no visible global function definition for
     ‘optimize’
    Undefined global functions or variables:
     contour lines na.omit optimize points sd
    Consider adding
     importFrom("graphics", "contour", "lines", "points")
     importFrom("stats", "na.omit", "optimize", "sd")
    to your NAMESPACE file.
Flavors: r-devel-linux-x86_64-debian-clang, r-devel-linux-x86_64-debian-gcc, r-devel-linux-x86_64-fedora-clang, r-devel-linux-x86_64-fedora-gcc, r-devel-osx-x86_64-clang, r-devel-windows-ix86+x86_64, r-patched-linux-x86_64, r-patched-solaris-sparc, r-patched-solaris-x86, r-release-linux-x86_64, r-release-osx-x86_64-mavericks, r-release-windows-ix86+x86_64