CRAN Package Check Results for Package BBMM

Last updated on 2018-04-27 04:50:12 CEST.

Flavor Version Tinstall Tcheck Ttotal Status Flags
r-devel-linux-x86_64-debian-clang 3.0 1.03 21.87 22.90 NOTE
r-devel-linux-x86_64-debian-gcc 3.0 0.76 18.35 19.11 NOTE
r-devel-linux-x86_64-fedora-clang 3.0 31.02 NOTE
r-devel-linux-x86_64-fedora-gcc 3.0 28.73 NOTE
r-devel-windows-ix86+x86_64 3.0 4.00 43.00 47.00 NOTE
r-patched-linux-x86_64 3.0 1.00 23.55 24.55 NOTE
r-patched-solaris-x86 3.0 58.80 NOTE
r-release-linux-x86_64 3.0 1.07 23.57 24.64 NOTE
r-release-windows-ix86+x86_64 3.0 4.00 43.00 47.00 NOTE
r-release-osx-x86_64 3.0 NOTE
r-oldrel-windows-ix86+x86_64 3.0 2.00 35.00 37.00 NOTE
r-oldrel-osx-x86_64 3.0 NOTE

Check Details

Version: 3.0
Check: R code for possible problems
Result: NOTE
    bbmm.contour: no visible global function definition for ‘na.omit’
    bbmm.contour: no visible global function definition for ‘optimize’
    bbmm.contour: no visible global function definition for ‘contour’
    bbmm.contour: no visible global function definition for ‘points’
    bbmm.contour: no visible global function definition for ‘lines’
    brownian.bridge: no visible global function definition for ‘sd’
    brownian.motion.variance: no visible global function definition for
     ‘optimize’
    Undefined global functions or variables:
     contour lines na.omit optimize points sd
    Consider adding
     importFrom("graphics", "contour", "lines", "points")
     importFrom("stats", "na.omit", "optimize", "sd")
    to your NAMESPACE file.
Flavors: r-devel-linux-x86_64-debian-clang, r-devel-linux-x86_64-debian-gcc, r-devel-linux-x86_64-fedora-clang, r-devel-linux-x86_64-fedora-gcc, r-devel-windows-ix86+x86_64, r-patched-linux-x86_64, r-patched-solaris-x86, r-release-linux-x86_64, r-release-windows-ix86+x86_64, r-release-osx-x86_64, r-oldrel-windows-ix86+x86_64, r-oldrel-osx-x86_64