CRAN Package Check Results for Package BBMM

Last updated on 2015-08-05 08:48:21.

Flavor Version Tinstall Tcheck Ttotal Status Flags
r-devel-linux-x86_64-debian-clang 3.0 0.49 14.37 14.86 NOTE
r-devel-linux-x86_64-debian-gcc 3.0 0.49 14.26 14.75 NOTE
r-devel-linux-x86_64-fedora-clang 3.0 27.95 NOTE
r-devel-linux-x86_64-fedora-gcc 3.0 27.99 NOTE
r-devel-osx-x86_64-clang 3.0 24.98 OK
r-devel-windows-ix86+x86_64 3.0 2.00 28.00 30.00 NOTE
r-patched-linux-x86_64 3.0 0.60 14.88 15.48 OK
r-patched-solaris-sparc 3.0 239.90 OK
r-patched-solaris-x86 3.0 56.00 OK
r-release-linux-x86_64 3.0 0.53 14.95 15.48 OK
r-release-osx-x86_64-mavericks 3.0 OK
r-release-windows-ix86+x86_64 3.0 2.00 27.00 29.00 OK
r-oldrel-windows-ix86+x86_64 3.0 4.00 31.00 35.00 OK

Check Details

Version: 3.0
Check: R code for possible problems
Result: NOTE
    bbmm.contour: no visible global function definition for ‘na.omit’
    bbmm.contour: no visible global function definition for ‘optimize’
    bbmm.contour: no visible global function definition for ‘contour’
    bbmm.contour: no visible global function definition for ‘points’
    bbmm.contour: no visible global function definition for ‘lines’
    brownian.bridge: no visible global function definition for ‘sd’
    brownian.motion.variance: no visible global function definition for
     ‘optimize’
    Undefined global functions or variables:
     contour lines na.omit optimize points sd
    Consider adding
     importFrom("graphics", "contour", "lines", "points")
     importFrom("stats", "na.omit", "optimize", "sd")
    to your NAMESPACE.
Flavors: r-devel-linux-x86_64-debian-clang, r-devel-linux-x86_64-debian-gcc, r-devel-linux-x86_64-fedora-clang, r-devel-linux-x86_64-fedora-gcc, r-devel-windows-ix86+x86_64