CRAN Package Check Results for Package BBRecapture

Last updated on 2015-04-27 23:47:18.

Flavor Version Tinstall Tcheck Ttotal Status Flags
r-devel-linux-x86_64-debian-clang 0.1 5.45 59.69 65.14 NOTE
r-devel-linux-x86_64-debian-gcc 0.1 5.10 58.64 63.74 NOTE
r-devel-linux-x86_64-fedora-clang 0.1 136.78 NOTE
r-devel-linux-x86_64-fedora-gcc 0.1 129.95 NOTE
r-devel-osx-x86_64-clang 0.1 109.04 NOTE
r-devel-windows-ix86+x86_64 0.1 14.00 87.00 101.00 NOTE
r-patched-linux-x86_64 0.1 5.11 57.37 62.48 NOTE
r-patched-solaris-sparc 0.1 793.20 NOTE
r-patched-solaris-x86 0.1 170.50 NOTE
r-release-linux-x86_64 0.1 5.18 57.36 62.53 NOTE
r-release-osx-x86_64-mavericks 0.1 NOTE
r-release-osx-x86_64-snowleopard 0.1 ERROR
r-release-windows-ix86+x86_64 0.1 19.00 113.00 132.00 NOTE
r-oldrel-windows-ix86+x86_64 0.1 16.00 101.00 117.00 NOTE

Check Details

Version: 0.1
Check: DESCRIPTION meta-information
Result: NOTE
    Malformed Description field: should contain one or more complete sentences.
Flavors: r-devel-linux-x86_64-debian-clang, r-devel-linux-x86_64-debian-gcc, r-devel-linux-x86_64-fedora-clang, r-devel-linux-x86_64-fedora-gcc, r-devel-osx-x86_64-clang, r-devel-windows-ix86+x86_64, r-patched-solaris-sparc, r-patched-solaris-x86, r-release-linux-x86_64, r-release-osx-x86_64-mavericks, r-release-windows-ix86+x86_64

Version: 0.1
Check: dependencies in R code
Result: NOTE
    Packages in Depends field not imported from:
     ‘HI’ ‘lme4’ ‘locfit’ ‘secr’
     These packages need to be imported from (in the NAMESPACE file)
     for when this namespace is loaded but not attached.
Flavors: r-devel-linux-x86_64-debian-clang, r-devel-linux-x86_64-debian-gcc, r-devel-linux-x86_64-fedora-clang, r-devel-linux-x86_64-fedora-gcc, r-devel-osx-x86_64-clang, r-devel-windows-ix86+x86_64, r-patched-solaris-sparc, r-patched-solaris-x86, r-release-linux-x86_64, r-release-osx-x86_64-mavericks, r-release-windows-ix86+x86_64, r-oldrel-windows-ix86+x86_64

Version: 0.1
Check: R code for possible problems
Result: NOTE
    BBRecap: no visible global function definition for ‘arms’
    LBRecap: no visible global function definition for ‘findbars’
    LBRecap: no visible global function definition for ‘glmer’
    LBRecap: no visible global function definition for ‘fixef’
    LBRecap: no visible global function definition for ‘ranef’
Flavors: r-devel-linux-x86_64-debian-clang, r-devel-linux-x86_64-debian-gcc, r-devel-linux-x86_64-fedora-clang, r-devel-linux-x86_64-fedora-gcc, r-devel-osx-x86_64-clang, r-devel-windows-ix86+x86_64, r-patched-solaris-sparc, r-patched-solaris-x86, r-release-linux-x86_64, r-release-osx-x86_64-mavericks, r-release-windows-ix86+x86_64, r-oldrel-windows-ix86+x86_64

Version: 0.1
Check: package dependencies
Result: ERROR
    Package required but not available: ‘secr’
    
    See section ‘The DESCRIPTION file’ in the ‘Writing R Extensions’
    manual.
Flavor: r-release-osx-x86_64-snowleopard