CRAN Package Check Results for Package BBRecapture

Last updated on 2015-07-04 19:47:29.

Flavor Version Tinstall Tcheck Ttotal Status Flags
r-devel-linux-x86_64-debian-clang 0.1 5.20 58.74 63.94 NOTE
r-devel-linux-x86_64-debian-gcc 0.1 4.99 58.33 63.32 NOTE
r-devel-linux-x86_64-fedora-clang 0.1 126.60 NOTE
r-devel-linux-x86_64-fedora-gcc 0.1 123.50 NOTE
r-devel-osx-x86_64-clang 0.1 105.63 NOTE
r-devel-windows-ix86+x86_64 0.1 13.00 82.00 95.00 NOTE
r-patched-linux-x86_64 0.1 5.34 57.05 62.40 NOTE
r-patched-solaris-sparc 0.1 781.40 NOTE
r-patched-solaris-x86 0.1 168.70 NOTE
r-release-linux-x86_64 0.1 5.81 56.61 62.42 NOTE
r-release-osx-x86_64-mavericks 0.1 NOTE
r-release-windows-ix86+x86_64 0.1 19.00 76.00 95.00 NOTE
r-oldrel-windows-ix86+x86_64 0.1 19.00 114.00 133.00 NOTE

Check Details

Version: 0.1
Check: DESCRIPTION meta-information
Result: NOTE
    Malformed Description field: should contain one or more complete sentences.
Flavors: r-devel-linux-x86_64-debian-clang, r-devel-linux-x86_64-debian-gcc, r-devel-linux-x86_64-fedora-clang, r-devel-linux-x86_64-fedora-gcc, r-devel-osx-x86_64-clang, r-devel-windows-ix86+x86_64, r-patched-linux-x86_64, r-patched-solaris-sparc, r-patched-solaris-x86, r-release-linux-x86_64, r-release-osx-x86_64-mavericks, r-release-windows-ix86+x86_64

Version: 0.1
Check: dependencies in R code
Result: NOTE
    Packages in Depends field not imported from:
     ‘HI’ ‘lme4’ ‘locfit’ ‘secr’
     These packages need to be imported from (in the NAMESPACE file)
     for when this namespace is loaded but not attached.
Flavors: r-devel-linux-x86_64-debian-clang, r-devel-linux-x86_64-debian-gcc, r-devel-linux-x86_64-fedora-clang, r-devel-linux-x86_64-fedora-gcc, r-devel-osx-x86_64-clang, r-devel-windows-ix86+x86_64, r-patched-linux-x86_64, r-patched-solaris-sparc, r-patched-solaris-x86, r-release-linux-x86_64, r-release-osx-x86_64-mavericks, r-release-windows-ix86+x86_64, r-oldrel-windows-ix86+x86_64

Version: 0.1
Check: R code for possible problems
Result: NOTE
    BBRecap: no visible global function definition for ‘optimize’
    BBRecap: no visible global function definition for ‘arms’
    BBRecap: no visible global function definition for ‘median’
    BBRecap : HPD.interval: no visible global function definition for
     ‘density’
    BBRecap : HPD.interval: no visible global function definition for
     ‘quantile’
    BBRecap.custom.part: no visible global function definition for
     ‘optimize’
    LBRecap: no visible global function definition for ‘findbars’
    LBRecap: no visible global function definition for ‘as.formula’
    LBRecap: no visible global function definition for ‘glm’
    LBRecap: Error while checking: invalid ‘envir’ argument
    LBRecap.custom.part: no visible global function definition for ‘qnorm’
    Undefined global functions or variables:
     arms as.formula density findbars glm median optimize qnorm quantile
Flavors: r-devel-linux-x86_64-debian-clang, r-devel-linux-x86_64-debian-gcc, r-devel-linux-x86_64-fedora-clang, r-devel-linux-x86_64-fedora-gcc

Version: 0.1
Check: R code for possible problems
Result: NOTE
    BBRecap: no visible global function definition for ‘arms’
    LBRecap: no visible global function definition for ‘findbars’
    LBRecap: no visible global function definition for ‘glmer’
    LBRecap: no visible global function definition for ‘fixef’
    LBRecap: no visible global function definition for ‘ranef’
    Undefined global functions or variables:
     arms findbars fixef glmer ranef
Flavor: r-devel-osx-x86_64-clang

Version: 0.1
Check: R code for possible problems
Result: NOTE
    BBRecap: no visible global function definition for 'optimize'
    BBRecap: no visible global function definition for 'arms'
    BBRecap: no visible global function definition for 'median'
    BBRecap : HPD.interval: no visible global function definition for
     'density'
    BBRecap : HPD.interval: no visible global function definition for
     'quantile'
    BBRecap.custom.part: no visible global function definition for
     'optimize'
    LBRecap: no visible global function definition for 'findbars'
    LBRecap: no visible global function definition for 'as.formula'
    LBRecap: no visible global function definition for 'glm'
    LBRecap: no visible global function definition for 'binomial'
    LBRecap: no visible global function definition for 'glmer'
    LBRecap: no visible global function definition for 'logLik'
    LBRecap: no visible global function definition for 'coef'
    LBRecap: no visible global function definition for 'na.omit'
    LBRecap: no visible global function definition for 'fixef'
    LBRecap: no visible global function definition for 'ranef'
    LBRecap: no visible global function definition for 'qnorm'
    LBRecap: no visible global function definition for 'plot'
    LBRecap: no visible global function definition for 'points'
    LBRecap: no visible global function definition for 'axis'
    LBRecap: no visible global function definition for 'abline'
    LBRecap.custom.part: no visible global function definition for 'qnorm'
    Undefined global functions or variables:
     abline arms as.formula axis binomial coef density findbars fixef glm
     glmer logLik median na.omit optimize plot points qnorm quantile ranef
Flavor: r-devel-windows-ix86+x86_64

Version: 0.1
Check: R code for possible problems
Result: NOTE
    BBRecap: no visible global function definition for ‘arms’
    LBRecap: no visible global function definition for ‘findbars’
    LBRecap: no visible global function definition for ‘glmer’
    LBRecap: no visible global function definition for ‘fixef’
    LBRecap: no visible global function definition for ‘ranef’
Flavors: r-patched-linux-x86_64, r-patched-solaris-sparc, r-patched-solaris-x86, r-release-linux-x86_64, r-release-osx-x86_64-mavericks, r-release-windows-ix86+x86_64, r-oldrel-windows-ix86+x86_64