CRAN Package Check Results for Package BBRecapture

Last updated on 2014-07-25 19:50:09.

Flavor Version Tinstall Tcheck Ttotal Status Flags
r-devel-linux-x86_64-debian-clang 0.1 5.22 63.55 68.77 NOTE
r-devel-linux-x86_64-debian-gcc 0.1 5.99 60.12 66.12 NOTE
r-devel-linux-x86_64-fedora-clang 0.1 155.50 NOTE
r-devel-linux-x86_64-fedora-gcc 0.1 149.46 NOTE
r-devel-osx-x86_64-clang 0.1 120.53 NOTE
r-devel-windows-ix86+x86_64 0.1 16.00 92.00 108.00 NOTE
r-patched-linux-x86_64 0.1 5.23 62.22 67.45 NOTE
r-patched-solaris-sparc 0.1 813.00 NOTE
r-patched-solaris-x86 0.1 187.60 NOTE
r-release-linux-ix86 0.1 6.31 75.33 81.64 NOTE
r-release-linux-x86_64 0.1 5.26 64.58 69.84 NOTE
r-release-osx-x86_64-mavericks 0.1 NOTE
r-release-osx-x86_64-snowleopard 0.1 ERROR
r-release-windows-ix86+x86_64 0.1 13.00 92.00 105.00 NOTE
r-oldrel-windows-ix86+x86_64 0.1 15.00 83.00 98.00 NOTE

Check Details

Version: 0.1
Check: dependencies in R code
Result: NOTE
    Packages in Depends field not imported from:
     ‘HI’ ‘lme4’ ‘locfit’ ‘secr’
     These packages need to be imported from (in the NAMESPACE file)
     for when this namespace is loaded but not attached.
    See the information on DESCRIPTION files in the chapter ‘Creating R
    packages’ of the ‘Writing R Extensions’ manual.
Flavors: r-devel-linux-x86_64-debian-clang, r-devel-linux-x86_64-debian-gcc, r-devel-linux-x86_64-fedora-clang, r-devel-linux-x86_64-fedora-gcc, r-devel-osx-x86_64-clang, r-devel-windows-ix86+x86_64, r-patched-linux-x86_64, r-patched-solaris-sparc, r-patched-solaris-x86, r-release-linux-ix86, r-release-linux-x86_64, r-release-osx-x86_64-mavericks, r-release-windows-ix86+x86_64, r-oldrel-windows-ix86+x86_64

Version: 0.1
Check: foreign function calls
Result: NOTE
    Error in tools::checkFF(package = "BBRecapture", registration = FALSE) :
     unused argument (registration = FALSE)
    Execution halted
    See the chapter ‘System and foreign language interfaces’ of the
    ‘Writing R Extensions’ manual.
Flavor: r-release-osx-x86_64-snowleopard

Version: 0.1
Check: R code for possible problems
Result: NOTE
    Error: package ‘HI’ could not be loaded
    Call sequence:
    3: stop(gettextf("package %s could not be loaded", sQuote(pkg)),
     call. = FALSE, domain = NA)
    2: .getRequiredPackages2(pkgInfo, quietly = quietly)
    1: library(package, lib.loc = lib.loc, character.only = TRUE, verbose = FALSE)
    Execution halted
Flavor: r-release-osx-x86_64-snowleopard

Version: 0.1
Check: for missing documentation entries
Result: ERROR
    Error: package ‘HI’ could not be loaded
    Call sequence:
    3: stop(gettextf("package %s could not be loaded", sQuote(pkg)),
     call. = FALSE, domain = NA)
    2: .getRequiredPackages2(pkgInfo, quietly = quietly)
    1: library(package, lib.loc = lib.loc, character.only = TRUE, verbose = FALSE)
    Execution halted
Flavor: r-release-osx-x86_64-snowleopard