CRAN Package Check Results for Package BBRecapture

Last updated on 2014-10-02 03:47:40.

Flavor Version Tinstall Tcheck Ttotal Status Flags
r-devel-linux-x86_64-debian-clang 0.1 7.34 76.10 83.44 NOTE
r-devel-linux-x86_64-debian-gcc 0.1 6.86 73.36 80.22 NOTE
r-devel-linux-x86_64-fedora-clang 0.1 201.98 NOTE
r-devel-linux-x86_64-fedora-gcc 0.1 216.46 NOTE
r-devel-osx-x86_64-clang 0.1 146.69 NOTE
r-devel-windows-ix86+x86_64 0.1 19.00 101.00 120.00 NOTE
r-patched-linux-x86_64 0.1 7.38 81.21 88.59 NOTE
r-patched-solaris-sparc 0.1 835.30 NOTE
r-patched-solaris-x86 0.1 254.40 NOTE
r-release-linux-ix86 0.1 9.04 104.44 113.47 NOTE
r-release-linux-x86_64 0.1 8.53 80.96 89.50 NOTE
r-release-osx-x86_64-mavericks 0.1 NOTE
r-release-osx-x86_64-snowleopard 0.1 ERROR
r-release-windows-ix86+x86_64 0.1 18.00 109.00 127.00 NOTE
r-oldrel-windows-ix86+x86_64 0.1 19.00 111.00 130.00 NOTE

Check Details

Version: 0.1
Check: dependencies in R code
Result: NOTE
    Packages in Depends field not imported from:
     ‘HI’ ‘lme4’ ‘locfit’ ‘secr’
     These packages need to be imported from (in the NAMESPACE file)
     for when this namespace is loaded but not attached.
    See the information on DESCRIPTION files in the chapter ‘Creating R
    packages’ of the ‘Writing R Extensions’ manual.
Flavors: r-devel-linux-x86_64-debian-clang, r-devel-linux-x86_64-debian-gcc, r-devel-linux-x86_64-fedora-clang, r-devel-linux-x86_64-fedora-gcc, r-devel-osx-x86_64-clang, r-devel-windows-ix86+x86_64, r-patched-linux-x86_64, r-patched-solaris-sparc, r-patched-solaris-x86, r-release-linux-ix86, r-release-linux-x86_64, r-release-osx-x86_64-mavericks, r-release-windows-ix86+x86_64, r-oldrel-windows-ix86+x86_64

Version: 0.1
Check: R code for possible problems
Result: NOTE
    BBRecap: no visible global function definition for ‘arms’
    LBRecap: no visible global function definition for ‘findbars’
    LBRecap: no visible global function definition for ‘glmer’
    LBRecap: no visible global function definition for ‘fixef’
    LBRecap: no visible global function definition for ‘ranef’
Flavors: r-devel-linux-x86_64-debian-clang, r-devel-linux-x86_64-debian-gcc, r-devel-linux-x86_64-fedora-clang, r-devel-linux-x86_64-fedora-gcc, r-devel-osx-x86_64-clang, r-devel-windows-ix86+x86_64

Version: 0.1
Check: foreign function calls
Result: NOTE
    Error in tools::checkFF(package = "BBRecapture", registration = FALSE) :
     unused argument (registration = FALSE)
    Execution halted
    See the chapter ‘System and foreign language interfaces’ of the
    ‘Writing R Extensions’ manual.
Flavor: r-release-osx-x86_64-snowleopard

Version: 0.1
Check: R code for possible problems
Result: NOTE
    Error: package ‘HI’ could not be loaded
    Call sequence:
    3: stop(gettextf("package %s could not be loaded", sQuote(pkg)),
     call. = FALSE, domain = NA)
    2: .getRequiredPackages2(pkgInfo, quietly = quietly)
    1: library(package, lib.loc = lib.loc, character.only = TRUE, verbose = FALSE)
    Execution halted
Flavor: r-release-osx-x86_64-snowleopard

Version: 0.1
Check: for missing documentation entries
Result: ERROR
    Error: package ‘HI’ could not be loaded
    Call sequence:
    3: stop(gettextf("package %s could not be loaded", sQuote(pkg)),
     call. = FALSE, domain = NA)
    2: .getRequiredPackages2(pkgInfo, quietly = quietly)
    1: library(package, lib.loc = lib.loc, character.only = TRUE, verbose = FALSE)
    Execution halted
Flavor: r-release-osx-x86_64-snowleopard