CRAN Package Check Results for Package BBRecapture

Last updated on 2014-08-30 15:48:31.

Flavor Version Tinstall Tcheck Ttotal Status Flags
r-devel-linux-x86_64-debian-clang 0.1 5.10 59.44 64.54 NOTE
r-devel-linux-x86_64-debian-gcc 0.1 4.95 59.62 64.57 NOTE
r-devel-linux-x86_64-fedora-clang 0.1 148.02 NOTE
r-devel-linux-x86_64-fedora-gcc 0.1 142.82 NOTE
r-devel-osx-x86_64-clang 0.1 114.57 NOTE
r-devel-windows-ix86+x86_64 0.1 20.00 82.00 102.00 NOTE
r-patched-linux-x86_64 0.1 5.34 62.78 68.12 NOTE
r-patched-solaris-sparc 0.1 835.30 NOTE
r-patched-solaris-x86 0.1 189.20 NOTE
r-release-linux-ix86 0.1 6.42 75.10 81.52 NOTE
r-release-linux-x86_64 0.1 5.26 64.75 70.01 NOTE
r-release-osx-x86_64-mavericks 0.1 NOTE
r-release-osx-x86_64-snowleopard 0.1 ERROR
r-release-windows-ix86+x86_64 0.1 13.00 88.00 101.00 NOTE
r-oldrel-windows-ix86+x86_64 0.1 13.00 83.00 96.00 NOTE

Check Details

Version: 0.1
Check: dependencies in R code
Result: NOTE
    Packages in Depends field not imported from:
     ‘HI’ ‘lme4’ ‘locfit’ ‘secr’
     These packages need to be imported from (in the NAMESPACE file)
     for when this namespace is loaded but not attached.
    See the information on DESCRIPTION files in the chapter ‘Creating R
    packages’ of the ‘Writing R Extensions’ manual.
Flavors: r-devel-linux-x86_64-debian-clang, r-devel-linux-x86_64-debian-gcc, r-devel-linux-x86_64-fedora-clang, r-devel-linux-x86_64-fedora-gcc, r-devel-osx-x86_64-clang, r-devel-windows-ix86+x86_64, r-patched-linux-x86_64, r-patched-solaris-sparc, r-patched-solaris-x86, r-release-linux-ix86, r-release-linux-x86_64, r-release-osx-x86_64-mavericks, r-release-windows-ix86+x86_64, r-oldrel-windows-ix86+x86_64

Version: 0.1
Check: R code for possible problems
Result: NOTE
    BBRecap: no visible global function definition for ‘arms’
    LBRecap: no visible global function definition for ‘findbars’
    LBRecap: no visible global function definition for ‘glmer’
    LBRecap: no visible global function definition for ‘fixef’
    LBRecap: no visible global function definition for ‘ranef’
Flavors: r-devel-linux-x86_64-debian-clang, r-devel-linux-x86_64-debian-gcc, r-devel-linux-x86_64-fedora-clang, r-devel-linux-x86_64-fedora-gcc, r-devel-osx-x86_64-clang, r-devel-windows-ix86+x86_64

Version: 0.1
Check: foreign function calls
Result: NOTE
    Error in tools::checkFF(package = "BBRecapture", registration = FALSE) :
     unused argument (registration = FALSE)
    Execution halted
    See the chapter ‘System and foreign language interfaces’ of the
    ‘Writing R Extensions’ manual.
Flavor: r-release-osx-x86_64-snowleopard

Version: 0.1
Check: R code for possible problems
Result: NOTE
    Error: package ‘HI’ could not be loaded
    Call sequence:
    3: stop(gettextf("package %s could not be loaded", sQuote(pkg)),
     call. = FALSE, domain = NA)
    2: .getRequiredPackages2(pkgInfo, quietly = quietly)
    1: library(package, lib.loc = lib.loc, character.only = TRUE, verbose = FALSE)
    Execution halted
Flavor: r-release-osx-x86_64-snowleopard

Version: 0.1
Check: for missing documentation entries
Result: ERROR
    Error: package ‘HI’ could not be loaded
    Call sequence:
    3: stop(gettextf("package %s could not be loaded", sQuote(pkg)),
     call. = FALSE, domain = NA)
    2: .getRequiredPackages2(pkgInfo, quietly = quietly)
    1: library(package, lib.loc = lib.loc, character.only = TRUE, verbose = FALSE)
    Execution halted
Flavor: r-release-osx-x86_64-snowleopard