CRAN Package Check Results for Package BBRecapture

Last updated on 2015-05-22 21:46:24.

Flavor Version Tinstall Tcheck Ttotal Status Flags
r-devel-linux-x86_64-debian-clang 0.1 5.26 58.55 63.81 NOTE
r-devel-linux-x86_64-debian-gcc 0.1 5.07 58.02 63.09 NOTE
r-devel-linux-x86_64-fedora-clang 0.1 131.66 NOTE
r-devel-linux-x86_64-fedora-gcc 0.1 125.98 NOTE
r-devel-osx-x86_64-clang 0.1 110.38 NOTE
r-devel-windows-ix86+x86_64 0.1 19.00 83.00 102.00 NOTE
r-patched-linux-x86_64 0.1 4.97 56.93 61.90 NOTE
r-patched-solaris-sparc 0.1 781.40 NOTE
r-patched-solaris-x86 0.1 171.90 NOTE
r-release-linux-x86_64 0.1 5.08 56.71 61.79 NOTE
r-release-osx-x86_64-mavericks 0.1 NOTE
r-release-osx-x86_64-snowleopard 0.1 ERROR
r-release-windows-ix86+x86_64 0.1 17.00 84.00 101.00 NOTE
r-oldrel-windows-ix86+x86_64 0.1 18.00 105.00 123.00 NOTE

Check Details

Version: 0.1
Check: DESCRIPTION meta-information
Result: NOTE
    Malformed Description field: should contain one or more complete sentences.
Flavors: r-devel-linux-x86_64-debian-clang, r-devel-linux-x86_64-debian-gcc, r-devel-linux-x86_64-fedora-clang, r-devel-linux-x86_64-fedora-gcc, r-devel-osx-x86_64-clang, r-devel-windows-ix86+x86_64, r-patched-linux-x86_64, r-patched-solaris-sparc, r-patched-solaris-x86, r-release-linux-x86_64, r-release-osx-x86_64-mavericks, r-release-windows-ix86+x86_64

Version: 0.1
Check: dependencies in R code
Result: NOTE
    Packages in Depends field not imported from:
     ‘HI’ ‘lme4’ ‘locfit’ ‘secr’
     These packages need to be imported from (in the NAMESPACE file)
     for when this namespace is loaded but not attached.
Flavors: r-devel-linux-x86_64-debian-clang, r-devel-linux-x86_64-debian-gcc, r-devel-linux-x86_64-fedora-clang, r-devel-linux-x86_64-fedora-gcc, r-devel-osx-x86_64-clang, r-devel-windows-ix86+x86_64, r-patched-linux-x86_64, r-patched-solaris-sparc, r-patched-solaris-x86, r-release-linux-x86_64, r-release-osx-x86_64-mavericks, r-release-windows-ix86+x86_64, r-oldrel-windows-ix86+x86_64

Version: 0.1
Check: R code for possible problems
Result: NOTE
    BBRecap: no visible global function definition for ‘arms’
    LBRecap: no visible global function definition for ‘findbars’
    LBRecap: no visible global function definition for ‘glmer’
    LBRecap: no visible global function definition for ‘fixef’
    LBRecap: no visible global function definition for ‘ranef’
Flavors: r-devel-linux-x86_64-debian-clang, r-devel-linux-x86_64-debian-gcc, r-devel-linux-x86_64-fedora-clang, r-devel-linux-x86_64-fedora-gcc, r-devel-osx-x86_64-clang, r-devel-windows-ix86+x86_64, r-patched-linux-x86_64, r-patched-solaris-sparc, r-patched-solaris-x86, r-release-linux-x86_64, r-release-osx-x86_64-mavericks, r-release-windows-ix86+x86_64, r-oldrel-windows-ix86+x86_64

Version: 0.1
Check: package dependencies
Result: ERROR
    Package required but not available: ‘secr’
    
    See section ‘The DESCRIPTION file’ in the ‘Writing R Extensions’
    manual.
Flavor: r-release-osx-x86_64-snowleopard