CRAN Package Check Results for Package BBmisc

Last updated on 2016-09-30 09:47:57.

Flavor Version Tinstall Tcheck Ttotal Status Flags
r-devel-linux-x86_64-debian-clang 1.10 3.26 28.14 31.40 OK
r-devel-linux-x86_64-debian-gcc 1.10 3.22 27.59 30.81 OK
r-devel-linux-x86_64-fedora-clang 1.10 51.48 OK
r-devel-linux-x86_64-fedora-gcc 1.10 40.15 OK
r-devel-macos-x86_64-clang 1.10 36.92 OK
r-devel-windows-ix86+x86_64 1.10 11.00 77.00 88.00 OK
r-patched-linux-x86_64 1.10 2.60 26.56 29.16 OK
r-patched-solaris-sparc 1.10 244.20 NOTE
r-patched-solaris-x86 1.10 55.50 NOTE
r-release-linux-x86_64 1.10 2.65 26.65 29.30 OK
r-release-osx-x86_64-mavericks 1.10 OK
r-release-windows-ix86+x86_64 1.10 10.00 56.00 66.00 OK
r-oldrel-windows-ix86+x86_64 1.10 19.00 76.00 95.00 OK

Check Details

Version: 1.10
Check: package dependencies
Result: NOTE
    Package suggested but not available for checking: ‘microbenchmark’
Flavors: r-patched-solaris-sparc, r-patched-solaris-x86