CRAN Package Check Results for Package BBmisc

Last updated on 2017-05-23 08:48:44.

Flavor Version Tinstall Tcheck Ttotal Status Flags
r-devel-linux-x86_64-debian-clang 1.11 3.52 29.22 32.74 OK
r-devel-linux-x86_64-debian-gcc 1.11 2.84 28.90 31.73 OK
r-devel-linux-x86_64-fedora-clang 1.11 47.72 OK --no-stop-on-test-error
r-devel-linux-x86_64-fedora-gcc 1.11 45.15 OK --no-stop-on-test-error
r-devel-windows-ix86+x86_64 1.11 17.00 64.00 81.00 OK
r-patched-linux-x86_64 1.11 2.84 28.33 31.18 OK
r-patched-solaris-sparc 1.11 278.30 NOTE
r-patched-solaris-x86 1.11 60.50 NOTE
r-release-linux-x86_64 1.11 3.08 28.56 31.64 OK
r-release-windows-ix86+x86_64 1.11 14.00 92.00 106.00 OK
r-release-osx-x86_64 1.11 OK
r-oldrel-windows-ix86+x86_64 1.11 18.00 80.00 98.00 OK
r-oldrel-osx-x86_64 1.11 OK

Check Details

Version: 1.11
Check: package dependencies
Result: NOTE
    Package suggested but not available for checking: ‘microbenchmark’
Flavors: r-patched-solaris-sparc, r-patched-solaris-x86