CRAN Package Check Results for Package BBmisc

Last updated on 2017-08-17 18:46:28.

Flavor Version Tinstall Tcheck Ttotal Status Flags
r-devel-linux-x86_64-debian-clang 1.11 3.12 28.97 32.08 OK
r-devel-linux-x86_64-debian-gcc 1.11 3.09 27.77 30.86 OK
r-devel-linux-x86_64-fedora-clang 1.11 56.75 OK
r-devel-linux-x86_64-fedora-gcc 1.11 49.31 OK
r-devel-windows-ix86+x86_64 1.11 15.00 63.00 78.00 OK
r-patched-linux-x86_64 1.11 2.99 28.31 31.30 OK
r-patched-solaris-x86 1.11 60.70 NOTE
r-release-linux-x86_64 1.11 3.02 28.32 31.34 OK
r-release-windows-ix86+x86_64 1.11 12.00 63.00 75.00 OK
r-release-osx-x86_64 1.11 OK
r-oldrel-windows-ix86+x86_64 1.11 23.00 62.00 85.00 OK
r-oldrel-osx-x86_64 1.11 OK

Check Details

Version: 1.11
Check: package dependencies
Result: NOTE
    Package suggested but not available for checking: ‘microbenchmark’
Flavor: r-patched-solaris-x86