CRAN Package Check Results for Package BBmisc

Last updated on 2015-07-06 23:47:36.

Flavor Version Tinstall Tcheck Ttotal Status Flags
r-devel-linux-x86_64-debian-clang 1.9 2.76 22.26 25.02 NOTE
r-devel-linux-x86_64-debian-gcc 1.9 2.72 22.33 25.05 NOTE
r-devel-linux-x86_64-fedora-clang 1.9 37.38 NOTE
r-devel-linux-x86_64-fedora-gcc 1.9 35.44 NOTE
r-devel-osx-x86_64-clang 1.9 41.79 OK
r-devel-windows-ix86+x86_64 1.9 19.00 53.00 72.00 NOTE
r-patched-linux-x86_64 1.9 2.85 23.10 25.95 OK
r-patched-solaris-sparc 1.9 267.80 NOTE
r-patched-solaris-x86 1.9 52.70 OK
r-release-linux-x86_64 1.9 2.56 22.98 25.54 OK
r-release-osx-x86_64-mavericks 1.9 OK
r-release-windows-ix86+x86_64 1.9 15.00 45.00 60.00 OK
r-oldrel-windows-ix86+x86_64 1.9 19.00 49.00 68.00 OK

Check Details

Version: 1.9
Check: R code for possible problems
Result: NOTE
    checkArg : mycheck: no visible global function definition for ‘is’
    checkListElementClass : <anonymous>: no visible global function
     definition for ‘is’
    circularBuffer : <anonymous>: no visible global function definition for
     ‘head’
    getRelativePath: no visible global function definition for ‘tail’
    lib : getLib: no visible global function definition for
     ‘install.packages’
    makeProgressBar : draw: no visible global function definition for
     ‘flush.console’
    makeSimpleFileLogger : <anonymous>: no visible global function
     definition for ‘tail’
    printStrToChar: no visible global function definition for ‘str’
    suppressAll: no visible global function definition for ‘capture.output’
    system3 : <anonymous>: no visible global function definition for ‘tail’
    Undefined global functions or variables:
     capture.output flush.console head install.packages is str tail
Flavors: r-devel-linux-x86_64-debian-clang, r-devel-linux-x86_64-debian-gcc, r-devel-linux-x86_64-fedora-clang, r-devel-linux-x86_64-fedora-gcc, r-devel-windows-ix86+x86_64

Version: 1.9
Check: package dependencies
Result: NOTE
    Package suggested but not available for checking: ‘microbenchmark’
Flavor: r-patched-solaris-sparc