CRAN Package Check Results for Package BBmisc

Last updated on 2016-05-24 17:47:13.

Flavor Version Tinstall Tcheck Ttotal Status Flags
r-devel-linux-x86_64-debian-gcc 1.9 2.54 23.36 25.91 ERROR
r-devel-linux-x86_64-fedora-clang 1.9 35.90 ERROR
r-devel-linux-x86_64-fedora-gcc 1.9 42.42 ERROR
r-devel-osx-x86_64-clang 1.9 46.16 ERROR
r-devel-windows-ix86+x86_64 1.9 9.00 52.00 61.00 ERROR
r-patched-linux-x86_64 1.9 2.62 22.88 25.50 ERROR
r-patched-solaris-sparc 1.9 223.80 ERROR
r-patched-solaris-x86 1.9 50.30 ERROR
r-release-linux-x86_64 1.9 2.73 23.13 25.86 ERROR
r-release-osx-x86_64-mavericks 1.9 ERROR
r-release-windows-ix86+x86_64 1.9 9.00 52.00 61.00 ERROR
r-oldrel-windows-ix86+x86_64 1.9 20.00 52.00 72.00 ERROR

Check Details

Version: 1.9
Check: R code for possible problems
Result: NOTE
    checkArg : mycheck: no visible global function definition for ‘is’
    checkListElementClass : <anonymous>: no visible global function
     definition for ‘is’
    circularBuffer : <anonymous>: no visible global function definition for
     ‘head’
    getRelativePath: no visible global function definition for ‘tail’
    lib : getLib: no visible global function definition for
     ‘install.packages’
    makeProgressBar : draw: no visible global function definition for
     ‘flush.console’
    makeSimpleFileLogger : <anonymous>: no visible global function
     definition for ‘tail’
    printStrToChar: no visible global function definition for ‘str’
    suppressAll: no visible global function definition for ‘capture.output’
    system3 : <anonymous>: no visible global function definition for ‘tail’
    Undefined global functions or variables:
     capture.output flush.console head install.packages is str tail
    Consider adding
     importFrom("methods", "is")
     importFrom("utils", "capture.output", "flush.console", "head",
     "install.packages", "str", "tail")
    to your NAMESPACE file (and ensure that your DESCRIPTION Imports field
    contains 'methods').
Flavors: r-devel-linux-x86_64-debian-gcc, r-devel-linux-x86_64-fedora-clang, r-devel-linux-x86_64-fedora-gcc, r-devel-osx-x86_64-clang, r-devel-windows-ix86+x86_64, r-patched-linux-x86_64, r-patched-solaris-sparc, r-patched-solaris-x86, r-release-linux-x86_64, r-release-osx-x86_64-mavericks, r-release-windows-ix86+x86_64

Version: 1.9
Check: tests
Result: ERROR
    Running the tests in ‘tests/run-all.R’ failed.
    Last 13 lines of output:
     testthat results ================================================================
     OK: 694 SKIPPED: 0 FAILED: 11
     1. Failure: makeProgressBar global options (@test_makeProgressBar.R#41)
     2. Failure: makeProgressBar global options (@test_makeProgressBar.R#41)
     3. Failure: makeProgressBar global options (@test_makeProgressBar.R#41)
     4. Failure: makeProgressBar global options (@test_makeProgressBar.R#41)
     5. Failure: makeProgressBar global options (@test_makeProgressBar.R#41)
     6. Failure: makeProgressBar global options (@test_makeProgressBar.R#41)
     7. Failure: suppressAll (@test_suppressAll.R#6)
     8. Failure: suppressAll (@test_suppressAll.R#7)
     9. Failure: suppressAll (@test_suppressAll.R#7)
     1. ...
    
     Error: testthat unit tests failed
     Execution halted
Flavors: r-devel-linux-x86_64-debian-gcc, r-devel-linux-x86_64-fedora-clang, r-devel-linux-x86_64-fedora-gcc, r-devel-osx-x86_64-clang

Version: 1.9
Check: running tests for arch ‘i386’
Result: ERROR
    Running the tests in 'tests/run-all.R' failed.
    Last 13 lines of output:
     1. Failure: makeProgressBar global options (@test_makeProgressBar.R#41)
     2. Failure: makeProgressBar global options (@test_makeProgressBar.R#41)
     3. Failure: makeProgressBar global options (@test_makeProgressBar.R#41)
     4. Failure: makeProgressBar global options (@test_makeProgressBar.R#41)
     5. Failure: makeProgressBar global options (@test_makeProgressBar.R#41)
     6. Failure: makeProgressBar global options (@test_makeProgressBar.R#41)
     7. Failure: suppressAll (@test_suppressAll.R#6)
     8. Failure: suppressAll (@test_suppressAll.R#7)
     9. Failure: suppressAll (@test_suppressAll.R#7)
     1. ...
    
     Error: testthat unit tests failed
     Execution halted
Flavors: r-devel-windows-ix86+x86_64, r-release-windows-ix86+x86_64, r-oldrel-windows-ix86+x86_64

Version: 1.9
Check: running tests for arch ‘x64’
Result: ERROR
    Running the tests in 'tests/run-all.R' failed.
    Last 13 lines of output:
     1. Failure: makeProgressBar global options (@test_makeProgressBar.R#41)
     2. Failure: makeProgressBar global options (@test_makeProgressBar.R#41)
     3. Failure: makeProgressBar global options (@test_makeProgressBar.R#41)
     4. Failure: makeProgressBar global options (@test_makeProgressBar.R#41)
     5. Failure: makeProgressBar global options (@test_makeProgressBar.R#41)
     6. Failure: makeProgressBar global options (@test_makeProgressBar.R#41)
     7. Failure: suppressAll (@test_suppressAll.R#6)
     8. Failure: suppressAll (@test_suppressAll.R#7)
     9. Failure: suppressAll (@test_suppressAll.R#7)
     1. ...
    
     Error: testthat unit tests failed
     Execution halted
Flavors: r-devel-windows-ix86+x86_64, r-release-windows-ix86+x86_64, r-oldrel-windows-ix86+x86_64

Version: 1.9
Check: tests
Result: ERROR
    Running the tests in ‘tests/run-all.R’ failed.
    Last 13 lines of output:
     1. Failure: makeProgressBar global options (@test_makeProgressBar.R#41)
     2. Failure: makeProgressBar global options (@test_makeProgressBar.R#41)
     3. Failure: makeProgressBar global options (@test_makeProgressBar.R#41)
     4. Failure: makeProgressBar global options (@test_makeProgressBar.R#41)
     5. Failure: makeProgressBar global options (@test_makeProgressBar.R#41)
     6. Failure: makeProgressBar global options (@test_makeProgressBar.R#41)
     7. Failure: suppressAll (@test_suppressAll.R#6)
     8. Failure: suppressAll (@test_suppressAll.R#7)
     9. Failure: suppressAll (@test_suppressAll.R#7)
     1. ...
    
     Error: testthat unit tests failed
     Execution halted
Flavors: r-patched-linux-x86_64, r-patched-solaris-sparc, r-patched-solaris-x86, r-release-linux-x86_64, r-release-osx-x86_64-mavericks

Version: 1.9
Check: package dependencies
Result: NOTE
    Package suggested but not available for checking: ‘microbenchmark’
Flavors: r-patched-solaris-sparc, r-patched-solaris-x86