CRAN Package Check Results for Package BBmisc

Last updated on 2015-03-03 18:46:40.

Flavor Version Tinstall Tcheck Ttotal Status Flags
r-devel-linux-x86_64-debian-clang 1.9 2.93 23.75 26.68 OK
r-devel-linux-x86_64-debian-gcc 1.9 2.80 23.94 26.74 OK
r-devel-linux-x86_64-fedora-clang 1.9 40.43 OK
r-devel-linux-x86_64-fedora-gcc 1.9 38.47 OK
r-devel-osx-x86_64-clang 1.9 47.32 OK
r-devel-windows-ix86+x86_64 1.9 23.00 59.00 82.00 OK
r-patched-linux-x86_64 1.9 2.92 25.07 27.99 OK
r-patched-solaris-sparc 1.9 282.70 NOTE
r-patched-solaris-x86 1.9 60.40 OK
r-release-linux-ix86 1.9 3.69 31.53 35.22 OK
r-release-linux-x86_64 1.9 3.10 25.75 28.85 OK
r-release-osx-x86_64-mavericks 1.9 OK
r-release-osx-x86_64-snowleopard 1.9 OK
r-release-windows-ix86+x86_64 1.9 23.00 64.00 87.00 OK
r-oldrel-windows-ix86+x86_64 1.9 11.00 54.00 65.00 OK

Check Details

Version: 1.9
Check: package dependencies
Result: NOTE
    Package suggested but not available for checking: ‘microbenchmark’
Flavor: r-patched-solaris-sparc