CRAN Package Check Results for Package BBmisc

Last updated on 2014-08-21 19:48:41.

Flavor Version Tinstall Tcheck Ttotal Status Flags
r-devel-linux-x86_64-debian-clang 1.7 2.83 22.68 25.51 OK
r-devel-linux-x86_64-debian-gcc 1.7 2.63 23.36 25.99 OK
r-devel-linux-x86_64-fedora-clang 1.7 46.40 OK
r-devel-linux-x86_64-fedora-gcc 1.7 38.97 OK
r-devel-osx-x86_64-clang 1.7 44.74 OK
r-devel-windows-ix86+x86_64 1.7 10.00 47.00 57.00 OK
r-patched-linux-x86_64 1.7 2.97 22.92 25.89 OK
r-patched-solaris-sparc 1.7 250.80 NOTE
r-patched-solaris-x86 1.7 53.70 NOTE
r-release-linux-ix86 1.7 3.61 30.49 34.10 OK
r-release-linux-x86_64 1.7 2.97 23.12 26.08 OK
r-release-osx-x86_64-mavericks 1.7 OK
r-release-osx-x86_64-snowleopard 1.7 OK
r-release-windows-ix86+x86_64 1.7 9.00 49.00 58.00 OK
r-oldrel-windows-ix86+x86_64 1.7 9.00 52.00 61.00 OK

Check Details

Version: 1.7
Check: package dependencies
Result: NOTE
    Package suggested but not available for checking: ‘microbenchmark’
Flavors: r-patched-solaris-sparc, r-patched-solaris-x86