CRAN Package Check Results for Package BBmisc

Last updated on 2016-08-24 20:54:12.

Flavor Version Tinstall Tcheck Ttotal Status Flags
r-devel-linux-x86_64-debian-clang 1.10 3.02 26.39 29.41 OK
r-devel-linux-x86_64-debian-gcc 1.10 3.02 25.92 28.94 OK
r-devel-linux-x86_64-fedora-clang 1.10 41.97 OK
r-devel-linux-x86_64-fedora-gcc 1.10 45.68 OK
r-devel-osx-x86_64-clang 1.10 37.22 OK
r-devel-windows-ix86+x86_64 1.10 14.00 65.00 79.00 OK
r-patched-linux-x86_64 1.10 2.90 25.85 28.76 OK
r-patched-solaris-sparc 1.10 244.20 NOTE
r-patched-solaris-x86 1.10 57.90 NOTE
r-release-linux-x86_64 1.10 2.78 25.79 28.57 OK
r-release-osx-x86_64-mavericks 1.10 OK
r-release-windows-ix86+x86_64 1.10 14.00 56.00 70.00 OK
r-oldrel-windows-ix86+x86_64 1.10 13.00 56.00 69.00 OK

Check Details

Version: 1.10
Check: package dependencies
Result: NOTE
    Package suggested but not available for checking: ‘microbenchmark’
Flavors: r-patched-solaris-sparc, r-patched-solaris-x86