CRAN Package Check Results for Package BBmisc

Last updated on 2017-06-28 03:48:18.

Flavor Version Tinstall Tcheck Ttotal Status Flags
r-devel-linux-x86_64-debian-clang 1.11 3.40 28.46 31.86 OK
r-devel-linux-x86_64-debian-gcc 1.11 3.09 27.91 31.00 OK
r-devel-linux-x86_64-fedora-clang 1.11 46.26 OK
r-devel-linux-x86_64-fedora-gcc 1.11 44.99 OK
r-devel-windows-ix86+x86_64 1.11 28.00 64.00 92.00 OK
r-patched-linux-x86_64 1.11 3.04 28.19 31.23 OK
r-patched-solaris-sparc 1.11 278.30 NOTE
r-patched-solaris-x86 1.11 61.00 NOTE
r-release-linux-x86_64 1.11 5.42 28.96 34.38 OK
r-release-windows-ix86+x86_64 1.11 12.00 165.00 177.00 OK
r-release-osx-x86_64 1.11 OK
r-oldrel-windows-ix86+x86_64 1.11 19.00 82.00 101.00 OK
r-oldrel-osx-x86_64 1.11 OK

Check Details

Version: 1.11
Check: package dependencies
Result: NOTE
    Package suggested but not available for checking: ‘microbenchmark’
Flavors: r-patched-solaris-sparc, r-patched-solaris-x86