CRAN Package Check Results for Package BBmisc

Last updated on 2016-07-25 18:50:12.

Flavor Version Tinstall Tcheck Ttotal Status Flags
r-devel-linux-x86_64-debian-clang 1.10 3.33 31.07 34.40 OK
r-devel-linux-x86_64-debian-gcc 1.10 2.99 30.63 33.62 OK
r-devel-linux-x86_64-fedora-clang 1.10 49.31 OK
r-devel-linux-x86_64-fedora-gcc 1.10 38.40 OK
r-devel-osx-x86_64-clang 1.10 36.97 OK
r-devel-windows-ix86+x86_64 1.10 16.00 73.00 89.00 OK
r-patched-linux-x86_64 1.10 3.28 32.26 35.54 OK
r-patched-solaris-sparc 1.10 244.20 NOTE
r-patched-solaris-x86 1.10 57.20 NOTE
r-release-linux-x86_64 1.10 3.01 30.10 33.11 OK
r-release-osx-x86_64-mavericks 1.10 OK
r-release-windows-ix86+x86_64 1.10 17.00 55.00 72.00 OK
r-oldrel-windows-ix86+x86_64 1.10 16.00 55.00 71.00 OK

Check Details

Version: 1.10
Check: package dependencies
Result: NOTE
    Package suggested but not available for checking: ‘microbenchmark’
Flavors: r-patched-solaris-sparc, r-patched-solaris-x86