CRAN Package Check Results for Package BBmisc

Last updated on 2014-11-01 05:48:47.

Flavor Version Tinstall Tcheck Ttotal Status Flags
r-devel-linux-x86_64-debian-clang 1.8 2.92 24.24 27.17 OK
r-devel-linux-x86_64-debian-gcc 1.8 2.69 24.16 26.85 OK
r-devel-linux-x86_64-fedora-clang 1.8 22.74 OK
r-devel-linux-x86_64-fedora-gcc 1.8 22.00 OK
r-devel-osx-x86_64-clang 1.8 50.82 OK
r-devel-windows-ix86+x86_64 1.8 10.00 48.00 58.00 OK
r-patched-linux-x86_64 1.7 2.93 23.52 26.45 OK
r-patched-solaris-sparc 1.8 232.40 NOTE
r-patched-solaris-x86 1.8 48.80 OK
r-release-linux-ix86 1.7 3.65 31.59 35.24 OK
r-release-linux-x86_64 1.7 2.99 24.83 27.82 OK
r-release-osx-x86_64-mavericks 1.8 OK
r-release-osx-x86_64-snowleopard 1.8 OK
r-release-windows-ix86+x86_64 1.8 11.00 54.00 65.00 OK
r-oldrel-windows-ix86+x86_64 1.8 12.00 62.00 74.00 OK

Check Details

Version: 1.8
Check: package dependencies
Result: NOTE
    Package suggested but not available for checking: ‘microbenchmark’
Flavor: r-patched-solaris-sparc