CRAN Package Check Results for Package BBmisc

Last updated on 2017-03-29 18:46:55.

Flavor Version Tinstall Tcheck Ttotal Status Flags
r-devel-linux-x86_64-debian-clang 1.11 2.98 28.23 31.21 OK
r-devel-linux-x86_64-debian-gcc 1.11 2.82 27.97 30.79 OK
r-devel-linux-x86_64-fedora-clang 1.11 46.16 OK --no-stop-on-test-error
r-devel-linux-x86_64-fedora-gcc 1.11 53.91 OK --no-stop-on-test-error
r-devel-macos-x86_64-clang 1.11 40.12 OK --no-stop-on-test-error
r-devel-windows-ix86+x86_64 1.11 12.00 67.00 79.00 OK
r-patched-linux-x86_64 1.11 2.82 27.98 30.79 OK
r-patched-solaris-sparc 1.11 278.30 NOTE
r-patched-solaris-x86 1.11 62.40 NOTE
r-release-linux-x86_64 1.11 2.91 27.07 29.98 OK
r-release-osx-x86_64-mavericks 1.11 OK
r-release-windows-ix86+x86_64 1.11 19.00 77.00 96.00 OK
r-oldrel-windows-ix86+x86_64 1.11 40.00 116.00 156.00 OK

Check Details

Version: 1.11
Check: package dependencies
Result: NOTE
    Package suggested but not available for checking: ‘microbenchmark’
Flavors: r-patched-solaris-sparc, r-patched-solaris-x86