CRAN Package Check Results for Package BBmisc

Last updated on 2015-01-29 16:48:20.

Flavor Version Tinstall Tcheck Ttotal Status Flags
r-devel-linux-x86_64-debian-clang 1.8 2.86 24.22 27.09 OK
r-devel-linux-x86_64-debian-gcc 1.8 2.64 23.39 26.03 OK
r-devel-linux-x86_64-fedora-clang 1.8 45.24 OK
r-devel-linux-x86_64-fedora-gcc 1.8 41.37 OK
r-devel-osx-x86_64-clang 1.8 51.89 OK
r-devel-windows-ix86+x86_64 1.8 18.00 45.00 63.00 OK
r-patched-linux-x86_64 1.8 3.09 24.86 27.95 OK
r-patched-solaris-sparc 1.8 292.10 NOTE
r-patched-solaris-x86 1.8 58.80 OK
r-release-linux-ix86 1.8 3.66 31.02 34.69 OK
r-release-linux-x86_64 1.8 2.90 25.76 28.66 OK
r-release-osx-x86_64-mavericks 1.8 OK
r-release-osx-x86_64-snowleopard 1.8 OK
r-release-windows-ix86+x86_64 1.8 11.00 52.00 63.00 OK
r-oldrel-windows-ix86+x86_64 1.8 11.00 53.00 64.00 OK

Check Details

Version: 1.8
Check: package dependencies
Result: NOTE
    Package suggested but not available for checking: ‘microbenchmark’
Flavor: r-patched-solaris-sparc