CRAN Package Check Results for Package BBmisc

Last updated on 2014-04-16 09:47:55.

Flavor Version Tinstall Tcheck Ttotal Status Flags
r-devel-linux-x86_64-debian-clang 1.5 2.28 20.40 22.69 OK
r-devel-linux-x86_64-debian-gcc 1.5 2.28 20.50 22.78 OK
r-devel-linux-x86_64-fedora-clang 1.5 34.58 OK
r-devel-linux-x86_64-fedora-gcc 1.5 32.91 OK
r-devel-macosx-x86_64-clang 1.5 39.19 OK
r-devel-macosx-x86_64-gcc 1.5 NOTE
r-devel-windows-ix86+x86_64 1.5 9.00 38.00 47.00 OK
r-patched-linux-x86_64 1.5 2.24 20.41 22.65 OK
r-patched-solaris-sparc 1.5 188.90 OK
r-patched-solaris-x86 1.5 45.20 OK
r-release-linux-ix86 1.5 5.00 54.00 59.00 OK
r-release-linux-x86_64 1.5 2.22 20.55 22.77 OK
r-release-macosx-x86_64 1.5 OK
r-release-windows-ix86+x86_64 1.5 9.00 39.00 48.00 OK
r-oldrel-windows-ix86+x86_64 1.5 9.00 41.00 50.00 OK

Check Details

Version: 1.5
Check: package dependencies
Result: NOTE
    Package suggested but not available for checking: ‘microbenchmark’
Flavor: r-devel-macosx-x86_64-gcc