CRAN Package Check Results for Package BBmisc

Last updated on 2015-05-30 17:46:29.

Flavor Version Tinstall Tcheck Ttotal Status Flags
r-devel-linux-x86_64-debian-clang 1.9 2.82 22.76 25.58 OK
r-devel-linux-x86_64-debian-gcc 1.9 2.54 22.41 24.95 OK
r-devel-linux-x86_64-fedora-clang 1.9 39.16 OK
r-devel-linux-x86_64-fedora-gcc 1.9 37.36 OK
r-devel-osx-x86_64-clang 1.9 45.15 OK
r-devel-windows-ix86+x86_64 1.9 13.00 49.00 62.00 OK
r-patched-linux-x86_64 1.9 2.64 22.62 25.26 OK
r-patched-solaris-sparc 1.9 267.80 NOTE
r-patched-solaris-x86 1.9 53.00 OK
r-release-linux-x86_64 1.9 2.60 23.78 26.39 OK
r-release-osx-x86_64-mavericks 1.9 OK
r-release-osx-x86_64-snowleopard 1.9 NOTE
r-release-windows-ix86+x86_64 1.9 12.00 48.00 60.00 OK
r-oldrel-windows-ix86+x86_64 1.9 12.00 47.00 59.00 OK

Check Details

Version: 1.9
Check: package dependencies
Result: NOTE
    Package suggested but not available for checking: ‘microbenchmark’
Flavors: r-patched-solaris-sparc, r-release-osx-x86_64-snowleopard