CRAN Package Check Results for Package BBmisc

Last updated on 2014-09-16 11:49:10.

Flavor Version Tinstall Tcheck Ttotal Status Flags
r-devel-linux-x86_64-debian-clang 1.7 2.58 22.82 25.40 OK
r-devel-linux-x86_64-debian-gcc 1.7 2.67 22.67 25.34 OK
r-devel-linux-x86_64-fedora-clang 1.7 41.46 OK
r-devel-linux-x86_64-fedora-gcc 1.7 39.10 OK
r-devel-osx-x86_64-clang 1.7 43.36 OK
r-devel-windows-ix86+x86_64 1.7 10.00 45.00 55.00 OK
r-patched-linux-x86_64 1.7 2.92 23.19 26.11 OK
r-patched-solaris-sparc 1.7 250.80 NOTE
r-patched-solaris-x86 1.7 54.20 NOTE
r-release-linux-ix86 1.7 3.61 30.72 34.32 OK
r-release-linux-x86_64 1.7 3.08 23.74 26.82 OK
r-release-osx-x86_64-mavericks 1.7 OK
r-release-osx-x86_64-snowleopard 1.7 OK
r-release-windows-ix86+x86_64 1.7 10.00 47.00 57.00 OK
r-oldrel-windows-ix86+x86_64 1.7 12.00 50.00 62.00 OK

Check Details

Version: 1.7
Check: package dependencies
Result: NOTE
    Package suggested but not available for checking: ‘microbenchmark’
Flavors: r-patched-solaris-sparc, r-patched-solaris-x86