CRAN Package Check Results for Package BBmisc

Last updated on 2016-12-09 11:48:46.

Flavor Version Tinstall Tcheck Ttotal Status Flags
r-devel-linux-x86_64-debian-clang 1.10 3.17 28.63 31.80 OK
r-devel-linux-x86_64-debian-gcc 1.10 3.18 27.79 30.97 OK
r-devel-linux-x86_64-fedora-clang 1.10 47.85 OK --no-stop-on-test-error
r-devel-linux-x86_64-fedora-gcc 1.10 49.37 OK --no-stop-on-test-error
r-devel-macos-x86_64-clang 1.10 40.57 OK --no-stop-on-test-error
r-devel-windows-ix86+x86_64 1.10 9.00 59.00 68.00 OK
r-patched-linux-x86_64 1.10 2.87 25.80 28.67 OK
r-patched-solaris-sparc 1.10 244.20 NOTE
r-patched-solaris-x86 1.10 54.10 NOTE
r-release-linux-x86_64 1.10 2.69 25.74 28.43 OK
r-release-osx-x86_64-mavericks 1.10 OK
r-release-windows-ix86+x86_64 1.10 11.00 58.00 69.00 OK
r-oldrel-windows-ix86+x86_64 1.10 24.00 59.00 83.00 OK

Check Details

Version: 1.10
Check: package dependencies
Result: NOTE
    Package suggested but not available for checking: ‘microbenchmark’
Flavors: r-patched-solaris-sparc, r-patched-solaris-x86