CRAN Package Check Results for Package BBmisc

Last updated on 2016-04-29 11:48:22.

Flavor Version Tinstall Tcheck Ttotal Status Flags
r-devel-linux-x86_64-debian-gcc 1.9 2.69 23.37 26.06 ERROR
r-devel-linux-x86_64-fedora-clang 1.9 35.66 ERROR
r-devel-linux-x86_64-fedora-gcc 1.9 32.63 ERROR
r-devel-osx-x86_64-clang 1.9 46.15 ERROR
r-devel-windows-ix86+x86_64 1.9 9.00 55.00 64.00 ERROR
r-patched-linux-x86_64 1.9 2.64 22.63 25.27 ERROR
r-patched-solaris-sparc 1.9 213.90 ERROR
r-patched-solaris-x86 1.9 50.30 ERROR
r-release-linux-x86_64 1.9 2.79 23.75 26.54 ERROR
r-release-osx-x86_64-mavericks 1.9 OK
r-release-windows-ix86+x86_64 1.9 12.00 51.00 63.00 ERROR
r-oldrel-windows-ix86+x86_64 1.9 20.00 67.00 87.00 ERROR

Check Details

Version: 1.9
Check: R code for possible problems
Result: NOTE
    checkArg : mycheck: no visible global function definition for ‘is’
    checkListElementClass : <anonymous>: no visible global function
     definition for ‘is’
    circularBuffer : <anonymous>: no visible global function definition for
     ‘head’
    getRelativePath: no visible global function definition for ‘tail’
    lib : getLib: no visible global function definition for
     ‘install.packages’
    makeProgressBar : draw: no visible global function definition for
     ‘flush.console’
    makeSimpleFileLogger : <anonymous>: no visible global function
     definition for ‘tail’
    printStrToChar: no visible global function definition for ‘str’
    suppressAll: no visible global function definition for ‘capture.output’
    system3 : <anonymous>: no visible global function definition for ‘tail’
    Undefined global functions or variables:
     capture.output flush.console head install.packages is str tail
    Consider adding
     importFrom("methods", "is")
     importFrom("utils", "capture.output", "flush.console", "head",
     "install.packages", "str", "tail")
    to your NAMESPACE file (and ensure that your DESCRIPTION Imports field
    contains 'methods').
Flavors: r-devel-linux-x86_64-debian-gcc, r-devel-linux-x86_64-fedora-clang, r-devel-linux-x86_64-fedora-gcc, r-devel-osx-x86_64-clang, r-devel-windows-ix86+x86_64, r-patched-linux-x86_64, r-patched-solaris-sparc, r-patched-solaris-x86

Version: 1.9
Check: tests
Result: ERROR
    Running the tests in ‘tests/run-all.R’ failed.
    Last 13 lines of output:
     1. Failure: makeProgressBar global options (@test_makeProgressBar.R#41)
     2. Failure: makeProgressBar global options (@test_makeProgressBar.R#41)
     3. Failure: makeProgressBar global options (@test_makeProgressBar.R#41)
     4. Failure: makeProgressBar global options (@test_makeProgressBar.R#41)
     5. Failure: makeProgressBar global options (@test_makeProgressBar.R#41)
     6. Failure: makeProgressBar global options (@test_makeProgressBar.R#41)
     7. Failure: suppressAll (@test_suppressAll.R#6)
     8. Failure: suppressAll (@test_suppressAll.R#7)
     9. Failure: suppressAll (@test_suppressAll.R#7)
     1. ...
    
     Error: testthat unit tests failed
     Execution halted
Flavors: r-devel-linux-x86_64-debian-gcc, r-devel-linux-x86_64-fedora-clang, r-devel-linux-x86_64-fedora-gcc, r-devel-osx-x86_64-clang, r-patched-linux-x86_64, r-patched-solaris-x86, r-release-linux-x86_64

Version: 1.9
Check: running tests for arch ‘i386’
Result: ERROR
    Running the tests in 'tests/run-all.R' failed.
    Last 13 lines of output:
     1. Failure: makeProgressBar global options (@test_makeProgressBar.R#41)
     2. Failure: makeProgressBar global options (@test_makeProgressBar.R#41)
     3. Failure: makeProgressBar global options (@test_makeProgressBar.R#41)
     4. Failure: makeProgressBar global options (@test_makeProgressBar.R#41)
     5. Failure: makeProgressBar global options (@test_makeProgressBar.R#41)
     6. Failure: makeProgressBar global options (@test_makeProgressBar.R#41)
     7. Failure: suppressAll (@test_suppressAll.R#6)
     8. Failure: suppressAll (@test_suppressAll.R#7)
     9. Failure: suppressAll (@test_suppressAll.R#7)
     1. ...
    
     Error: testthat unit tests failed
     Execution halted
Flavors: r-devel-windows-ix86+x86_64, r-release-windows-ix86+x86_64, r-oldrel-windows-ix86+x86_64

Version: 1.9
Check: running tests for arch ‘x64’
Result: ERROR
    Running the tests in 'tests/run-all.R' failed.
    Last 13 lines of output:
     1. Failure: makeProgressBar global options (@test_makeProgressBar.R#41)
     2. Failure: makeProgressBar global options (@test_makeProgressBar.R#41)
     3. Failure: makeProgressBar global options (@test_makeProgressBar.R#41)
     4. Failure: makeProgressBar global options (@test_makeProgressBar.R#41)
     5. Failure: makeProgressBar global options (@test_makeProgressBar.R#41)
     6. Failure: makeProgressBar global options (@test_makeProgressBar.R#41)
     7. Failure: suppressAll (@test_suppressAll.R#6)
     8. Failure: suppressAll (@test_suppressAll.R#7)
     9. Failure: suppressAll (@test_suppressAll.R#7)
     1. ...
    
     Error: testthat unit tests failed
     Execution halted
Flavors: r-devel-windows-ix86+x86_64, r-release-windows-ix86+x86_64, r-oldrel-windows-ix86+x86_64

Version: 1.9
Check: package dependencies
Result: NOTE
    Packages suggested but not available for checking:
     ‘testthat’ ‘microbenchmark’
Flavor: r-patched-solaris-sparc

Version: 1.9
Check: tests
Result: ERROR
    Running the tests in ‘tests/run-all.R’ failed.
    Last 13 lines of output:
     Type 'license()' or 'licence()' for distribution details.
    
     R is a collaborative project with many contributors.
     Type 'contributors()' for more information and
     'citation()' on how to cite R or R packages in publications.
    
     Type 'demo()' for some demos, 'help()' for on-line help, or
     'help.start()' for an HTML browser interface to help.
     Type 'q()' to quit R.
    
     > library(testthat)
     Error in library(testthat) : there is no package called 'testthat'
     Execution halted
Flavor: r-patched-solaris-sparc

Version: 1.9
Check: package dependencies
Result: NOTE
    Package suggested but not available for checking: ‘microbenchmark’
Flavor: r-patched-solaris-x86