CRAN Package Check Results for Package BBmisc

Last updated on 2017-12-14 06:46:48 CET.

Flavor Version Tinstall Tcheck Ttotal Status Flags
r-devel-linux-x86_64-debian-clang 1.11 4.44 22.93 27.37 FAIL
r-devel-linux-x86_64-debian-gcc 1.11 3.35 20.58 23.93 FAIL
r-devel-linux-x86_64-fedora-clang 1.11 45.17 OK
r-devel-linux-x86_64-fedora-gcc 1.11 48.93 OK
r-devel-windows-ix86+x86_64 1.11 22.00 79.00 101.00 OK
r-patched-linux-x86_64 1.11 3.97 34.48 38.45 OK
r-patched-solaris-x86 1.11 63.50 NOTE
r-release-linux-x86_64 1.11 4.30 35.29 39.59 OK
r-release-windows-ix86+x86_64 1.11 13.00 64.00 77.00 OK
r-release-osx-x86_64 1.11 OK
r-oldrel-windows-ix86+x86_64 1.11 20.00 72.00 92.00 OK
r-oldrel-osx-x86_64 1.11 OK

Check Details

Version: 1.11
Check: pragmas in C/C++ headers and code
Result: FAIL
    
Flavors: r-devel-linux-x86_64-debian-clang, r-devel-linux-x86_64-debian-gcc

Version: 1.11
Check: package dependencies
Result: NOTE
    Package suggested but not available for checking: ‘microbenchmark’
Flavor: r-patched-solaris-x86