CRAN Package Check Results for Package BBmisc

Last updated on 2014-12-18 23:47:44.

Flavor Version Tinstall Tcheck Ttotal Status Flags
r-devel-linux-x86_64-debian-clang 1.8 3.32 24.41 27.73 OK
r-devel-linux-x86_64-debian-gcc 1.8 2.66 23.99 26.65 OK
r-devel-linux-x86_64-fedora-clang 1.8 45.80 OK
r-devel-linux-x86_64-fedora-gcc 1.8 42.90 OK
r-devel-osx-x86_64-clang 1.8 52.17 OK
r-devel-windows-ix86+x86_64 1.8 13.00 47.00 60.00 OK
r-patched-linux-x86_64 1.8 2.88 25.03 27.91 OK
r-patched-solaris-sparc 1.8 232.40 NOTE
r-patched-solaris-x86 1.8 60.00 OK
r-release-linux-ix86 1.8 3.73 31.41 35.14 OK
r-release-linux-x86_64 1.8 3.10 25.66 28.76 OK
r-release-osx-x86_64-mavericks 1.8 OK
r-release-osx-x86_64-snowleopard 1.8 OK
r-release-windows-ix86+x86_64 1.8 11.00 48.00 59.00 OK
r-oldrel-windows-ix86+x86_64 1.8 12.00 52.00 64.00 OK

Check Details

Version: 1.8
Check: package dependencies
Result: NOTE
    Package suggested but not available for checking: ‘microbenchmark’
Flavor: r-patched-solaris-sparc