CRAN Package Check Results for Package BBmisc

Last updated on 2015-04-01 03:49:11.

Flavor Version Tinstall Tcheck Ttotal Status Flags
r-devel-linux-x86_64-debian-clang 1.9 2.85 23.99 26.84 OK
r-devel-linux-x86_64-debian-gcc 1.9 2.64 23.90 26.54 OK
r-devel-linux-x86_64-fedora-clang 1.9 40.62 OK
r-devel-linux-x86_64-fedora-gcc 1.9 39.61 OK
r-devel-osx-x86_64-clang 1.9 51.11 OK
r-prerel-windows-ix86+x86_64 1.9 15.00 46.00 61.00 OK
r-prerel-linux-x86_64 1.9 2.66 23.17 25.83 OK
r-prerel-solaris-sparc 1.9 259.60 NOTE
r-prerel-solaris-x86 1.9 53.00 OK
r-release-linux-x86_64 1.9 3.10 25.25 28.35 OK
r-release-osx-x86_64-mavericks 1.9 OK
r-release-osx-x86_64-snowleopard 1.9 OK
r-release-windows-ix86+x86_64 1.9 11.00 51.00 62.00 OK
r-oldrel-windows-ix86+x86_64 1.9 12.00 57.00 69.00 OK

Check Details

Version: 1.9
Check: package dependencies
Result: NOTE
    Package suggested but not available for checking: ‘microbenchmark’
Flavor: r-prerel-solaris-sparc