CRAN Package Check Results for Package BBmisc

Last updated on 2017-10-18 08:48:03.

Flavor Version Tinstall Tcheck Ttotal Status Flags
r-devel-linux-x86_64-debian-clang 1.11 5.24 29.53 34.76 OK
r-devel-linux-x86_64-debian-gcc 1.11 3.96 32.13 36.09 OK
r-devel-linux-x86_64-fedora-clang 1.11 48.96 OK
r-devel-linux-x86_64-fedora-gcc 1.11 48.16 OK
r-devel-windows-ix86+x86_64 1.11 11.00 59.00 70.00 OK
r-patched-linux-x86_64 1.11 2.94 29.18 32.12 OK
r-patched-solaris-x86 1.11 63.50 NOTE
r-release-linux-x86_64 1.11 3.01 28.47 31.48 OK
r-release-windows-ix86+x86_64 1.11 18.00 76.00 94.00 OK
r-release-osx-x86_64 1.11 OK
r-oldrel-windows-ix86+x86_64 1.11 16.00 79.00 95.00 OK
r-oldrel-osx-x86_64 1.11 OK

Check Details

Version: 1.11
Check: package dependencies
Result: NOTE
    Package suggested but not available for checking: ‘microbenchmark’
Flavor: r-patched-solaris-x86