CRAN Package Check Results for Package BBmisc

Last updated on 2017-02-24 11:48:00.

Flavor Version Tinstall Tcheck Ttotal Status Flags
r-devel-linux-x86_64-debian-clang 1.10 2.97 28.61 31.58 NOTE
r-devel-linux-x86_64-debian-gcc 1.10 3.18 28.07 31.24 NOTE
r-devel-linux-x86_64-fedora-clang 1.10 44.59 NOTE --no-stop-on-test-error
r-devel-linux-x86_64-fedora-gcc 1.10 53.96 NOTE --no-stop-on-test-error
r-devel-macos-x86_64-clang 1.10 40.89 NOTE --no-stop-on-test-error
r-devel-windows-ix86+x86_64 1.10 37.00 80.00 117.00 OK
r-patched-linux-x86_64 1.10 2.79 26.35 29.14 OK
r-patched-solaris-sparc 1.10 259.20 NOTE
r-patched-solaris-x86 1.10 55.10 NOTE
r-release-linux-x86_64 1.10 2.82 26.48 29.30 OK
r-release-osx-x86_64-mavericks 1.10 OK
r-release-windows-ix86+x86_64 1.10 32.00 123.00 155.00 OK
r-oldrel-windows-ix86+x86_64 1.10 31.00 131.00 162.00 OK

Check Details

Version: 1.10
Check: compiled code
Result: NOTE
    File ‘BBmisc/libs/BBmisc.so’:
     Found no calls to: ‘R_registerRoutines’, ‘R_useDynamicSymbols’
    
    It is good practice to register native routines and to disable symbol
    search.
    
    See ‘Writing portable packages’ in the ‘Writing R Extensions’ manual.
Flavors: r-devel-linux-x86_64-debian-clang, r-devel-linux-x86_64-debian-gcc

Version: 1.10
Flags: --no-stop-on-test-error
Check: compiled code
Result: NOTE
    File ‘BBmisc/libs/BBmisc.so’:
     Found no calls to: ‘R_registerRoutines’, ‘R_useDynamicSymbols’
    
    It is good practice to register native routines and to disable symbol
    search.
    
    See ‘Writing portable packages’ in the ‘Writing R Extensions’ manual.
Flavors: r-devel-linux-x86_64-fedora-clang, r-devel-linux-x86_64-fedora-gcc, r-devel-macos-x86_64-clang

Version: 1.10
Check: package dependencies
Result: NOTE
    Package suggested but not available for checking: ‘microbenchmark’
Flavors: r-patched-solaris-sparc, r-patched-solaris-x86