CRAN Package Check Results for Package BBmisc

Last updated on 2017-01-22 03:46:51.

Flavor Version Tinstall Tcheck Ttotal Status Flags
r-devel-linux-x86_64-debian-clang 1.10 3.12 28.48 31.60 OK
r-devel-linux-x86_64-debian-gcc 1.10 2.75 27.56 30.31 OK
r-devel-linux-x86_64-fedora-clang 1.10 46.19 OK --no-stop-on-test-error
r-devel-linux-x86_64-fedora-gcc 1.10 51.35 OK --no-stop-on-test-error
r-devel-macos-x86_64-clang 1.10 40.09 OK --no-stop-on-test-error
r-devel-windows-ix86+x86_64 1.10 20.00 76.00 96.00 OK
r-patched-linux-x86_64 1.10 3.02 26.36 29.38 OK
r-patched-solaris-sparc 1.10 259.20 NOTE
r-patched-solaris-x86 1.10 53.40 NOTE
r-release-linux-x86_64 1.10 2.73 31.38 34.11 OK
r-release-osx-x86_64-mavericks 1.10 OK
r-release-windows-ix86+x86_64 1.10 56.00 61.00 117.00 OK
r-oldrel-windows-ix86+x86_64 1.10 42.00 74.00 116.00 OK

Check Details

Version: 1.10
Check: package dependencies
Result: NOTE
    Package suggested but not available for checking: ‘microbenchmark’
Flavors: r-patched-solaris-sparc, r-patched-solaris-x86