CRAN Package Check Results for Package BBmisc

Last updated on 2015-08-04 23:48:04.

Flavor Version Tinstall Tcheck Ttotal Status Flags
r-devel-linux-x86_64-debian-clang 1.9 2.67 22.93 25.60 NOTE
r-devel-linux-x86_64-debian-gcc 1.9 2.50 22.26 24.76 NOTE
r-devel-linux-x86_64-fedora-clang 1.9 38.80 NOTE
r-devel-linux-x86_64-fedora-gcc 1.9 36.52 NOTE
r-devel-osx-x86_64-clang 1.9 43.36 OK
r-devel-windows-ix86+x86_64 1.9 19.00 51.00 70.00 NOTE
r-patched-linux-x86_64 1.9 2.74 22.30 25.04 OK
r-patched-solaris-sparc 1.9 253.00 NOTE
r-patched-solaris-x86 1.9 52.90 OK
r-release-linux-x86_64 1.9 2.78 23.00 25.78 OK
r-release-osx-x86_64-mavericks 1.9 OK
r-release-windows-ix86+x86_64 1.9 17.00 51.00 68.00 OK
r-oldrel-windows-ix86+x86_64 1.9 21.00 55.00 76.00 OK

Check Details

Version: 1.9
Check: R code for possible problems
Result: NOTE
    checkArg : mycheck: no visible global function definition for ‘is’
    checkListElementClass : <anonymous>: no visible global function
     definition for ‘is’
    circularBuffer : <anonymous>: no visible global function definition for
     ‘head’
    getRelativePath: no visible global function definition for ‘tail’
    lib : getLib: no visible global function definition for
     ‘install.packages’
    makeProgressBar : draw: no visible global function definition for
     ‘flush.console’
    makeSimpleFileLogger : <anonymous>: no visible global function
     definition for ‘tail’
    printStrToChar: no visible global function definition for ‘str’
    suppressAll: no visible global function definition for ‘capture.output’
    system3 : <anonymous>: no visible global function definition for ‘tail’
    Undefined global functions or variables:
     capture.output flush.console head install.packages is str tail
    Consider adding
     importFrom("methods", "is")
     importFrom("utils", "capture.output", "flush.console", "head",
     "install.packages", "str", "tail")
    to your NAMESPACE.
Flavors: r-devel-linux-x86_64-debian-clang, r-devel-linux-x86_64-debian-gcc, r-devel-linux-x86_64-fedora-clang, r-devel-linux-x86_64-fedora-gcc, r-devel-windows-ix86+x86_64

Version: 1.9
Check: package dependencies
Result: NOTE
    Package suggested but not available for checking: ‘microbenchmark’
Flavor: r-patched-solaris-sparc