CRAN Package Check Results for Package BCA

Last updated on 2015-04-18 13:48:40.

Flavor Version Tinstall Tcheck Ttotal Status Flags
r-devel-linux-x86_64-debian-clang 0.9-3 4.87 55.77 60.64 NOTE
r-devel-linux-x86_64-debian-gcc 0.9-3 6.89 53.20 60.09 NOTE
r-devel-linux-x86_64-fedora-clang 0.9-3 122.87 NOTE
r-devel-linux-x86_64-fedora-gcc 0.9-3 133.18 NOTE
r-devel-osx-x86_64-clang 0.9-3 110.68 NOTE
r-patched-linux-x86_64 0.9-3 4.76 53.14 57.91 NOTE
r-patched-solaris-sparc 0.9-3 722.60 NOTE
r-patched-solaris-x86 0.9-3 166.80 NOTE
r-release-linux-x86_64 0.9-3 4.94 53.56 58.50 NOTE
r-release-osx-x86_64-mavericks 0.9-3 NOTE
r-release-osx-x86_64-snowleopard 0.9-3 OK
r-release-windows-ix86+x86_64 0.9-3 54.00 223.00 277.00 NOTE
r-oldrel-windows-ix86+x86_64 0.9-3 66.00 239.00 305.00 OK

Check Details

Version: 0.9-3
Check: DESCRIPTION meta-information
Result: NOTE
    Malformed Description field: should contain one or more complete sentences.
Flavors: r-devel-linux-x86_64-debian-clang, r-devel-linux-x86_64-debian-gcc, r-devel-linux-x86_64-fedora-clang, r-devel-linux-x86_64-fedora-gcc, r-devel-osx-x86_64-clang, r-patched-linux-x86_64, r-patched-solaris-sparc, r-patched-solaris-x86, r-release-linux-x86_64, r-release-osx-x86_64-mavericks

Version: 0.9-3
Check: dependencies in R code
Result: NOTE
    'library' or 'require' call to ‘rgl’ in package code.
     Please use :: or requireNamespace() instead.
     See section 'Suggested packages' in the 'Writing R Extensions' manual.
Flavors: r-devel-linux-x86_64-debian-clang, r-devel-linux-x86_64-debian-gcc, r-devel-linux-x86_64-fedora-clang, r-devel-linux-x86_64-fedora-gcc, r-devel-osx-x86_64-clang, r-patched-linux-x86_64, r-patched-solaris-sparc, r-patched-solaris-x86, r-release-linux-x86_64, r-release-osx-x86_64-mavericks, r-release-windows-ix86+x86_64