CRAN Package Check Results for Package BCA

Last updated on 2014-08-28 08:48:48.

Flavor Version Tinstall Tcheck Ttotal Status Flags
r-devel-linux-x86_64-debian-clang 0.9-2 2.92 37.92 40.84 WARN
r-devel-linux-x86_64-debian-gcc 0.9-2 2.88 37.13 40.01 WARN
r-devel-linux-x86_64-fedora-clang 0.9-2 80.23 WARN
r-devel-linux-x86_64-fedora-gcc 0.9-2 77.40 WARN
r-devel-osx-x86_64-clang 0.9-2 78.09 WARN
r-devel-windows-ix86+x86_64 0.9-2 21.00 69.00 90.00 WARN
r-patched-linux-x86_64 0.9-2 3.01 41.54 44.55 WARN
r-patched-solaris-sparc 0.9-2 444.40 WARN
r-patched-solaris-x86 0.9-2 137.50 WARN
r-release-linux-ix86 0.9-2 3.87 53.77 57.64 WARN
r-release-linux-x86_64 0.9-2 2.96 42.12 45.08 WARN
r-release-osx-x86_64-mavericks 0.9-2 NOTE
r-release-windows-ix86+x86_64 0.9-2 19.00 82.00 101.00 WARN
r-oldrel-windows-ix86+x86_64 0.9-2 23.00 81.00 104.00 WARN

Check Details

Version: 0.9-2
Check: package dependencies
Result: NOTE
    Depends: includes the non-default packages:
     ‘car’ ‘clv’ ‘cluster’ ‘class’ ‘flexclust’ ‘rpart’ ‘nnet’ ‘rgl’
     ‘Rcmdr’
    Adding so many packages to the search path is excessive and importing
    selectively is preferable.
Flavors: r-devel-linux-x86_64-debian-clang, r-devel-linux-x86_64-debian-gcc, r-devel-linux-x86_64-fedora-clang, r-devel-linux-x86_64-fedora-gcc, r-devel-osx-x86_64-clang, r-devel-windows-ix86+x86_64, r-patched-linux-x86_64, r-patched-solaris-sparc, r-patched-solaris-x86, r-release-linux-ix86, r-release-linux-x86_64, r-release-osx-x86_64-mavericks, r-release-windows-ix86+x86_64

Version: 0.9-2
Check: dependencies in R code
Result: NOTE
    'library' or 'require' calls to packages already attached by Depends:
     ‘Rcmdr’ ‘car’ ‘clv’ ‘flexclust’ ‘nnet’ ‘rgl’
     Please remove these calls from your code.
    Packages in Depends field not imported from:
     ‘Rcmdr’ ‘car’ ‘class’ ‘cluster’ ‘clv’ ‘flexclust’ ‘nnet’ ‘rgl’
     ‘rpart’
     These packages need to be imported from (in the NAMESPACE file)
     for when this namespace is loaded but not attached.
    See the information on DESCRIPTION files in the chapter ‘Creating R
    packages’ of the ‘Writing R Extensions’ manual.
Flavors: r-devel-linux-x86_64-debian-clang, r-devel-linux-x86_64-debian-gcc, r-devel-linux-x86_64-fedora-clang, r-devel-linux-x86_64-fedora-gcc, r-devel-osx-x86_64-clang, r-devel-windows-ix86+x86_64, r-patched-linux-x86_64, r-patched-solaris-sparc, r-patched-solaris-x86, r-release-linux-ix86, r-release-linux-x86_64, r-release-osx-x86_64-mavericks, r-release-windows-ix86+x86_64, r-oldrel-windows-ix86+x86_64

Version: 0.9-2
Check: R code for possible problems
Result: NOTE
    Nnet: no visible global function definition for ‘nnet’
    SD.clv: no visible global function definition for ‘clv.Scatt’
    SD.clv: no visible global function definition for ‘clv.Dis’
    SD.clv: no visible global function definition for ‘clv.SD’
    SDIndex: no visible global function definition for ‘KMeans’
    SDIndex: no visible global function definition for ‘clv.Scatt’
    SDIndex: no visible global function definition for ‘clv.Dis’
    adjProbScore: no visible global function definition for ‘ActiveDataSet’
    bootCVD: no visible global function definition for ‘bootFlexclust’
    bootCVD: no visible binding for global variable ‘cclust’
    bootCVD: no visible binding for global variable ‘kcca’
    bootCVD: no visible global function definition for ‘kccaFamily’
    bpCent3d: no visible global function definition for ‘rgl.clear’
    bpCent3d: no visible global function definition for ‘rgl.viewpoint’
    bpCent3d: no visible global function definition for ‘rgl.bg’
    bpCent3d: no visible global function definition for ‘rgl.lines’
    bpCent3d: no visible global function definition for ‘rgl.texts’
    bpCent3d: no visible global function definition for ‘texts3d’
    bpCent3d: no visible global function definition for ‘lines3d’
    lift.chart: no visible global function definition for ‘Message’
    lift.chart: no visible global function definition for ‘gettextRcmdr’
    nnSub: no visible global function definition for ‘trim.blanks’
    rankScore: no visible global function definition for ‘ActiveDataSet’
    rawProbScore: no visible global function definition for ‘ActiveDataSet’
    scatterplotBCA.default: no visible global function definition for
     ‘Boxplot’
    scatterplotBCA.default: no visible global function definition for
     ‘showLabels’
    scatterplotMatrixBCA.default: no visible global function definition for
     ‘powerTransform’
    scatterplotMatrixBCA.default: no visible global function definition for
     ‘bcPower’
    scatterplotMatrixBCA.default: no visible global function definition for
     ‘yjPower’
    scatterplotMatrixBCA.default : <anonymous>: no visible global function
     definition for ‘dataEllipse’
    scatterplotMatrixBCA.default : <anonymous>: no visible global function
     definition for ‘showLabels’
Flavors: r-devel-linux-x86_64-debian-clang, r-devel-linux-x86_64-debian-gcc, r-devel-linux-x86_64-fedora-clang, r-devel-linux-x86_64-fedora-gcc, r-devel-osx-x86_64-clang, r-devel-windows-ix86+x86_64

Version: 0.9-2
Check: Rd cross-references
Result: WARN
    Missing link or links in documentation object 'SDIndex.Rd':
     ‘KMeans’
    
    See the information in section 'Cross-references' of the 'Writing R
    Extensions' manual.
Flavors: r-devel-linux-x86_64-debian-clang, r-devel-linux-x86_64-debian-gcc, r-devel-linux-x86_64-fedora-clang, r-devel-linux-x86_64-fedora-gcc, r-devel-osx-x86_64-clang, r-devel-windows-ix86+x86_64, r-patched-linux-x86_64, r-patched-solaris-sparc, r-patched-solaris-x86, r-release-linux-ix86, r-release-linux-x86_64, r-release-windows-ix86+x86_64

Version: 0.9-2
Check: Rd cross-references
Result: WARN
    Missing link or links in documentation object 'D:/temp/RtmpwtJEp2/R.INSTALL29fc75f24796/BCA/man/SDIndex.Rd':
     'KMeans'
    
    See the information in section 'Cross-references' of the 'Writing R
    Extensions' manual.
Flavor: r-oldrel-windows-ix86+x86_64