CRAN Package Check Results for Package BCA

Last updated on 2014-07-24 17:48:58.

Flavor Version Tinstall Tcheck Ttotal Status Flags
r-devel-linux-x86_64-debian-clang 0.9-2 2.67 31.58 34.24 NOTE
r-devel-linux-x86_64-debian-gcc 0.9-2 2.18 31.58 33.76 NOTE
r-devel-linux-x86_64-fedora-clang 0.9-2 68.68 NOTE
r-devel-linux-x86_64-fedora-gcc 0.9-2 65.37 NOTE
r-devel-osx-x86_64-clang 0.9-2 66.24 NOTE
r-devel-windows-ix86+x86_64 0.9-2 15.00 62.00 77.00 NOTE
r-patched-linux-x86_64 0.9-2 2.19 31.24 33.44 NOTE
r-patched-solaris-sparc 0.9-2 383.30 NOTE
r-patched-solaris-x86 0.9-2 99.90 NOTE
r-release-linux-ix86 0.9-2 3.62 44.24 47.86 NOTE
r-release-linux-x86_64 0.9-2 2.34 32.75 35.09 NOTE
r-release-osx-x86_64-mavericks 0.9-2 NOTE
r-release-windows-ix86+x86_64 0.9-2 15.00 61.00 76.00 NOTE
r-oldrel-windows-ix86+x86_64 0.9-2 17.00 63.00 80.00 NOTE

Check Details

Version: 0.9-2
Check: package dependencies
Result: NOTE
    Depends: includes the non-default packages:
     ‘car’ ‘clv’ ‘cluster’ ‘class’ ‘flexclust’ ‘rpart’ ‘nnet’ ‘rgl’
     ‘Rcmdr’
    Adding so many packages to the search path is excessive and importing
    selectively is preferable.
Flavors: r-devel-linux-x86_64-debian-clang, r-devel-linux-x86_64-debian-gcc, r-devel-linux-x86_64-fedora-clang, r-devel-linux-x86_64-fedora-gcc, r-devel-osx-x86_64-clang, r-devel-windows-ix86+x86_64, r-patched-linux-x86_64, r-patched-solaris-sparc, r-patched-solaris-x86, r-release-linux-ix86, r-release-linux-x86_64, r-release-osx-x86_64-mavericks, r-release-windows-ix86+x86_64

Version: 0.9-2
Check: dependencies in R code
Result: NOTE
    'library' or 'require' calls to packages already attached by Depends:
     ‘Rcmdr’ ‘car’ ‘clv’ ‘flexclust’ ‘nnet’ ‘rgl’
     Please remove these calls from your code.
    Packages in Depends field not imported from:
     ‘Rcmdr’ ‘car’ ‘class’ ‘cluster’ ‘clv’ ‘flexclust’ ‘nnet’ ‘rgl’
     ‘rpart’
     These packages need to be imported from (in the NAMESPACE file)
     for when this namespace is loaded but not attached.
    See the information on DESCRIPTION files in the chapter ‘Creating R
    packages’ of the ‘Writing R Extensions’ manual.
Flavors: r-devel-linux-x86_64-debian-clang, r-devel-linux-x86_64-debian-gcc, r-devel-linux-x86_64-fedora-clang, r-devel-linux-x86_64-fedora-gcc, r-devel-osx-x86_64-clang, r-devel-windows-ix86+x86_64, r-patched-linux-x86_64, r-patched-solaris-sparc, r-patched-solaris-x86, r-release-linux-ix86, r-release-linux-x86_64, r-release-osx-x86_64-mavericks, r-release-windows-ix86+x86_64, r-oldrel-windows-ix86+x86_64