CRAN Package Check Results for Package BCA

Last updated on 2015-05-30 15:47:37.

Flavor Version Tinstall Tcheck Ttotal Status Flags
r-devel-linux-x86_64-debian-clang 0.9-3 4.82 56.75 61.57 NOTE
r-devel-linux-x86_64-debian-gcc 0.9-3 4.96 53.61 58.57 NOTE
r-devel-linux-x86_64-fedora-clang 0.9-3 126.73 NOTE
r-devel-linux-x86_64-fedora-gcc 0.9-3 116.79 NOTE
r-devel-osx-x86_64-clang 0.9-3 108.49 NOTE
r-devel-windows-ix86+x86_64 0.9-3 44.00 79.00 123.00 NOTE
r-patched-linux-x86_64 0.9-3 4.92 54.35 59.27 NOTE
r-patched-solaris-sparc 0.9-3 748.30 NOTE
r-patched-solaris-x86 0.9-3 178.10 NOTE
r-release-linux-x86_64 0.9-3 4.75 55.03 59.78 NOTE
r-release-osx-x86_64-mavericks 0.9-3 NOTE
r-release-osx-x86_64-snowleopard 0.9-3 ERROR
r-release-windows-ix86+x86_64 0.9-3 36.00 85.00 121.00 NOTE
r-oldrel-windows-ix86+x86_64 0.9-3 46.00 169.00 215.00 NOTE

Check Details

Version: 0.9-3
Check: DESCRIPTION meta-information
Result: NOTE
    Malformed Description field: should contain one or more complete sentences.
Flavors: r-devel-linux-x86_64-debian-clang, r-devel-linux-x86_64-debian-gcc, r-devel-linux-x86_64-fedora-clang, r-devel-linux-x86_64-fedora-gcc, r-devel-osx-x86_64-clang, r-devel-windows-ix86+x86_64, r-patched-linux-x86_64, r-patched-solaris-sparc, r-patched-solaris-x86, r-release-linux-x86_64, r-release-osx-x86_64-mavericks, r-release-windows-ix86+x86_64

Version: 0.9-3
Check: dependencies in R code
Result: NOTE
    'library' or 'require' call to ‘rgl’ in package code.
     Please use :: or requireNamespace() instead.
     See section 'Suggested packages' in the 'Writing R Extensions' manual.
Flavors: r-devel-linux-x86_64-debian-clang, r-devel-linux-x86_64-debian-gcc, r-devel-linux-x86_64-fedora-clang, r-devel-linux-x86_64-fedora-gcc, r-devel-osx-x86_64-clang, r-devel-windows-ix86+x86_64, r-patched-linux-x86_64, r-patched-solaris-sparc, r-patched-solaris-x86, r-release-linux-x86_64, r-release-osx-x86_64-mavericks, r-release-windows-ix86+x86_64, r-oldrel-windows-ix86+x86_64

Version: 0.9-3
Check: package dependencies
Result: ERROR
    Packages required but not available: ‘RcmdrMisc’ ‘Rcmdr’ ‘car’
    
    See section ‘The DESCRIPTION file’ in the ‘Writing R Extensions’
    manual.
Flavor: r-release-osx-x86_64-snowleopard