CRAN Package Check Results for Package BCA

Last updated on 2016-05-31 11:50:10.

Flavor Version Tinstall Tcheck Ttotal Status Flags
r-devel-linux-x86_64-debian-gcc 0.9-3 4.74 56.65 61.38 NOTE
r-devel-linux-x86_64-fedora-clang 0.9-3 120.05 NOTE
r-devel-linux-x86_64-fedora-gcc 0.9-3 146.76 NOTE
r-devel-osx-x86_64-clang 0.9-3 131.10 NOTE
r-devel-windows-ix86+x86_64 0.9-3 43.00 106.00 149.00 NOTE
r-patched-linux-x86_64 0.9-3 5.87 60.44 66.30 NOTE
r-patched-solaris-sparc 0.9-3 712.00 NOTE
r-patched-solaris-x86 0.9-3 168.60 NOTE
r-release-linux-x86_64 0.9-3 5.61 55.37 60.98 NOTE
r-release-osx-x86_64-mavericks 0.9-3 WARN
r-release-windows-ix86+x86_64 0.9-3 36.00 100.00 136.00 NOTE
r-oldrel-windows-ix86+x86_64 0.9-3 35.00 106.00 141.00 NOTE

Check Details

Version: 0.9-3
Check: DESCRIPTION meta-information
Result: NOTE
    Malformed Description field: should contain one or more complete sentences.
Flavors: r-devel-linux-x86_64-debian-gcc, r-devel-linux-x86_64-fedora-clang, r-devel-linux-x86_64-fedora-gcc, r-devel-osx-x86_64-clang, r-devel-windows-ix86+x86_64, r-patched-linux-x86_64, r-patched-solaris-sparc, r-patched-solaris-x86, r-release-linux-x86_64, r-release-osx-x86_64-mavericks, r-release-windows-ix86+x86_64, r-oldrel-windows-ix86+x86_64

Version: 0.9-3
Check: dependencies in R code
Result: NOTE
    'library' or 'require' call to ‘rgl’ in package code.
     Please use :: or requireNamespace() instead.
     See section 'Suggested packages' in the 'Writing R Extensions' manual.
Flavors: r-devel-linux-x86_64-debian-gcc, r-devel-linux-x86_64-fedora-clang, r-devel-linux-x86_64-fedora-gcc, r-devel-osx-x86_64-clang, r-devel-windows-ix86+x86_64, r-patched-linux-x86_64, r-patched-solaris-sparc, r-patched-solaris-x86, r-release-linux-x86_64, r-release-windows-ix86+x86_64, r-oldrel-windows-ix86+x86_64

Version: 0.9-3
Check: R code for possible problems
Result: NOTE
    SDIndex: no visible global function definition for ‘plot’
    SDIndex: no visible global function definition for ‘palette’
    adjProbScore: no visible global function definition for ‘predict’
    bootCH: no visible binding for global variable ‘median’
    bootCVD: no visible global function definition for ‘par’
    bootCVD: no visible global function definition for ‘boxplot’
    bootPlot: no visible global function definition for ‘par’
    bootPlot: no visible global function definition for ‘boxplot’
    bpCent: no visible global function definition for ‘palette’
    bpCent: no visible global function definition for ‘par’
    bpCent: no visible global function definition for ‘plot’
    bpCent: no visible global function definition for ‘text’
    bpCent: no visible global function definition for ‘axis’
    bpCent: no visible global function definition for ‘box’
    bpCent: no visible global function definition for ‘arrows’
    create.samples: no visible global function definition for ‘runif’
    lift.chart: no visible global function definition for ‘runif’
    lift.chart: no visible global function definition for ‘palette’
    lift.chart: no visible global function definition for ‘plot’
    lift.chart: no visible global function definition for ‘predict’
    lift.chart: no visible global function definition for ‘lines’
    lift.chart: no visible global function definition for ‘points’
    lift.chart: no visible global function definition for ‘legend’
    rankScore: no visible global function definition for ‘predict’
    rawProbScore: no visible global function definition for ‘predict’
    scatterplotBCA.default: no visible binding for global variable ‘lm’
    scatterplotBCA.default: no visible global function definition for ‘par’
    scatterplotBCA.default: no visible global function definition for
     ‘palette’
    scatterplotBCA.default : lowess.line: no visible global function
     definition for ‘complete.cases’
    scatterplotBCA.default : lowess.line: no visible global function
     definition for ‘loess.smooth’
    scatterplotBCA.default : lowess.line: no visible global function
     definition for ‘lines’
    scatterplotBCA.default : lowess.line: no visible global function
     definition for ‘loess’
    scatterplotBCA.default : lowess.line: no visible global function
     definition for ‘residuals’
    scatterplotBCA.default : lowess.line: no visible global function
     definition for ‘fitted’
    scatterplotBCA.default : reg: no visible global function definition for
     ‘fitted.values’
    scatterplotBCA.default : reg: no visible global function definition for
     ‘model.matrix’
    scatterplotBCA.default : reg: no visible global function definition for
     ‘lines’
    scatterplotBCA.default : hbox: no visible global function definition
     for ‘plot’
    scatterplotBCA.default : hbox: no visible global function definition
     for ‘boxplot.stats’
    scatterplotBCA.default : hbox: no visible global function definition
     for ‘lines’
    scatterplotBCA.default : hbox: no visible global function definition
     for ‘points’
    scatterplotBCA.default : vbox: no visible global function definition
     for ‘plot’
    scatterplotBCA.default : vbox: no visible global function definition
     for ‘boxplot.stats’
    scatterplotBCA.default : vbox: no visible global function definition
     for ‘lines’
    scatterplotBCA.default : vbox: no visible global function definition
     for ‘points’
    scatterplotBCA.default: no visible global function definition for
     ‘na.omit’
    scatterplotBCA.default: no visible global function definition for
     ‘layout’
    scatterplotBCA.default: no visible global function definition for
     ‘plot’
    scatterplotBCA.default: no visible global function definition for ‘box’
    scatterplotBCA.default: no visible global function definition for
     ‘points’
    scatterplotBCA.default: no visible global function definition for
     ‘strheight’
    scatterplotBCA.default: no visible global function definition for
     ‘legend’
    scatterplotBCA.formula: no visible binding for global variable
     ‘na.omit’
    scatterplotBCA.formula: no visible global function definition for
     ‘as.formula’
    scatterplotBCA.formula: no visible global function definition for
     ‘na.omit’
    scatterplotMatrixBCA.default: no visible binding for global variable
     ‘lm’
    scatterplotMatrixBCA.default: no visible global function definition for
     ‘palette’
    scatterplotMatrixBCA.default: no visible global function definition for
     ‘par’
    scatterplotMatrixBCA.default : lowess.line: no visible global function
     definition for ‘complete.cases’
    scatterplotMatrixBCA.default : lowess.line: no visible global function
     definition for ‘loess.smooth’
    scatterplotMatrixBCA.default : lowess.line: no visible global function
     definition for ‘lines’
    scatterplotMatrixBCA.default : lowess.line: no visible global function
     definition for ‘loess’
    scatterplotMatrixBCA.default : lowess.line: no visible global function
     definition for ‘residuals’
    scatterplotMatrixBCA.default : lowess.line: no visible global function
     definition for ‘fitted’
    scatterplotMatrixBCA.default: no visible global function definition for
     ‘na.omit’
    scatterplotMatrixBCA.default : reg: no visible global function
     definition for ‘fitted.values’
    scatterplotMatrixBCA.default : reg: no visible global function
     definition for ‘model.matrix’
    scatterplotMatrixBCA.default : reg: no visible global function
     definition for ‘lines’
    scatterplotMatrixBCA.default : legendPlot: no visible global function
     definition for ‘par’
    scatterplotMatrixBCA.default : legendPlot: no visible global function
     definition for ‘legend’
    scatterplotMatrixBCA.default : panel.density: no visible global
     function definition for ‘density’
    scatterplotMatrixBCA.default : panel.density: no visible global
     function definition for ‘lines’
    scatterplotMatrixBCA.default : panel.density: no visible global
     function definition for ‘rug’
    scatterplotMatrixBCA.default : panel.histogram: no visible global
     function definition for ‘par’
    scatterplotMatrixBCA.default : panel.histogram: no visible global
     function definition for ‘hist’
    scatterplotMatrixBCA.default : panel.boxplot: no visible global
     function definition for ‘par’
    scatterplotMatrixBCA.default : panel.boxplot: no visible global
     function definition for ‘boxplot’
    scatterplotMatrixBCA.default : panel.oned: no visible global function
     definition for ‘segments’
    scatterplotMatrixBCA.default : panel.qqplot: no visible global function
     definition for ‘par’
    scatterplotMatrixBCA.default : panel.qqplot: no visible global function
     definition for ‘qqnorm’
    scatterplotMatrixBCA.default : panel.qqplot: no visible global function
     definition for ‘qqline’
    scatterplotMatrixBCA.default: no visible global function definition for
     ‘coef’
    scatterplotMatrixBCA.default: no visible global function definition for
     ‘pairs’
    scatterplotMatrixBCA.default : <anonymous>: no visible global function
     definition for ‘points’
    scatterplotMatrixBCA.default : <anonymous>: no visible global function
     definition for ‘abline’
    scatterplotMatrixBCA.formula: no visible global function definition for
     ‘as.formula’
    scatterplotMatrixBCA.formula: no visible global function definition for
     ‘na.omit’
    variable.summary : <anonymous>: no visible global function definition
     for ‘sd’
    Undefined global functions or variables:
     abline arrows as.formula axis box boxplot boxplot.stats coef
     complete.cases density fitted fitted.values hist layout legend lines
     lm loess loess.smooth median model.matrix na.omit pairs palette par
     plot points predict qqline qqnorm residuals rug runif sd segments
     strheight text
    Consider adding
     importFrom("grDevices", "boxplot.stats", "palette")
     importFrom("graphics", "abline", "arrows", "axis", "box", "boxplot",
     "hist", "layout", "legend", "lines", "pairs", "par", "plot",
     "points", "rug", "segments", "strheight", "text")
     importFrom("stats", "as.formula", "coef", "complete.cases", "density",
     "fitted", "fitted.values", "lm", "loess", "loess.smooth",
     "median", "model.matrix", "na.omit", "predict", "qqline",
     "qqnorm", "residuals", "runif", "sd")
    to your NAMESPACE file.
Flavors: r-devel-linux-x86_64-debian-gcc, r-devel-linux-x86_64-fedora-clang, r-devel-linux-x86_64-fedora-gcc, r-devel-osx-x86_64-clang, r-devel-windows-ix86+x86_64, r-patched-linux-x86_64, r-patched-solaris-sparc, r-patched-solaris-x86, r-release-linux-x86_64, r-release-windows-ix86+x86_64

Version: 0.9-3
Check: dependencies in R code
Result: NOTE
    Invalid MIT-MAGIC-COOKIE-1 keyInvalid MIT-MAGIC-COOKIE-1 key'library' or 'require' call to ‘rgl’ in package code.
     Please use :: or requireNamespace() instead.
     See section 'Suggested packages' in the 'Writing R Extensions' manual.
Flavor: r-release-osx-x86_64-mavericks

Version: 0.9-3
Check: S3 generic/method consistency
Result: WARN
    Invalid MIT-MAGIC-COOKIE-1 key
    See section ‘Generic functions and methods’ in the ‘Writing R
    Extensions’ manual.
Flavor: r-release-osx-x86_64-mavericks

Version: 0.9-3
Check: replacement functions
Result: WARN
    Invalid MIT-MAGIC-COOKIE-1 key
    The argument of a replacement function which corresponds to the right
    hand side must be named ‘value’.
Flavor: r-release-osx-x86_64-mavericks

Version: 0.9-3
Check: foreign function calls
Result: NOTE
    Invalid MIT-MAGIC-COOKIE-1 key
    See chapter ‘System and foreign language interfaces’ in the ‘Writing R
    Extensions’ manual.
Flavor: r-release-osx-x86_64-mavericks

Version: 0.9-3
Check: R code for possible problems
Result: NOTE
    Invalid MIT-MAGIC-COOKIE-1 keySDIndex: no visible global function definition for ‘plot’
    SDIndex: no visible global function definition for ‘palette’
    adjProbScore: no visible global function definition for ‘predict’
    bootCH: no visible binding for global variable ‘median’
    bootCVD: no visible global function definition for ‘par’
    bootCVD: no visible global function definition for ‘boxplot’
    bootPlot: no visible global function definition for ‘par’
    bootPlot: no visible global function definition for ‘boxplot’
    bpCent: no visible global function definition for ‘palette’
    bpCent: no visible global function definition for ‘par’
    bpCent: no visible global function definition for ‘plot’
    bpCent: no visible global function definition for ‘text’
    bpCent: no visible global function definition for ‘axis’
    bpCent: no visible global function definition for ‘box’
    bpCent: no visible global function definition for ‘arrows’
    create.samples: no visible global function definition for ‘runif’
    lift.chart: no visible global function definition for ‘runif’
    lift.chart: no visible global function definition for ‘palette’
    lift.chart: no visible global function definition for ‘plot’
    lift.chart: no visible global function definition for ‘predict’
    lift.chart: no visible global function definition for ‘lines’
    lift.chart: no visible global function definition for ‘points’
    lift.chart: no visible global function definition for ‘legend’
    rankScore: no visible global function definition for ‘predict’
    rawProbScore: no visible global function definition for ‘predict’
    scatterplotBCA.default: no visible binding for global variable ‘lm’
    scatterplotBCA.default: no visible global function definition for ‘par’
    scatterplotBCA.default: no visible global function definition for
     ‘palette’
    scatterplotBCA.default : lowess.line: no visible global function
     definition for ‘complete.cases’
    scatterplotBCA.default : lowess.line: no visible global function
     definition for ‘loess.smooth’
    scatterplotBCA.default : lowess.line: no visible global function
     definition for ‘lines’
    scatterplotBCA.default : lowess.line: no visible global function
     definition for ‘loess’
    scatterplotBCA.default : lowess.line: no visible global function
     definition for ‘residuals’
    scatterplotBCA.default : lowess.line: no visible global function
     definition for ‘fitted’
    scatterplotBCA.default : reg: no visible global function definition for
     ‘fitted.values’
    scatterplotBCA.default : reg: no visible global function definition for
     ‘model.matrix’
    scatterplotBCA.default : reg: no visible global function definition for
     ‘lines’
    scatterplotBCA.default : hbox: no visible global function definition
     for ‘plot’
    scatterplotBCA.default : hbox: no visible global function definition
     for ‘boxplot.stats’
    scatterplotBCA.default : hbox: no visible global function definition
     for ‘lines’
    scatterplotBCA.default : hbox: no visible global function definition
     for ‘points’
    scatterplotBCA.default : vbox: no visible global function definition
     for ‘plot’
    scatterplotBCA.default : vbox: no visible global function definition
     for ‘boxplot.stats’
    scatterplotBCA.default : vbox: no visible global function definition
     for ‘lines’
    scatterplotBCA.default : vbox: no visible global function definition
     for ‘points’
    scatterplotBCA.default: no visible global function definition for
     ‘na.omit’
    scatterplotBCA.default: no visible global function definition for
     ‘layout’
    scatterplotBCA.default: no visible global function definition for
     ‘plot’
    scatterplotBCA.default: no visible global function definition for ‘box’
    scatterplotBCA.default: no visible global function definition for
     ‘points’
    scatterplotBCA.default: no visible global function definition for
     ‘strheight’
    scatterplotBCA.default: no visible global function definition for
     ‘legend’
    scatterplotBCA.formula: no visible binding for global variable
     ‘na.omit’
    scatterplotBCA.formula: no visible global function definition for
     ‘as.formula’
    scatterplotBCA.formula: no visible global function definition for
     ‘na.omit’
    scatterplotMatrixBCA.default: no visible binding for global variable
     ‘lm’
    scatterplotMatrixBCA.default: no visible global function definition for
     ‘palette’
    scatterplotMatrixBCA.default: no visible global function definition for
     ‘par’
    scatterplotMatrixBCA.default : lowess.line: no visible global function
     definition for ‘complete.cases’
    scatterplotMatrixBCA.default : lowess.line: no visible global function
     definition for ‘loess.smooth’
    scatterplotMatrixBCA.default : lowess.line: no visible global function
     definition for ‘lines’
    scatterplotMatrixBCA.default : lowess.line: no visible global function
     definition for ‘loess’
    scatterplotMatrixBCA.default : lowess.line: no visible global function
     definition for ‘residuals’
    scatterplotMatrixBCA.default : lowess.line: no visible global function
     definition for ‘fitted’
    scatterplotMatrixBCA.default: no visible global function definition for
     ‘na.omit’
    scatterplotMatrixBCA.default : reg: no visible global function
     definition for ‘fitted.values’
    scatterplotMatrixBCA.default : reg: no visible global function
     definition for ‘model.matrix’
    scatterplotMatrixBCA.default : reg: no visible global function
     definition for ‘lines’
    scatterplotMatrixBCA.default : legendPlot: no visible global function
     definition for ‘par’
    scatterplotMatrixBCA.default : legendPlot: no visible global function
     definition for ‘legend’
    scatterplotMatrixBCA.default : panel.density: no visible global
     function definition for ‘density’
    scatterplotMatrixBCA.default : panel.density: no visible global
     function definition for ‘lines’
    scatterplotMatrixBCA.default : panel.density: no visible global
     function definition for ‘rug’
    scatterplotMatrixBCA.default : panel.histogram: no visible global
     function definition for ‘par’
    scatterplotMatrixBCA.default : panel.histogram: no visible global
     function definition for ‘hist’
    scatterplotMatrixBCA.default : panel.boxplot: no visible global
     function definition for ‘par’
    scatterplotMatrixBCA.default : panel.boxplot: no visible global
     function definition for ‘boxplot’
    scatterplotMatrixBCA.default : panel.oned: no visible global function
     definition for ‘segments’
    scatterplotMatrixBCA.default : panel.qqplot: no visible global function
     definition for ‘par’
    scatterplotMatrixBCA.default : panel.qqplot: no visible global function
     definition for ‘qqnorm’
    scatterplotMatrixBCA.default : panel.qqplot: no visible global function
     definition for ‘qqline’
    scatterplotMatrixBCA.default: no visible global function definition for
     ‘coef’
    scatterplotMatrixBCA.default: no visible global function definition for
     ‘pairs’
    scatterplotMatrixBCA.default : <anonymous>: no visible global function
     definition for ‘points’
    scatterplotMatrixBCA.default : <anonymous>: no visible global function
     definition for ‘abline’
    scatterplotMatrixBCA.formula: no visible global function definition for
     ‘as.formula’
    scatterplotMatrixBCA.formula: no visible global function definition for
     ‘na.omit’
    variable.summary : <anonymous>: no visible global function definition
     for ‘sd’
    Undefined global functions or variables:
     abline arrows as.formula axis box boxplot boxplot.stats coef
     complete.cases density fitted fitted.values hist layout legend lines
     lm loess loess.smooth median model.matrix na.omit pairs palette par
     plot points predict qqline qqnorm residuals rug runif sd segments
     strheight text
    Consider adding
     importFrom("grDevices", "boxplot.stats", "palette")
     importFrom("graphics", "abline", "arrows", "axis", "box", "boxplot",
     "hist", "layout", "legend", "lines", "pairs", "par", "plot",
     "points", "rug", "segments", "strheight", "text")
     importFrom("stats", "as.formula", "coef", "complete.cases", "density",
     "fitted", "fitted.values", "lm", "loess", "loess.smooth",
     "median", "model.matrix", "na.omit", "predict", "qqline",
     "qqnorm", "residuals", "runif", "sd")
    to your NAMESPACE file.
Flavor: r-release-osx-x86_64-mavericks

Version: 0.9-3
Check: for missing documentation entries
Result: WARN
    Invalid MIT-MAGIC-COOKIE-1 key
    All user-level objects in a package should have documentation entries.
    See chapter ‘Writing R documentation files’ in the ‘Writing R
    Extensions’ manual.
Flavor: r-release-osx-x86_64-mavericks

Version: 0.9-3
Check: for code/documentation mismatches
Result: WARN
    Invalid MIT-MAGIC-COOKIE-1 key
    Invalid MIT-MAGIC-COOKIE-1 key
    Invalid MIT-MAGIC-COOKIE-1 key
Flavor: r-release-osx-x86_64-mavericks

Version: 0.9-3
Check: Rd \usage sections
Result: NOTE
    Invalid MIT-MAGIC-COOKIE-1 key
    The \usage entries for S3 methods should use the \method markup and not
    their full name.
    See chapter ‘Writing R documentation files’ in the ‘Writing R
    Extensions’ manual.
Flavor: r-release-osx-x86_64-mavericks