CRAN Package Check Results for Package BCA

Last updated on 2014-10-31 21:47:48.

Flavor Version Tinstall Tcheck Ttotal Status Flags
r-devel-linux-x86_64-debian-clang 0.9-3 2.80 37.50 40.30 OK
r-devel-linux-x86_64-debian-gcc 0.9-3 2.80 38.18 40.98 OK
r-devel-linux-x86_64-fedora-clang 0.9-3 85.35 OK
r-devel-linux-x86_64-fedora-gcc 0.9-3 78.79 OK
r-devel-osx-x86_64-clang 0.9-3 88.76 OK
r-devel-windows-ix86+x86_64 0.9-3 30.00 86.00 116.00 OK
r-patched-linux-x86_64 0.9-3 3.02 41.01 44.04 OK
r-patched-solaris-sparc 0.9-3 451.90 OK
r-patched-solaris-x86 0.9-3 124.30 OK
r-release-linux-ix86 0.9-3 0.85 1.67 2.52 ERROR
r-release-linux-x86_64 0.9-3 3.26 43.12 46.38 OK
r-release-osx-x86_64-mavericks 0.9-3 OK
r-release-osx-x86_64-snowleopard 0.9-3 OK
r-release-windows-ix86+x86_64 0.9-3 16.00 84.00 100.00 OK
r-oldrel-windows-ix86+x86_64 0.9-3 19.00 84.00 103.00 OK

Check Details

Version: 0.9-3
Check: package dependencies
Result: ERROR
    Package required but not available: ‘Rcmdr’
    
    See the information on DESCRIPTION files in the chapter ‘Creating R
    packages’ of the ‘Writing R Extensions’ manual.
Flavor: r-release-linux-ix86