CRAN Package Check Results for Package BCA

Last updated on 2015-01-31 09:57:14.

Flavor Version Tinstall Tcheck Ttotal Status Flags
r-devel-linux-x86_64-debian-clang 0.9-3 1.95 27.14 29.08 NOTE
r-devel-linux-x86_64-debian-gcc 0.9-3 2.08 27.30 29.38 NOTE
r-devel-linux-x86_64-fedora-clang 0.9-3 64.54 NOTE
r-devel-linux-x86_64-fedora-gcc 0.9-3 60.19 NOTE
r-devel-osx-x86_64-clang 0.9-3 79.98 NOTE
r-devel-windows-ix86+x86_64 0.9-3 16.00 50.00 66.00 NOTE
r-patched-linux-x86_64 0.9-3 2.83 38.30 41.14 OK
r-patched-solaris-sparc 0.9-3 509.70 OK
r-patched-solaris-x86 0.9-3 116.60 OK
r-release-linux-ix86 0.9-3 3.56 49.12 52.68 OK
r-release-linux-x86_64 0.9-3 2.84 38.77 41.61 OK
r-release-osx-x86_64-mavericks 0.9-3 OK
r-release-osx-x86_64-snowleopard 0.9-3 OK
r-release-windows-ix86+x86_64 0.9-3 22.00 80.00 102.00 OK
r-oldrel-windows-ix86+x86_64 0.9-3 23.00 85.00 108.00 OK

Check Details

Version: 0.9-3
Check: dependencies in R code
Result: NOTE
    'library' or 'require' call to ‘rgl’ in package code.
     Please use :: or requireNamespace() instead.
     See section 'Suggested packages' in the 'Writing R Extensions' manual.
Flavors: r-devel-linux-x86_64-debian-clang, r-devel-linux-x86_64-debian-gcc, r-devel-linux-x86_64-fedora-clang, r-devel-linux-x86_64-fedora-gcc, r-devel-osx-x86_64-clang, r-devel-windows-ix86+x86_64