CRAN Package Check Results for Package BCA

Last updated on 2015-02-26 23:47:37.

Flavor Version Tinstall Tcheck Ttotal Status Flags
r-devel-linux-x86_64-debian-clang 0.9-3 4.90 56.19 61.08 NOTE
r-devel-linux-x86_64-debian-gcc 0.9-3 4.54 53.16 57.70 NOTE
r-devel-linux-x86_64-fedora-clang 0.9-3 128.84 NOTE
r-devel-linux-x86_64-fedora-gcc 0.9-3 108.38 NOTE
r-devel-osx-x86_64-clang 0.9-3 112.87 NOTE
r-devel-windows-ix86+x86_64 0.9-3 38.00 82.00 120.00 NOTE
r-patched-linux-x86_64 0.9-3 11.40 92.90 104.30 NOTE
r-patched-solaris-sparc 0.9-3 1101.20 NOTE
r-patched-solaris-x86 0.9-3 275.20 NOTE
r-release-linux-ix86 0.9-3 11.66 105.53 117.20 OK
r-release-linux-x86_64 0.9-3 11.18 88.04 99.22 OK
r-release-osx-x86_64-mavericks 0.9-3 OK
r-release-osx-x86_64-snowleopard 0.9-3 OK
r-release-windows-ix86+x86_64 0.9-3 64.00 153.00 217.00 OK
r-oldrel-windows-ix86+x86_64 0.9-3 54.00 166.00 220.00 OK

Check Details

Version: 0.9-3
Check: DESCRIPTION meta-information
Result: NOTE
    Malformed Description field: should contain one or more complete sentences.
Flavors: r-devel-linux-x86_64-debian-clang, r-devel-linux-x86_64-debian-gcc, r-devel-linux-x86_64-fedora-clang, r-devel-linux-x86_64-fedora-gcc, r-devel-osx-x86_64-clang, r-devel-windows-ix86+x86_64

Version: 0.9-3
Check: dependencies in R code
Result: NOTE
    'library' or 'require' call to ‘rgl’ in package code.
     Please use :: or requireNamespace() instead.
     See section 'Suggested packages' in the 'Writing R Extensions' manual.
Flavors: r-devel-linux-x86_64-debian-clang, r-devel-linux-x86_64-debian-gcc, r-devel-linux-x86_64-fedora-clang, r-devel-linux-x86_64-fedora-gcc, r-devel-osx-x86_64-clang, r-devel-windows-ix86+x86_64, r-patched-linux-x86_64, r-patched-solaris-sparc, r-patched-solaris-x86