CRAN Package Check Results for Package BCA

Last updated on 2014-04-24 23:47:59.

Flavor Version Tinstall Tcheck Ttotal Status Flags
r-devel-linux-x86_64-debian-clang 0.9-2 2.43 33.58 36.00 NOTE
r-devel-linux-x86_64-debian-gcc 0.9-2 2.57 35.03 37.60 NOTE
r-devel-linux-x86_64-fedora-clang 0.9-2 67.74 NOTE
r-devel-linux-x86_64-fedora-gcc 0.9-2 65.30 NOTE
r-devel-osx-x86_64-clang 0.9-2 71.80 NOTE
r-devel-osx-x86_64-gcc 0.9-2 ERROR
r-devel-windows-ix86+x86_64 0.9-2 14.00 57.00 71.00 NOTE
r-patched-linux-x86_64 0.9-2 2.39 34.42 36.80 NOTE
r-patched-solaris-sparc 0.9-2 383.30 NOTE
r-patched-solaris-x86 0.9-2 110.40 NOTE
r-release-linux-ix86 0.9-2 4.00 63.00 67.00 NOTE
r-release-linux-x86_64 0.9-2 2.45 34.26 36.71 NOTE
r-release-osx-x86_64-mavericks 0.9-2 WARN
r-release-windows-ix86+x86_64 0.9-2 14.00 65.00 79.00 NOTE
r-oldrel-windows-ix86+x86_64 0.9-2 14.00 62.00 76.00 NOTE

Check Details

Version: 0.9-2
Check: package dependencies
Result: NOTE
    Depends: includes the non-default packages:
     ‘car’ ‘clv’ ‘cluster’ ‘class’ ‘flexclust’ ‘rpart’ ‘nnet’ ‘rgl’
     ‘Rcmdr’
    Adding so many packages to the search path is excessive and importing
    selectively is preferable.
Flavors: r-devel-linux-x86_64-debian-clang, r-devel-linux-x86_64-debian-gcc, r-devel-linux-x86_64-fedora-clang, r-devel-linux-x86_64-fedora-gcc, r-devel-osx-x86_64-clang, r-devel-windows-ix86+x86_64, r-patched-linux-x86_64, r-patched-solaris-sparc, r-patched-solaris-x86, r-release-linux-ix86, r-release-linux-x86_64, r-release-osx-x86_64-mavericks, r-release-windows-ix86+x86_64

Version: 0.9-2
Check: dependencies in R code
Result: NOTE
    'library' or 'require' calls to packages already attached by Depends:
     ‘Rcmdr’ ‘car’ ‘clv’ ‘flexclust’ ‘nnet’ ‘rgl’
     Please remove these calls from your code.
    Packages in Depends field not imported from:
     ‘Rcmdr’ ‘car’ ‘class’ ‘cluster’ ‘clv’ ‘flexclust’ ‘nnet’ ‘rgl’
     ‘rpart’
     These packages need to be imported from (in the NAMESPACE file)
     for when this namespace is loaded but not attached.
    See the information on DESCRIPTION files in the chapter ‘Creating R
    packages’ of the ‘Writing R Extensions’ manual.
Flavors: r-devel-linux-x86_64-debian-clang, r-devel-linux-x86_64-debian-gcc, r-devel-linux-x86_64-fedora-clang, r-devel-linux-x86_64-fedora-gcc, r-devel-osx-x86_64-clang, r-devel-windows-ix86+x86_64, r-patched-linux-x86_64, r-patched-solaris-sparc, r-patched-solaris-x86, r-release-linux-ix86, r-release-linux-x86_64, r-release-osx-x86_64-mavericks, r-release-windows-ix86+x86_64, r-oldrel-windows-ix86+x86_64

Version: 0.9-2
Check: package dependencies
Result: ERROR
    Packages required but not available: ‘car’ ‘Rcmdr’
    
    Depends: includes the non-default packages:
     ‘car’ ‘clv’ ‘cluster’ ‘class’ ‘flexclust’ ‘rpart’ ‘nnet’ ‘rgl’
     ‘Rcmdr’
    Adding so many packages to the search path is excessive and importing
    selectively is preferable.
    
    See the information on DESCRIPTION files in the chapter ‘Creating R
    packages’ of the ‘Writing R Extensions’ manual.
Flavor: r-devel-osx-x86_64-gcc

Version: 0.9-2
Check: PDF version of manual
Result: WARNING
    LaTeX errors when creating PDF version.
    This typically indicates Rd problems.
    LaTeX errors found:
    ! LaTeX Error: File `upquote.sty' not found.
    
    Type X to quit or <RETURN> to proceed,
    or enter new name. (Default extension: sty)
    
    5c4593f/Rd2.tex:8: ==> Fatal error occurred, no output PDF file produced!
Flavor: r-release-osx-x86_64-mavericks