CRAN Package Check Results for Package BCBCSF

Last updated on 2017-09-19 21:47:45.

Flavor Version Tinstall Tcheck Ttotal Status Flags
r-devel-linux-x86_64-debian-clang 1.0-1 1.22 25.83 27.05 NOTE
r-devel-linux-x86_64-debian-gcc 1.0-1 1.14 25.30 26.44 NOTE
r-devel-linux-x86_64-fedora-clang 1.0-1 44.31 NOTE
r-devel-linux-x86_64-fedora-gcc 1.0-1 43.60 NOTE
r-devel-windows-ix86+x86_64 1.0-1 11.00 78.00 89.00 OK
r-patched-linux-x86_64 1.0-1 1.05 24.84 25.89 NOTE
r-patched-solaris-x86 1.0-1 59.30 OK
r-release-linux-x86_64 1.0-1 1.15 24.88 26.03 NOTE
r-release-windows-ix86+x86_64 1.0-1 6.00 83.00 89.00 OK
r-release-osx-x86_64 1.0-1 OK
r-oldrel-windows-ix86+x86_64 1.0-1 10.00 80.00 90.00 OK
r-oldrel-osx-x86_64 1.0-1 OK

Check Details

Version: 1.0-1
Check: compiled code
Result: NOTE
    File ‘BCBCSF/libs/BCBCSF.so’:
     Found no calls to: ‘R_registerRoutines’, ‘R_useDynamicSymbols’
    
    It is good practice to register native routines and to disable symbol
    search.
    
    See ‘Writing portable packages’ in the ‘Writing R Extensions’ manual.
Flavors: r-devel-linux-x86_64-debian-clang, r-devel-linux-x86_64-debian-gcc, r-devel-linux-x86_64-fedora-clang, r-devel-linux-x86_64-fedora-gcc, r-patched-linux-x86_64, r-release-linux-x86_64