CRAN Package Check Results for Package BCBCSF

Last updated on 2017-11-25 09:49:13 CET.

Flavor Version Tinstall Tcheck Ttotal Status Flags
r-devel-linux-x86_64-debian-clang 1.0-1 1.52 59.67 61.19 NOTE
r-devel-linux-x86_64-debian-gcc 1.0-1 2.27 50.66 52.92 NOTE
r-devel-linux-x86_64-fedora-clang 1.0-1 41.90 NOTE
r-devel-linux-x86_64-fedora-gcc 1.0-1 40.62 NOTE
r-devel-windows-ix86+x86_64 1.0-1 12.00 82.00 94.00 OK
r-patched-linux-x86_64 1.0-1 1.42 58.32 59.74 NOTE
r-patched-solaris-x86 1.0-1 58.00 OK
r-release-linux-x86_64 1.0-1 1.28 61.12 62.41 NOTE
r-release-windows-ix86+x86_64 1.0-1 6.00 83.00 89.00 OK
r-release-osx-x86_64 1.0-1 OK
r-oldrel-windows-ix86+x86_64 1.0-1 10.00 80.00 90.00 OK
r-oldrel-osx-x86_64 1.0-1 OK

Check Details

Version: 1.0-1
Check: compiled code
Result: NOTE
    File ‘BCBCSF/libs/BCBCSF.so’:
     Found no calls to: ‘R_registerRoutines’, ‘R_useDynamicSymbols’
    
    It is good practice to register native routines and to disable symbol
    search.
    
    See ‘Writing portable packages’ in the ‘Writing R Extensions’ manual.
Flavors: r-devel-linux-x86_64-debian-clang, r-devel-linux-x86_64-debian-gcc, r-devel-linux-x86_64-fedora-clang, r-devel-linux-x86_64-fedora-gcc, r-patched-linux-x86_64, r-release-linux-x86_64