CRAN Package Check Results for Package BCBCSF

Last updated on 2018-04-26 00:46:51 CEST.

Flavor Version Tinstall Tcheck Ttotal Status Flags
r-devel-linux-x86_64-debian-clang 1.0-1 2.25 32.69 34.94 NOTE
r-devel-linux-x86_64-debian-gcc 1.0-1 1.69 26.36 28.05 NOTE
r-devel-linux-x86_64-fedora-clang 1.0-1 46.53 NOTE
r-devel-linux-x86_64-fedora-gcc 1.0-1 43.63 NOTE
r-devel-windows-ix86+x86_64 1.0-1 9.00 94.00 103.00 OK
r-patched-linux-x86_64 1.0-1 2.49 34.27 36.76 NOTE
r-patched-solaris-x86 1.0-1 66.50 OK
r-release-linux-x86_64 1.0-1 2.07 34.41 36.48 NOTE
r-release-windows-ix86+x86_64 1.0-1 9.00 94.00 103.00 OK
r-release-osx-x86_64 1.0-1 OK
r-oldrel-windows-ix86+x86_64 1.0-1 6.00 83.00 89.00 OK
r-oldrel-osx-x86_64 1.0-1 OK

Check Details

Version: 1.0-1
Check: compiled code
Result: NOTE
    File ‘BCBCSF/libs/BCBCSF.so’:
     Found no calls to: ‘R_registerRoutines’, ‘R_useDynamicSymbols’
    
    It is good practice to register native routines and to disable symbol
    search.
    
    See ‘Writing portable packages’ in the ‘Writing R Extensions’ manual.
Flavors: r-devel-linux-x86_64-debian-clang, r-devel-linux-x86_64-debian-gcc, r-devel-linux-x86_64-fedora-clang, r-devel-linux-x86_64-fedora-gcc, r-patched-linux-x86_64, r-release-linux-x86_64