CRAN Package Check Results for Package BCBCSF

Last updated on 2015-06-30 12:47:06.

Flavor Version Tinstall Tcheck Ttotal Status Flags
r-devel-linux-x86_64-debian-clang 1.0-0 0.89 23.04 23.94 NOTE
r-devel-linux-x86_64-debian-gcc 1.0-0 0.90 22.02 22.92 NOTE
r-devel-linux-x86_64-fedora-clang 1.0-0 38.88 OK
r-devel-linux-x86_64-fedora-gcc 1.0-0 36.54 OK
r-devel-osx-x86_64-clang 1.0-0 34.63 OK
r-devel-windows-ix86+x86_64 1.0-0 10.00 60.00 70.00 OK
r-patched-linux-x86_64 1.0-0 0.95 22.85 23.80 OK
r-patched-solaris-sparc 1.0-0 264.30 OK
r-patched-solaris-x86 1.0-0 53.70 OK
r-release-linux-x86_64 1.0-0 1.06 22.48 23.54 OK
r-release-osx-x86_64-mavericks 1.0-0 OK
r-release-windows-ix86+x86_64 1.0-0 4.00 52.00 56.00 OK
r-oldrel-windows-ix86+x86_64 1.0-0 8.00 67.00 75.00 OK

Check Details

Version: 1.0-0
Check: R code for possible problems
Result: NOTE
    bcbcsf_fitpred: no visible global function definition for
     ‘txtProgressBar’
    bcbcsf_fitpred: no visible global function definition for ‘rnorm’
    bcbcsf_fitpred: no visible global function definition for
     ‘setTxtProgressBar’
    bcbcsf_plotsumfit: no visible global function definition for ‘par’
    bcbcsf_plotsumfit: no visible global function definition for ‘plot’
    bcbcsf_sumfit: no visible binding for global variable ‘median’
    bcbcsf_sumfit: no visible global function definition for ‘median’
    bcbcsf_sumfit: no visible binding for global variable ‘sd’
    gen_qflmd: no visible global function definition for ‘pf’
    gen_qflmd : gen_adev: no visible global function definition for ‘rnorm’
    mcmc_pred: no visible global function definition for ‘quantile’
    met_gauss: no visible global function definition for ‘rnorm’
    met_gauss: no visible global function definition for ‘runif’
    richisq: no visible global function definition for ‘rgamma’
    rinvgam: no visible global function definition for ‘rgamma’
Flavors: r-devel-linux-x86_64-debian-clang, r-devel-linux-x86_64-debian-gcc