CRAN Package Check Results for Package BCBCSF

Last updated on 2017-05-28 23:49:50.

Flavor Version Tinstall Tcheck Ttotal Status Flags
r-devel-linux-x86_64-debian-clang 1.0-1 1.28 26.04 27.32 NOTE
r-devel-linux-x86_64-debian-gcc 1.0-1 1.36 24.37 25.72 NOTE
r-devel-linux-x86_64-fedora-clang 1.0-1 53.27 NOTE
r-devel-linux-x86_64-fedora-gcc 1.0-1 51.13 NOTE
r-devel-windows-ix86+x86_64 1.0-1 6.00 81.00 87.00 OK
r-patched-linux-x86_64 1.0-1 1.27 26.58 27.85 NOTE
r-patched-solaris-sparc 1.0-1 273.10 OK
r-patched-solaris-x86 1.0-1 58.50 OK
r-release-linux-x86_64 1.0-1 1.20 25.68 26.88 NOTE
r-release-windows-ix86+x86_64 1.0-1 5.00 77.00 82.00 OK
r-release-osx-x86_64 1.0-1 OK
r-oldrel-windows-ix86+x86_64 1.0-1 10.00 80.00 90.00 OK
r-oldrel-osx-x86_64 1.0-1 OK

Check Details

Version: 1.0-1
Check: compiled code
Result: NOTE
    File ‘BCBCSF/libs/BCBCSF.so’:
     Found no calls to: ‘R_registerRoutines’, ‘R_useDynamicSymbols’
    
    It is good practice to register native routines and to disable symbol
    search.
    
    See ‘Writing portable packages’ in the ‘Writing R Extensions’ manual.
Flavors: r-devel-linux-x86_64-debian-clang, r-devel-linux-x86_64-debian-gcc, r-devel-linux-x86_64-fedora-clang, r-devel-linux-x86_64-fedora-gcc, r-patched-linux-x86_64, r-release-linux-x86_64