CRAN Package Check Results for Package BCBCSF

Last updated on 2017-03-29 20:49:13.

Flavor Version Tinstall Tcheck Ttotal Status Flags
r-devel-linux-x86_64-debian-clang 1.0-1 1.14 25.18 26.31 NOTE
r-devel-linux-x86_64-debian-gcc 1.0-1 1.04 24.88 25.92 NOTE
r-devel-linux-x86_64-fedora-clang 1.0-1 51.88 NOTE --no-stop-on-test-error
r-devel-linux-x86_64-fedora-gcc 1.0-1 56.58 NOTE --no-stop-on-test-error
r-devel-macos-x86_64-clang 1.0-1 34.04 NOTE --no-stop-on-test-error
r-devel-windows-ix86+x86_64 1.0-1 8.00 86.00 94.00 OK
r-patched-linux-x86_64 1.0-1 1.06 24.67 25.73 NOTE
r-patched-solaris-sparc 1.0-1 273.10 OK
r-patched-solaris-x86 1.0-1 59.70 OK
r-release-linux-x86_64 1.0-1 1.02 22.24 23.26 OK
r-release-osx-x86_64-mavericks 1.0-1 OK
r-release-windows-ix86+x86_64 1.0-1 10.00 80.00 90.00 OK
r-oldrel-windows-ix86+x86_64 1.0-1 13.00 64.00 77.00 OK

Check Details

Version: 1.0-1
Check: compiled code
Result: NOTE
    File ‘BCBCSF/libs/BCBCSF.so’:
     Found no calls to: ‘R_registerRoutines’, ‘R_useDynamicSymbols’
    
    It is good practice to register native routines and to disable symbol
    search.
    
    See ‘Writing portable packages’ in the ‘Writing R Extensions’ manual.
Flavors: r-devel-linux-x86_64-debian-clang, r-devel-linux-x86_64-debian-gcc, r-patched-linux-x86_64

Version: 1.0-1
Flags: --no-stop-on-test-error
Check: compiled code
Result: NOTE
    File ‘BCBCSF/libs/BCBCSF.so’:
     Found no calls to: ‘R_registerRoutines’, ‘R_useDynamicSymbols’
    
    It is good practice to register native routines and to disable symbol
    search.
    
    See ‘Writing portable packages’ in the ‘Writing R Extensions’ manual.
Flavors: r-devel-linux-x86_64-fedora-clang, r-devel-linux-x86_64-fedora-gcc, r-devel-macos-x86_64-clang