CRAN Package Check Results for Package BCBCSF

Last updated on 2017-02-23 05:48:48.

Flavor Version Tinstall Tcheck Ttotal Status Flags
r-devel-linux-x86_64-debian-clang 1.0-1 1.27 25.17 26.44 NOTE
r-devel-linux-x86_64-debian-gcc 1.0-1 1.14 24.56 25.70 NOTE
r-devel-linux-x86_64-fedora-clang 1.0-1 51.78 NOTE --no-stop-on-test-error
r-devel-linux-x86_64-fedora-gcc 1.0-1 57.02 NOTE --no-stop-on-test-error
r-devel-macos-x86_64-clang 1.0-1 34.47 NOTE --no-stop-on-test-error
r-devel-windows-ix86+x86_64 1.0-1 6.00 101.00 107.00 OK
r-patched-linux-x86_64 1.0-1 0.97 24.08 25.04 OK
r-patched-solaris-sparc 1.0-1 240.40 OK
r-patched-solaris-x86 1.0-1 52.70 OK
r-release-linux-x86_64 1.0-1 0.96 22.26 23.22 OK
r-release-osx-x86_64-mavericks 1.0-1 OK
r-release-windows-ix86+x86_64 1.0-1 10.00 80.00 90.00 OK
r-oldrel-windows-ix86+x86_64 1.0-1 13.00 64.00 77.00 OK

Check Details

Version: 1.0-1
Check: compiled code
Result: NOTE
    File ‘BCBCSF/libs/BCBCSF.so’:
     Found no calls to: ‘R_registerRoutines’, ‘R_useDynamicSymbols’
    
    It is good practice to register native routines and to disable symbol
    search.
    
    See ‘Writing portable packages’ in the ‘Writing R Extensions’ manual.
Flavors: r-devel-linux-x86_64-debian-clang, r-devel-linux-x86_64-debian-gcc

Version: 1.0-1
Flags: --no-stop-on-test-error
Check: compiled code
Result: NOTE
    File ‘BCBCSF/libs/BCBCSF.so’:
     Found no calls to: ‘R_registerRoutines’, ‘R_useDynamicSymbols’
    
    It is good practice to register native routines and to disable symbol
    search.
    
    See ‘Writing portable packages’ in the ‘Writing R Extensions’ manual.
Flavors: r-devel-linux-x86_64-fedora-clang, r-devel-linux-x86_64-fedora-gcc, r-devel-macos-x86_64-clang