CRAN Package Check Results for Package BCBCSF

Last updated on 2015-07-30 13:47:18.

Flavor Version Tinstall Tcheck Ttotal Status Flags
r-devel-linux-x86_64-debian-clang 1.0-0 0.94 22.48 23.42 NOTE
r-devel-linux-x86_64-debian-gcc 1.0-0 0.90 22.06 22.96 NOTE
r-devel-linux-x86_64-fedora-clang 1.0-0 39.46 NOTE
r-devel-linux-x86_64-fedora-gcc 1.0-0 37.40 NOTE
r-devel-osx-x86_64-clang 1.0-0 34.68 OK
r-devel-windows-ix86+x86_64 1.0-0 8.00 58.00 66.00 NOTE
r-patched-linux-x86_64 1.0-0 0.98 22.27 23.25 OK
r-patched-solaris-sparc 1.0-0 266.20 OK
r-patched-solaris-x86 1.0-0 52.80 OK
r-release-linux-x86_64 1.0-0 0.95 23.07 24.02 OK
r-release-osx-x86_64-mavericks 1.0-0 OK
r-release-windows-ix86+x86_64 1.0-0 6.00 55.00 61.00 OK
r-oldrel-windows-ix86+x86_64 1.0-0 8.00 67.00 75.00 OK

Check Details

Version: 1.0-0
Check: R code for possible problems
Result: NOTE
    bcbcsf_fitpred: no visible global function definition for
     ‘txtProgressBar’
    bcbcsf_fitpred: no visible global function definition for ‘rnorm’
    bcbcsf_fitpred: no visible global function definition for
     ‘setTxtProgressBar’
    bcbcsf_plotsumfit: no visible global function definition for ‘par’
    bcbcsf_plotsumfit: no visible global function definition for ‘plot’
    bcbcsf_sumfit: no visible binding for global variable ‘median’
    bcbcsf_sumfit: no visible global function definition for ‘median’
    bcbcsf_sumfit: no visible binding for global variable ‘sd’
    gen_qflmd: no visible global function definition for ‘pf’
    gen_qflmd : gen_adev: no visible global function definition for ‘rnorm’
    mcmc_pred: no visible global function definition for ‘quantile’
    met_gauss: no visible global function definition for ‘rnorm’
    met_gauss: no visible global function definition for ‘runif’
    richisq: no visible global function definition for ‘rgamma’
    rinvgam: no visible global function definition for ‘rgamma’
    Undefined global functions or variables:
     median par pf plot quantile rgamma rnorm runif sd setTxtProgressBar
     txtProgressBar
    Consider adding
     importFrom("graphics", "par", "plot")
     importFrom("stats", "median", "pf", "quantile", "rgamma", "rnorm",
     "runif", "sd")
     importFrom("utils", "setTxtProgressBar", "txtProgressBar")
    to your NAMESPACE.
Flavors: r-devel-linux-x86_64-debian-clang, r-devel-linux-x86_64-debian-gcc, r-devel-linux-x86_64-fedora-clang, r-devel-linux-x86_64-fedora-gcc, r-devel-windows-ix86+x86_64