CRAN Package Check Results for Package BCE

Last updated on 2015-07-03 07:47:48.

Flavor Version Tinstall Tcheck Ttotal Status Flags
r-devel-linux-x86_64-debian-clang 2.1 3.14 46.39 49.53 NOTE
r-devel-linux-x86_64-debian-gcc 2.1 2.89 45.02 47.91 NOTE
r-devel-linux-x86_64-fedora-clang 2.1 94.81 NOTE
r-devel-linux-x86_64-fedora-gcc 2.1 92.76 NOTE
r-devel-osx-x86_64-clang 2.1 86.66 OK
r-devel-windows-ix86+x86_64 2.1 8.00 68.00 76.00 NOTE
r-patched-linux-x86_64 2.1 2.88 45.31 48.19 OK
r-patched-solaris-sparc 2.1 619.40 OK
r-patched-solaris-x86 2.1 134.30 OK
r-release-linux-x86_64 2.1 2.90 45.03 47.93 OK
r-release-osx-x86_64-mavericks 2.1 OK
r-release-windows-ix86+x86_64 2.1 10.00 66.00 76.00 OK
r-oldrel-windows-ix86+x86_64 2.1 13.00 84.00 97.00 OK

Check Details

Version: 2.1
Check: R code for possible problems
Result: NOTE
    pairs.bce : panel.cor: no visible global function definition for ‘text’
    pairs.bce : panel.cor: no visible global function definition for ‘cor’
    pairs.bce : panel.hist: no visible global function definition for ‘par’
    pairs.bce : panel.hist: no visible global function definition for
     ‘hist’
    pairs.bce : panel.hist: no visible global function definition for
     ‘rect’
    pairs.bce: no visible global function definition for ‘pairs’
    panel.cor: no visible global function definition for ‘par’
    panel.cor: no visible global function definition for ‘cor’
    panel.cor: no visible global function definition for ‘strwidth’
    panel.cor: no visible global function definition for ‘text’
    rdirichlet2: no visible global function definition for ‘rgamma’
    summary.bce: no visible global function definition for ‘cov’
    summary.bce: no visible binding for global variable ‘sd’
    summary.bce: no visible binding for global variable ‘quantile’
    Undefined global functions or variables:
     cor cov hist pairs par quantile rect rgamma sd strwidth text
Flavors: r-devel-linux-x86_64-debian-clang, r-devel-linux-x86_64-debian-gcc, r-devel-linux-x86_64-fedora-clang, r-devel-linux-x86_64-fedora-gcc, r-devel-windows-ix86+x86_64