CRAN Package Check Results for Package BCE

Last updated on 2017-10-18 23:47:37.

Flavor Version Tinstall Tcheck Ttotal Status Flags
r-devel-linux-x86_64-debian-clang 2.1 3.46 47.11 50.57 NOTE
r-devel-linux-x86_64-debian-gcc 2.1 3.68 50.33 54.01 NOTE
r-devel-linux-x86_64-fedora-clang 2.1 107.72 NOTE
r-devel-linux-x86_64-fedora-gcc 2.1 108.46 NOTE
r-devel-windows-ix86+x86_64 2.1 8.00 77.00 85.00 NOTE
r-patched-linux-x86_64 2.1 3.25 47.15 50.40 NOTE
r-patched-solaris-x86 2.1 149.30 NOTE
r-release-linux-x86_64 2.1 3.30 46.99 50.29 NOTE
r-release-windows-ix86+x86_64 2.1 12.00 79.00 91.00 NOTE
r-release-osx-x86_64 2.1 NOTE
r-oldrel-windows-ix86+x86_64 2.1 10.00 102.00 112.00 NOTE
r-oldrel-osx-x86_64 2.1 NOTE

Check Details

Version: 2.1
Check: R code for possible problems
Result: NOTE
    pairs.bce : panel.cor: no visible global function definition for ‘text’
    pairs.bce : panel.cor: no visible global function definition for ‘cor’
    pairs.bce : panel.hist: no visible global function definition for ‘par’
    pairs.bce : panel.hist: no visible global function definition for
     ‘hist’
    pairs.bce : panel.hist: no visible global function definition for
     ‘rect’
    pairs.bce: no visible global function definition for ‘pairs’
    panel.cor: no visible global function definition for ‘par’
    panel.cor: no visible global function definition for ‘cor’
    panel.cor: no visible global function definition for ‘strwidth’
    panel.cor: no visible global function definition for ‘text’
    rdirichlet2: no visible global function definition for ‘rgamma’
    summary.bce: no visible global function definition for ‘cov’
    summary.bce: no visible binding for global variable ‘sd’
    summary.bce: no visible binding for global variable ‘quantile’
    Undefined global functions or variables:
     cor cov hist pairs par quantile rect rgamma sd strwidth text
    Consider adding
     importFrom("graphics", "hist", "pairs", "par", "rect", "strwidth",
     "text")
     importFrom("stats", "cor", "cov", "quantile", "rgamma", "sd")
    to your NAMESPACE file.
Flavors: r-devel-linux-x86_64-debian-clang, r-devel-linux-x86_64-debian-gcc, r-devel-linux-x86_64-fedora-clang, r-devel-linux-x86_64-fedora-gcc, r-devel-windows-ix86+x86_64, r-patched-linux-x86_64, r-patched-solaris-x86, r-release-linux-x86_64, r-release-windows-ix86+x86_64, r-release-osx-x86_64, r-oldrel-windows-ix86+x86_64, r-oldrel-osx-x86_64