CRAN Package Check Results for Package BCE

Last updated on 2014-04-23 20:47:08.

Flavor Version Tinstall Tcheck Ttotal Status Flags
r-devel-linux-x86_64-debian-clang 1.4 1.07 18.53 19.60 NOTE
r-devel-linux-x86_64-debian-gcc 1.4 1.12 19.13 20.25 NOTE
r-devel-linux-x86_64-fedora-clang 1.4 38.30 NOTE
r-devel-linux-x86_64-fedora-gcc 1.4 36.66 NOTE
r-devel-osx-x86_64-clang 1.4 38.28 NOTE
r-devel-osx-x86_64-gcc 1.4 NOTE
r-devel-windows-ix86+x86_64 1.4 3.00 29.00 32.00 NOTE
r-patched-linux-x86_64 1.4 1.14 18.46 19.60 NOTE
r-patched-solaris-sparc 1.4 213.80 NOTE
r-patched-solaris-x86 1.4 51.80 NOTE
r-release-linux-ix86 1.4 2.00 35.00 37.00 NOTE
r-release-linux-x86_64 1.4 1.06 18.62 19.68 NOTE
r-release-osx-x86_64-mavericks 1.4 WARN
r-release-windows-ix86+x86_64 1.4 3.00 27.00 30.00 NOTE
r-oldrel-windows-ix86+x86_64 1.4 4.00 31.00 35.00 NOTE

Check Details

Version: 1.4
Check: dependencies in R code
Result: NOTE
    Package in Depends field not imported from: ‘limSolve’
     These packages need to be imported from (in the NAMESPACE file)
     for when this namespace is loaded but not attached.
    See the information on DESCRIPTION files in the chapter ‘Creating R
    packages’ of the ‘Writing R Extensions’ manual.
Flavors: r-devel-linux-x86_64-debian-clang, r-devel-linux-x86_64-debian-gcc, r-devel-linux-x86_64-fedora-clang, r-devel-linux-x86_64-fedora-gcc, r-devel-osx-x86_64-clang, r-devel-osx-x86_64-gcc, r-devel-windows-ix86+x86_64, r-patched-linux-x86_64, r-patched-solaris-sparc, r-patched-solaris-x86, r-release-linux-ix86, r-release-linux-x86_64, r-release-osx-x86_64-mavericks, r-release-windows-ix86+x86_64, r-oldrel-windows-ix86+x86_64

Version: 1.4
Check: Rd \usage sections
Result: NOTE
    S3 methods shown with full name in documentation object 'pairs.bce':
     ‘pairs.bce’
    
    S3 methods shown with full name in documentation object 'plot.bce':
     ‘plot.bce’
    
    S3 methods shown with full name in documentation object 'summary.bce':
     ‘summary.bce’
    
    The \usage entries for S3 methods should use the \method markup and not
    their full name.
    See the chapter ‘Writing R documentation files’ in the ‘Writing R
    Extensions’ manual.
Flavors: r-devel-linux-x86_64-debian-clang, r-devel-linux-x86_64-debian-gcc, r-devel-linux-x86_64-fedora-clang, r-devel-linux-x86_64-fedora-gcc, r-devel-osx-x86_64-clang, r-devel-osx-x86_64-gcc, r-devel-windows-ix86+x86_64, r-patched-linux-x86_64, r-patched-solaris-sparc, r-patched-solaris-x86, r-release-linux-ix86, r-release-linux-x86_64, r-release-osx-x86_64-mavericks, r-release-windows-ix86+x86_64, r-oldrel-windows-ix86+x86_64

Version: 1.4
Check: PDF version of manual
Result: WARNING
    LaTeX errors when creating PDF version.
    This typically indicates Rd problems.
    LaTeX errors found:
    ! LaTeX Error: File `upquote.sty' not found.
    
    Type X to quit or <RETURN> to proceed,
    or enter new name. (Default extension: sty)
    
    f949aa7/Rd2.tex:8: ==> Fatal error occurred, no output PDF file produced!
Flavor: r-release-osx-x86_64-mavericks