CRAN Package Check Results for Package BCE

Last updated on 2015-08-02 03:48:01.

Flavor Version Tinstall Tcheck Ttotal Status Flags
r-devel-linux-x86_64-debian-clang 2.1 3.17 47.16 50.33 NOTE
r-devel-linux-x86_64-debian-gcc 2.1 3.06 45.84 48.90 NOTE
r-devel-linux-x86_64-fedora-clang 2.1 97.30 NOTE
r-devel-linux-x86_64-fedora-gcc 2.1 95.25 NOTE
r-devel-osx-x86_64-clang 2.1 85.30 OK
r-devel-windows-ix86+x86_64 2.1 8.00 75.00 83.00 NOTE
r-patched-linux-x86_64 2.1 3.10 46.65 49.75 OK
r-patched-solaris-sparc 2.1 638.90 OK
r-patched-solaris-x86 2.1 136.40 OK
r-release-linux-x86_64 2.1 3.90 45.70 49.60 OK
r-release-osx-x86_64-mavericks 2.1 OK
r-release-windows-ix86+x86_64 2.1 10.00 103.00 113.00 OK
r-oldrel-windows-ix86+x86_64 2.1 17.00 94.00 111.00 OK

Check Details

Version: 2.1
Check: R code for possible problems
Result: NOTE
    pairs.bce : panel.cor: no visible global function definition for ‘text’
    pairs.bce : panel.cor: no visible global function definition for ‘cor’
    pairs.bce : panel.hist: no visible global function definition for ‘par’
    pairs.bce : panel.hist: no visible global function definition for
     ‘hist’
    pairs.bce : panel.hist: no visible global function definition for
     ‘rect’
    pairs.bce: no visible global function definition for ‘pairs’
    panel.cor: no visible global function definition for ‘par’
    panel.cor: no visible global function definition for ‘cor’
    panel.cor: no visible global function definition for ‘strwidth’
    panel.cor: no visible global function definition for ‘text’
    rdirichlet2: no visible global function definition for ‘rgamma’
    summary.bce: no visible global function definition for ‘cov’
    summary.bce: no visible binding for global variable ‘sd’
    summary.bce: no visible binding for global variable ‘quantile’
    Undefined global functions or variables:
     cor cov hist pairs par quantile rect rgamma sd strwidth text
    Consider adding
     importFrom("graphics", "hist", "pairs", "par", "rect", "strwidth",
     "text")
     importFrom("stats", "cor", "cov", "quantile", "rgamma", "sd")
    to your NAMESPACE.
Flavors: r-devel-linux-x86_64-debian-clang, r-devel-linux-x86_64-debian-gcc, r-devel-linux-x86_64-fedora-clang, r-devel-linux-x86_64-fedora-gcc, r-devel-windows-ix86+x86_64