CRAN Package Check Results for Package BCE

Last updated on 2016-09-26 03:54:48.

Flavor Version Tinstall Tcheck Ttotal Status Flags
r-devel-linux-x86_64-debian-clang 2.1 2.64 42.23 44.87 NOTE
r-devel-linux-x86_64-debian-gcc 2.1 2.83 41.19 44.02 NOTE
r-devel-linux-x86_64-fedora-clang 2.1 92.79 NOTE
r-devel-linux-x86_64-fedora-gcc 2.1 89.55 NOTE
r-devel-macos-x86_64-clang 2.1 69.20 NOTE
r-devel-windows-ix86+x86_64 2.1 11.00 98.00 109.00 NOTE
r-patched-linux-x86_64 2.1 2.85 41.25 44.11 NOTE
r-patched-solaris-sparc 2.1 569.70 NOTE
r-patched-solaris-x86 2.1 128.10 NOTE
r-release-linux-x86_64 2.1 2.87 42.53 45.40 NOTE
r-release-osx-x86_64-mavericks 2.1 NOTE
r-release-windows-ix86+x86_64 2.1 20.00 105.00 125.00 NOTE
r-oldrel-windows-ix86+x86_64 2.1 13.00 111.00 124.00 OK

Check Details

Version: 2.1
Check: R code for possible problems
Result: NOTE
    pairs.bce : panel.cor: no visible global function definition for ‘text’
    pairs.bce : panel.cor: no visible global function definition for ‘cor’
    pairs.bce : panel.hist: no visible global function definition for ‘par’
    pairs.bce : panel.hist: no visible global function definition for
     ‘hist’
    pairs.bce : panel.hist: no visible global function definition for
     ‘rect’
    pairs.bce: no visible global function definition for ‘pairs’
    panel.cor: no visible global function definition for ‘par’
    panel.cor: no visible global function definition for ‘cor’
    panel.cor: no visible global function definition for ‘strwidth’
    panel.cor: no visible global function definition for ‘text’
    rdirichlet2: no visible global function definition for ‘rgamma’
    summary.bce: no visible global function definition for ‘cov’
    summary.bce: no visible binding for global variable ‘sd’
    summary.bce: no visible binding for global variable ‘quantile’
    Undefined global functions or variables:
     cor cov hist pairs par quantile rect rgamma sd strwidth text
    Consider adding
     importFrom("graphics", "hist", "pairs", "par", "rect", "strwidth",
     "text")
     importFrom("stats", "cor", "cov", "quantile", "rgamma", "sd")
    to your NAMESPACE file.
Flavors: r-devel-linux-x86_64-debian-clang, r-devel-linux-x86_64-debian-gcc, r-devel-linux-x86_64-fedora-clang, r-devel-linux-x86_64-fedora-gcc, r-devel-macos-x86_64-clang, r-devel-windows-ix86+x86_64, r-patched-linux-x86_64, r-patched-solaris-sparc, r-patched-solaris-x86, r-release-linux-x86_64, r-release-osx-x86_64-mavericks, r-release-windows-ix86+x86_64