CRAN Package Check Results for Package BCEA

Last updated on 2019-04-19 22:52:17 CEST.

Flavor Version Tinstall Tcheck Ttotal Status Flags
r-devel-linux-x86_64-debian-clang 2.2-6 6.89 67.45 74.34 NOTE
r-devel-linux-x86_64-debian-gcc 2.2-6 5.92 51.65 57.57 NOTE
r-devel-linux-x86_64-fedora-clang 2.2-6 87.13 OK
r-devel-linux-x86_64-fedora-gcc 2.2-6 91.41 OK
r-devel-windows-ix86+x86_64 2.2-6 16.00 106.00 122.00 OK
r-patched-linux-x86_64 2.2-6 6.77 68.15 74.92 NOTE
r-patched-solaris-x86 2.2-6 124.00 NOTE
r-release-linux-x86_64 2.2-6 5.65 64.31 69.96 NOTE
r-release-windows-ix86+x86_64 2.2-6 9.00 75.00 84.00 OK
r-release-osx-x86_64 2.2-6 NOTE
r-oldrel-windows-ix86+x86_64 2.2-6 3.00 107.00 110.00 OK
r-oldrel-osx-x86_64 2.2-6 NOTE

Check Details

Version: 2.2-6
Check: package dependencies
Result: NOTE
    Package suggested but not available for checking: 'INLA'
Flavors: r-devel-linux-x86_64-debian-clang, r-devel-linux-x86_64-debian-gcc, r-patched-linux-x86_64, r-patched-solaris-x86, r-release-linux-x86_64, r-release-osx-x86_64, r-oldrel-osx-x86_64