CRAN Package Check Results for Package BCEA

Last updated on 2014-12-19 23:46:52.

Flavor Version Tinstall Tcheck Ttotal Status Flags
r-devel-linux-x86_64-debian-clang 2.0-2 0.98 53.42 54.40 NOTE
r-devel-linux-x86_64-debian-gcc 2.0-2 0.99 53.60 54.59 NOTE
r-devel-linux-x86_64-fedora-clang 2.0-2 115.26 NOTE
r-devel-linux-x86_64-fedora-gcc 2.0-2 107.31 NOTE
r-devel-osx-x86_64-clang 2.0-2 109.28 NOTE
r-devel-windows-ix86+x86_64 2.0-2 4.00 76.00 80.00 NOTE
r-patched-linux-x86_64 2.0-2 1.02 54.80 55.82 NOTE
r-patched-solaris-sparc 2.0-2 766.40 NOTE
r-patched-solaris-x86 2.0-2 155.60 NOTE
r-release-linux-ix86 2.0-2 1.32 64.10 65.41 NOTE
r-release-linux-x86_64 2.0-2 1.06 53.70 54.76 NOTE
r-release-osx-x86_64-mavericks 2.0-2 NOTE
r-release-osx-x86_64-snowleopard 2.0-2 OK
r-release-windows-ix86+x86_64 2.0-2 4.00 74.00 78.00 NOTE
r-oldrel-windows-ix86+x86_64 2.0-2 4.00 89.00 93.00 OK

Check Details

Version: 2.0-2
Check: R code for possible problems
Result: NOTE
    ceac.plot: no visible global function definition for ‘ggplot’
    ceac.plot: no visible global function definition for ‘aes’
    ceac.plot: no visible global function definition for ‘geom_line’
    ceac.plot: no visible global function definition for
     ‘scale_linetype_manual’
    ceac.plot: no visible global function definition for ‘theme_bw’
    ceac.plot: no visible global function definition for
     ‘scale_y_continuous’
    ceac.plot: no visible global function definition for ‘labs’
    ceac.plot: no visible global function definition for ‘theme’
    ceac.plot: no visible global function definition for ‘element_blank’
    ceac.plot: no visible global function definition for ‘element_text’
    ceac.plot: no visible global function definition for ‘unit’
    ceaf.plot: no visible global function definition for ‘ggplot’
    ceaf.plot: no visible global function definition for ‘theme_bw’
    ceaf.plot: no visible global function definition for ‘geom_line’
    ceaf.plot: no visible global function definition for ‘aes’
    ceaf.plot: no visible global function definition for ‘coord_cartesian’
    ceaf.plot: no visible global function definition for ‘theme’
    ceaf.plot: no visible global function definition for ‘element_text’
    ceaf.plot: no visible global function definition for ‘unit’
    ceaf.plot: no visible global function definition for ‘element_blank’
    ceaf.plot: no visible global function definition for ‘labs’
    ceplane.plot: no visible global function definition for ‘rel’
    ceplane.plot: no visible global function definition for ‘theme’
    ceplane.plot: no visible global function definition for ‘is.theme’
    ceplane.plot: no visible global function definition for ‘ggplot’
    ceplane.plot: no visible global function definition for ‘aes’
    ceplane.plot: no visible global function definition for ‘theme_bw’
    ceplane.plot: no visible global function definition for
     ‘scale_x_continuous’
    ceplane.plot: no visible global function definition for
     ‘scale_y_continuous’
    ceplane.plot: no visible global function definition for
     ‘scale_color_manual’
    ceplane.plot: no visible global function definition for ‘geom_line’
    ceplane.plot: no visible global function definition for ‘geom_polygon’
    ceplane.plot: no visible global function definition for ‘geom_hline’
    ceplane.plot: no visible global function definition for ‘geom_vline’
    ceplane.plot: no visible global function definition for ‘geom_point’
    ceplane.plot: no visible global function definition for ‘annotate’
    ceplane.plot: no visible global function definition for ‘labs’
    ceplane.plot: no visible global function definition for ‘element_blank’
    ceplane.plot: no visible global function definition for ‘element_text’
    ceplane.plot: no visible global function definition for ‘unit’
    contour.bcea: no visible global function definition for ‘kde2d’
    contour.bcea: no visible global function definition for ‘ggplot’
    contour.bcea: no visible global function definition for ‘aes’
    contour.bcea: no visible global function definition for ‘geom_hline’
    contour.bcea: no visible global function definition for ‘geom_vline’
    contour.bcea: no visible global function definition for ‘theme_bw’
    contour.bcea: no visible global function definition for ‘geom_point’
    contour.bcea: no visible global function definition for
     ‘scale_x_continuous’
    contour.bcea: no visible global function definition for
     ‘scale_y_continuous’
    contour.bcea: no visible global function definition for ‘geom_contour’
    contour.bcea: no visible global function definition for
     ‘stat_density2d’
    contour.bcea: no visible global function definition for ‘geom_text’
    contour.bcea: no visible global function definition for ‘rel’
    contour.bcea: no visible global function definition for
     ‘scale_color_manual’
    contour.bcea: no visible global function definition for ‘guides’
    contour.bcea: no visible global function definition for ‘guide_legend’
    contour.bcea: no visible global function definition for ‘labs’
    contour.bcea: no visible global function definition for ‘theme’
    contour.bcea: no visible global function definition for ‘element_blank’
    contour.bcea: no visible global function definition for ‘element_text’
    contour.bcea: no visible global function definition for ‘unit’
    contour2: no visible global function definition for ‘kde2d’
    contour2: no visible global function definition for ‘geom_contour’
    contour2: no visible global function definition for ‘aes’
    contour2: no visible global function definition for ‘coord_cartesian’
    eib.plot: no visible global function definition for ‘rel’
    eib.plot: no visible global function definition for ‘theme’
    eib.plot: no visible global function definition for ‘is.theme’
    eib.plot: no visible global function definition for ‘ggplot’
    eib.plot: no visible global function definition for ‘aes’
    eib.plot: no visible global function definition for ‘geom_line’
    eib.plot: no visible global function definition for ‘theme_bw’
    eib.plot: no visible global function definition for ‘geom_hline’
    eib.plot: no visible global function definition for ‘geom_vline’
    eib.plot: no visible global function definition for ‘annotate’
    eib.plot: no visible global function definition for
     ‘scale_linetype_manual’
    eib.plot: no visible global function definition for ‘labs’
    eib.plot: no visible global function definition for ‘element_blank’
    eib.plot: no visible global function definition for ‘element_text’
    eib.plot: no visible global function definition for ‘unit’
    evi.plot: no visible global function definition for ‘ggplot’
    evi.plot: no visible global function definition for ‘aes’
    evi.plot: no visible global function definition for ‘geom_line’
    evi.plot: no visible global function definition for ‘theme_bw’
    evi.plot: no visible global function definition for ‘labs’
    evi.plot: no visible global function definition for ‘theme’
    evi.plot: no visible global function definition for ‘element_text’
    evi.plot: no visible global function definition for ‘annotate’
    evi.plot: no visible global function definition for ‘unit’
    evi.plot: no visible global function definition for ‘element_blank’
    ib.plot: no visible global function definition for ‘ggplot’
    ib.plot: no visible global function definition for ‘aes’
    ib.plot: no visible global function definition for ‘theme_bw’
    ib.plot: no visible global function definition for ‘geom_vline’
    ib.plot: no visible global function definition for ‘geom_hline’
    ib.plot: no visible global function definition for ‘geom_ribbon’
    ib.plot: no visible global function definition for ‘geom_line’
    ib.plot: no visible global function definition for ‘annotate’
    ib.plot: no visible global function definition for ‘coord_cartesian’
    ib.plot: no visible global function definition for ‘theme’
    ib.plot: no visible global function definition for ‘element_text’
    ib.plot: no visible global function definition for ‘element_blank’
    ib.plot: no visible global function definition for ‘labs’
    mce.plot: no visible global function definition for ‘ggplot’
    mce.plot: no visible global function definition for ‘theme_bw’
    mce.plot: no visible global function definition for ‘geom_line’
    mce.plot: no visible global function definition for ‘aes’
    mce.plot: no visible global function definition for
     ‘scale_colour_manual’
    mce.plot: no visible global function definition for
     ‘scale_linetype_manual’
    mce.plot: no visible global function definition for ‘labs’
    mce.plot: no visible global function definition for ‘theme’
    mce.plot: no visible global function definition for ‘element_text’
    mce.plot: no visible global function definition for ‘unit’
    mce.plot: no visible global function definition for ‘element_blank’
    mce.plot: no visible global function definition for ‘coord_cartesian’
    multi.evppi: no visible global function definition for ‘gam’
    multi.evppi: no visible global function definition for ‘mvrnorm’
    plot.CEriskav: no visible global function definition for ‘ggplot’
    plot.CEriskav: no visible global function definition for ‘aes’
    plot.CEriskav: no visible global function definition for ‘geom_hline’
    plot.CEriskav: no visible global function definition for ‘geom_line’
    plot.CEriskav: no visible global function definition for
     ‘scale_linetype_manual’
    plot.CEriskav: no visible global function definition for ‘theme_bw’
    plot.CEriskav: no visible global function definition for ‘labs’
    plot.CEriskav: no visible global function definition for ‘theme’
    plot.CEriskav: no visible global function definition for ‘element_text’
    plot.CEriskav: no visible global function definition for ‘unit’
    plot.CEriskav: no visible global function definition for
     ‘element_blank’
    plot.bcea : multiplot: no visible global function definition for
     ‘grid.newpage’
    plot.bcea : multiplot: no visible global function definition for
     ‘pushViewport’
    plot.bcea : multiplot: no visible global function definition for
     ‘viewport’
    plot.bcea : multiplot: no visible global function definition for
     ‘grid.layout’
    plot.bcea: no visible global function definition for ‘theme’
    plot.bcea: no visible global function definition for ‘element_text’
    plot.bcea: no visible global function definition for ‘unit’
    plot.bcea: no visible global function definition for ‘element_blank’
    plot.bcea: no visible global function definition for ‘is.theme’
    plot.mixedAn: no visible global function definition for ‘ggplot’
    plot.mixedAn: no visible global function definition for ‘theme_bw’
    plot.mixedAn: no visible global function definition for ‘geom_ribbon’
    plot.mixedAn: no visible global function definition for ‘aes’
    plot.mixedAn: no visible global function definition for ‘geom_line’
    plot.mixedAn: no visible global function definition for
     ‘coord_cartesian’
    plot.mixedAn: no visible global function definition for
     ‘scale_colour_manual’
    plot.mixedAn: no visible global function definition for ‘labs’
    plot.mixedAn: no visible global function definition for ‘theme’
    plot.mixedAn: no visible global function definition for ‘element_text’
    plot.mixedAn: no visible global function definition for ‘unit’
    plot.mixedAn: no visible global function definition for ‘element_blank’
Flavors: r-devel-linux-x86_64-debian-clang, r-devel-linux-x86_64-debian-gcc, r-devel-linux-x86_64-fedora-clang, r-devel-linux-x86_64-fedora-gcc, r-devel-osx-x86_64-clang, r-devel-windows-ix86+x86_64, r-patched-linux-x86_64, r-patched-solaris-sparc, r-patched-solaris-x86, r-release-linux-ix86, r-release-linux-x86_64, r-release-windows-ix86+x86_64

Version: 2.0-2
Check: package dependencies
Result: NOTE
    Package suggested but not available for checking: ‘R2jags’
Flavor: r-release-osx-x86_64-mavericks