CRAN Package Check Results for Package BCEA

Last updated on 2019-02-21 19:52:10 CET.

Flavor Version Tinstall Tcheck Ttotal Status Flags
r-devel-linux-x86_64-debian-clang 2.2-6 6.88 70.34 77.22 NOTE
r-devel-linux-x86_64-debian-gcc 2.2-6 5.36 51.97 57.33 NOTE
r-devel-linux-x86_64-fedora-clang 2.2-6 90.99 OK
r-devel-linux-x86_64-fedora-gcc 2.2-6 82.78 OK
r-devel-windows-ix86+x86_64 2.2-6 13.00 94.00 107.00 OK
r-patched-linux-x86_64 2.2-6 7.00 63.91 70.91 NOTE
r-patched-solaris-x86 2.2-6 119.70 NOTE
r-release-linux-x86_64 2.2-6 NOTE
r-release-windows-ix86+x86_64 2.2-6 10.00 99.00 109.00 OK
r-release-osx-x86_64 2.2-6 NOTE
r-oldrel-windows-ix86+x86_64 2.2-6 4.00 85.00 89.00 OK
r-oldrel-osx-x86_64 2.2-6 NOTE

Check Details

Version: 2.2-6
Check: package dependencies
Result: NOTE
    Package suggested but not available for checking: ‘INLA’
Flavors: r-devel-linux-x86_64-debian-clang, r-devel-linux-x86_64-debian-gcc, r-patched-linux-x86_64, r-patched-solaris-x86, r-release-linux-x86_64, r-release-osx-x86_64, r-oldrel-osx-x86_64