CRAN Package Check Results for Package BCEA

Last updated on 2016-05-05 20:47:46.

Flavor Version Tinstall Tcheck Ttotal Status Flags
r-devel-linux-x86_64-debian-gcc 2.2-2 0.88 36.19 37.08 NOTE
r-devel-linux-x86_64-fedora-clang 2.2-2 71.04 OK
r-devel-linux-x86_64-fedora-gcc 2.2-2 65.92 OK
r-devel-osx-x86_64-clang 2.2-2 82.94 OK
r-devel-windows-ix86+x86_64 2.2-2 4.00 62.00 66.00 OK
r-patched-linux-x86_64 2.2-2 0.94 36.15 37.09 NOTE
r-patched-solaris-sparc 2.2-2 497.70 NOTE
r-patched-solaris-x86 2.2-2 86.70 NOTE
r-release-linux-x86_64 2.2-2 0.86 36.12 36.99 NOTE
r-release-osx-x86_64-mavericks 2.2-2 NOTE
r-release-windows-ix86+x86_64 2.2-2 4.00 62.00 66.00 OK
r-oldrel-windows-ix86+x86_64 2.2-2 5.00 87.00 92.00 OK

Check Details

Version: 2.2-2
Check: package dependencies
Result: NOTE
    Package suggested but not available for checking: ‘INLA’
Flavors: r-devel-linux-x86_64-debian-gcc, r-patched-linux-x86_64, r-patched-solaris-sparc, r-patched-solaris-x86, r-release-linux-x86_64, r-release-osx-x86_64-mavericks