CRAN Package Check Results for Package BCEA

Last updated on 2014-07-24 21:48:40.

Flavor Version Tinstall Tcheck Ttotal Status Flags
r-devel-linux-x86_64-debian-clang 2.0-2 1.04 57.34 58.38 OK
r-devel-linux-x86_64-debian-gcc 2.0-2 0.94 53.76 54.70 OK
r-devel-linux-x86_64-fedora-clang 2.0-2 125.84 OK
r-devel-linux-x86_64-fedora-gcc 2.0-2 112.94 OK
r-devel-osx-x86_64-clang 2.0-2 102.37 OK
r-devel-windows-ix86+x86_64 2.0-2 3.00 78.00 81.00 OK
r-patched-linux-x86_64 2.0-2 0.92 55.83 56.74 OK
r-patched-solaris-sparc 2.0-2 783.20 OK
r-patched-solaris-x86 2.0-2 156.30 OK
r-release-linux-ix86 2.0-2 1.32 70.16 71.48 OK
r-release-linux-x86_64 2.0-2 0.95 62.37 63.32 OK
r-release-osx-x86_64-mavericks 2.0-2 NOTE
r-release-osx-x86_64-snowleopard 2.0-2 OK
r-release-windows-ix86+x86_64 2.0-2 3.00 82.00 85.00 OK
r-oldrel-windows-ix86+x86_64 2.0-2 4.00 79.00 83.00 OK

Check Details

Version: 2.0-2
Check: package dependencies
Result: NOTE
    Package suggested but not available for checking: ‘R2jags’
Flavor: r-release-osx-x86_64-mavericks