CRAN Package Check Results for Package BCEA

Last updated on 2015-05-29 07:47:19.

Flavor Version Tinstall Tcheck Ttotal Status Flags
r-devel-linux-x86_64-debian-clang 2.1-1 0.88 38.78 39.66 NOTE
r-devel-linux-x86_64-debian-gcc 2.1-1 0.86 35.51 36.37 NOTE
r-devel-linux-x86_64-fedora-clang 2.1-1 71.93 OK
r-devel-linux-x86_64-fedora-gcc 2.1-1 66.71 OK
r-devel-osx-x86_64-clang 2.1-1 65.44 OK
r-devel-windows-ix86+x86_64 2.1-1 3.00 47.00 50.00 OK
r-patched-linux-x86_64 2.1-1 1.28 35.13 36.42 NOTE
r-patched-solaris-sparc 2.1-1 473.30 NOTE
r-patched-solaris-x86 2.1-1 91.50 NOTE
r-release-linux-x86_64 2.1-1 0.86 37.22 38.08 NOTE
r-release-osx-x86_64-mavericks 2.1-1 NOTE
r-release-osx-x86_64-snowleopard 2.1-1 NOTE
r-release-windows-ix86+x86_64 2.1-1 3.00 55.00 58.00 OK
r-oldrel-windows-ix86+x86_64 2.1-1 3.00 51.00 54.00 OK

Check Details

Version: 2.1-1
Check: package dependencies
Result: NOTE
    Package suggested but not available for checking: ‘INLA’
Flavors: r-devel-linux-x86_64-debian-clang, r-devel-linux-x86_64-debian-gcc, r-patched-linux-x86_64, r-patched-solaris-sparc, r-patched-solaris-x86, r-release-linux-x86_64, r-release-osx-x86_64-mavericks, r-release-osx-x86_64-snowleopard