CRAN Package Check Results for Package BCEA

Last updated on 2016-02-05 23:48:34.

Flavor Version Tinstall Tcheck Ttotal Status Flags
r-devel-linux-x86_64-debian-gcc 2.2-2 0.91 36.39 37.30 NOTE
r-devel-linux-x86_64-fedora-clang 2.2-2 71.50 OK
r-devel-linux-x86_64-fedora-gcc 2.2-2 64.57 OK
r-devel-osx-x86_64-clang 2.2-2 80.11 OK
r-devel-windows-ix86+x86_64 2.2-2 9.00 60.00 69.00 OK
r-patched-linux-x86_64 2.2-2 1.04 37.29 38.33 NOTE
r-patched-solaris-sparc 2.2-2 464.20 NOTE
r-patched-solaris-x86 2.2-2 85.90 NOTE
r-release-linux-x86_64 2.2-2 1.00 36.63 37.63 NOTE
r-release-osx-x86_64-mavericks 2.2-2 NOTE
r-release-windows-ix86+x86_64 2.2-2 5.00 63.00 68.00 OK
r-oldrel-windows-ix86+x86_64 2.2-2 5.00 76.00 81.00 OK

Check Details

Version: 2.2-2
Check: package dependencies
Result: NOTE
    Package suggested but not available for checking: ‘INLA’
Flavors: r-devel-linux-x86_64-debian-gcc, r-patched-linux-x86_64, r-patched-solaris-sparc, r-patched-solaris-x86, r-release-linux-x86_64, r-release-osx-x86_64-mavericks