CRAN Package Check Results for Package BCEA

Last updated on 2016-10-01 20:47:09.

Flavor Version Tinstall Tcheck Ttotal Status Flags
r-devel-linux-x86_64-debian-clang 2.2-3 0.93 42.91 43.83 NOTE
r-devel-linux-x86_64-debian-gcc 2.2-3 0.95 36.71 37.67 NOTE
r-devel-linux-x86_64-fedora-clang 2.2-3 84.03 OK
r-devel-linux-x86_64-fedora-gcc 2.2-3 68.18 OK
r-devel-macos-x86_64-clang 2.2-3 57.80 OK
r-devel-windows-ix86+x86_64 2.2-3 3.00 86.00 89.00 OK
r-patched-linux-x86_64 2.2-3 0.92 36.23 37.15 NOTE
r-patched-solaris-sparc 2.2-3 488.30 NOTE
r-patched-solaris-x86 2.2-3 85.60 NOTE
r-release-linux-x86_64 2.2-3 0.90 36.50 37.40 NOTE
r-release-osx-x86_64-mavericks 2.2-3 NOTE
r-release-windows-ix86+x86_64 2.2-3 3.00 64.00 67.00 OK
r-oldrel-windows-ix86+x86_64 2.2-3 3.00 53.00 56.00 OK

Check Details

Version: 2.2-3
Check: package dependencies
Result: NOTE
    Package suggested but not available for checking: ‘INLA’
Flavors: r-devel-linux-x86_64-debian-clang, r-devel-linux-x86_64-debian-gcc, r-patched-linux-x86_64, r-patched-solaris-sparc, r-patched-solaris-x86, r-release-linux-x86_64, r-release-osx-x86_64-mavericks