CRAN Package Check Results for Package BCEA

Last updated on 2015-04-27 06:46:30.

Flavor Version Tinstall Tcheck Ttotal Status Flags
r-devel-linux-x86_64-debian-clang 2.1-0 0.85 36.88 37.72 NOTE
r-devel-linux-x86_64-debian-gcc 2.1-0 0.87 38.42 39.29 NOTE
r-devel-linux-x86_64-fedora-clang 2.1-0 75.85 NOTE
r-devel-linux-x86_64-fedora-gcc 2.1-0 70.80 NOTE
r-devel-osx-x86_64-clang 2.1-0 67.54 NOTE
r-devel-windows-ix86+x86_64 2.1-0 4.00 53.00 57.00 NOTE
r-patched-linux-x86_64 2.1-0 0.84 37.40 38.24 NOTE
r-patched-solaris-sparc 2.1-0 509.90 NOTE
r-patched-solaris-x86 2.1-0 92.50 NOTE
r-release-linux-x86_64 2.1-0 0.85 36.03 36.88 NOTE
r-release-osx-x86_64-mavericks 2.1-0 NOTE
r-release-osx-x86_64-snowleopard 2.1-0 NOTE
r-release-windows-ix86+x86_64 2.1-0 4.00 52.00 56.00 NOTE
r-oldrel-windows-ix86+x86_64 2.1-0 2.00 52.00 54.00 OK

Check Details

Version: 2.1-0
Check: DESCRIPTION meta-information
Result: NOTE
    Malformed Description field: should contain one or more complete sentences.
Flavors: r-devel-linux-x86_64-debian-clang, r-devel-linux-x86_64-debian-gcc, r-devel-linux-x86_64-fedora-clang, r-devel-linux-x86_64-fedora-gcc, r-devel-osx-x86_64-clang, r-devel-windows-ix86+x86_64, r-patched-solaris-sparc, r-patched-solaris-x86, r-release-osx-x86_64-mavericks, r-release-osx-x86_64-snowleopard, r-release-windows-ix86+x86_64

Version: 2.1-0
Check: S3 generic/method consistency
Result: NOTE
    Found the following apparent S3 methods exported but not registered:
     CEriskav.default bcea.default contour.bcea evppi.default
     mixedAn.default plot.CEriskav plot.bcea plot.evppi plot.mixedAn
     summary.bcea summary.mixedAn
    See section ‘Registering S3 methods’ in the ‘Writing R Extensions’
    manual.
Flavors: r-devel-linux-x86_64-debian-clang, r-devel-linux-x86_64-debian-gcc, r-devel-linux-x86_64-fedora-clang, r-devel-linux-x86_64-fedora-gcc, r-devel-osx-x86_64-clang, r-patched-solaris-x86

Version: 2.1-0
Check: package dependencies
Result: NOTE
    Packages suggested but not available for checking: ‘ggplot2’ ‘R2OpenBUGS’
Flavor: r-release-osx-x86_64-snowleopard