CRAN Package Check Results for Package BCEA

Last updated on 2016-06-29 23:51:17.

Flavor Version Tinstall Tcheck Ttotal Status Flags
r-devel-linux-x86_64-debian-gcc 2.2-3 1.18 38.59 39.77 NOTE
r-devel-linux-x86_64-fedora-clang 2.2-3 70.26 OK
r-devel-linux-x86_64-fedora-gcc 2.2-3 65.62 OK
r-devel-osx-x86_64-clang 2.2-3 59.46 OK
r-devel-windows-ix86+x86_64 2.2-3 4.00 67.00 71.00 OK
r-patched-linux-x86_64 2.2-3 1.09 37.27 38.36 NOTE
r-patched-solaris-sparc 2.2-3 488.30 NOTE
r-patched-solaris-x86 2.2-3 87.80 NOTE
r-release-linux-x86_64 2.2-3 0.89 36.08 36.97 NOTE
r-release-osx-x86_64-mavericks 2.2-3 NOTE
r-release-windows-ix86+x86_64 2.2-3 5.00 89.00 94.00 OK
r-oldrel-windows-ix86+x86_64 2.2-3 5.00 71.00 76.00 OK

Check Details

Version: 2.2-3
Check: package dependencies
Result: NOTE
    Package suggested but not available for checking: ‘INLA’
Flavors: r-devel-linux-x86_64-debian-gcc, r-patched-linux-x86_64, r-patched-solaris-sparc, r-patched-solaris-x86, r-release-linux-x86_64, r-release-osx-x86_64-mavericks