CRAN Package Check Results for Package BCEA

Last updated on 2017-03-25 15:47:34.

Flavor Version Tinstall Tcheck Ttotal Status Flags
r-devel-linux-x86_64-debian-clang 2.2-5 0.97 42.86 43.83 NOTE
r-devel-linux-x86_64-debian-gcc 2.2-5 0.98 41.70 42.68 NOTE
r-devel-linux-x86_64-fedora-clang 2.2-5 79.38 OK --no-stop-on-test-error
r-devel-linux-x86_64-fedora-gcc 2.2-5 91.65 OK --no-stop-on-test-error
r-devel-macos-x86_64-clang 2.2-5 65.52 OK --no-stop-on-test-error
r-patched-linux-x86_64 2.2-5 1.06 41.81 42.87 NOTE
r-patched-solaris-sparc 2.2-5 527.80 NOTE
r-patched-solaris-x86 2.2-5 99.50 NOTE
r-release-linux-x86_64 2.2-5 0.93 36.41 37.34 NOTE
r-release-osx-x86_64-mavericks 2.2-5 NOTE
r-release-windows-ix86+x86_64 2.2-5 5.00 89.00 94.00 OK
r-oldrel-windows-ix86+x86_64 2.2-5 5.00 50.00 55.00 ERROR

Check Details

Version: 2.2-5
Check: package dependencies
Result: NOTE
    Package suggested but not available for checking: ‘INLA’
Flavors: r-devel-linux-x86_64-debian-clang, r-devel-linux-x86_64-debian-gcc, r-patched-linux-x86_64, r-patched-solaris-sparc, r-patched-solaris-x86, r-release-linux-x86_64, r-release-osx-x86_64-mavericks

Version: 2.2-5
Check: examples
Result: ERROR
    Running examples in 'BCEA-Ex.R' failed
    The error most likely occurred in:
    
    > ### Name: evppi
    > ### Title: Expected Value of Perfect Partial Information (EVPPI) for
    > ### selected parameters
    > ### Aliases: evppi evppi.default
    > ### Keywords: Health economic evaluation Expected value of partial
    > ### information
    >
    > ### ** Examples
    >
    > # See Baio G., Dawid A.P. (2011) for a detailed description of the
    > # Bayesian model and economic problem
    > #
    > # Load the processed results of the MCMC simulation model
    > data(Vaccine)
    Warning: namespace 'rjags' is not available and has been replaced
    by .GlobalEnv when processing object 'vaccine'
    > #
    > # Runs the health economic evaluation using BCEA
    > m <- bcea(e,c,ref=2,interventions=treats)
    > #
    > # Computes the EVPPI for a bunch of parameters
    > inp <- CreateInputs(vaccine)
    Error in CreateInputs(vaccine) :
     You need to install the package 'R2jags'. Please run in your R terminal:
     install.packages('R2jags')
    Execution halted
Flavor: r-oldrel-windows-ix86+x86_64