CRAN Package Check Results for Package BCEA

Last updated on 2016-07-26 11:50:43.

Flavor Version Tinstall Tcheck Ttotal Status Flags
r-devel-linux-x86_64-debian-clang 2.2-3 1.11 43.69 44.80 NOTE
r-devel-linux-x86_64-debian-gcc 2.2-3 1.15 44.06 45.21 NOTE
r-devel-linux-x86_64-fedora-clang 2.2-3 81.89 OK
r-devel-linux-x86_64-fedora-gcc 2.2-3 66.00 OK
r-devel-osx-x86_64-clang 2.2-3 59.26 OK
r-devel-windows-ix86+x86_64 2.2-3 5.00 87.00 92.00 OK
r-patched-linux-x86_64 2.2-3 1.08 42.03 43.11 NOTE
r-patched-solaris-sparc 2.2-3 488.30 NOTE
r-patched-solaris-x86 2.2-3 82.50 NOTE
r-release-linux-x86_64 2.2-3 1.03 41.71 42.74 NOTE
r-release-osx-x86_64-mavericks 2.2-3 NOTE
r-release-windows-ix86+x86_64 2.2-3 6.00 82.00 88.00 OK
r-oldrel-windows-ix86+x86_64 2.2-3 6.00 86.00 92.00 OK

Check Details

Version: 2.2-3
Check: package dependencies
Result: NOTE
    Package suggested but not available for checking: ‘INLA’
Flavors: r-devel-linux-x86_64-debian-clang, r-devel-linux-x86_64-debian-gcc, r-patched-linux-x86_64, r-patched-solaris-sparc, r-patched-solaris-x86, r-release-linux-x86_64, r-release-osx-x86_64-mavericks