CRAN Package Check Results for Package BCEA

Last updated on 2015-01-29 12:47:57.

Flavor Version Tinstall Tcheck Ttotal Status Flags
r-devel-linux-x86_64-debian-clang 2.1-0 0.99 36.63 37.62 NOTE
r-devel-linux-x86_64-debian-gcc 2.1-0 0.88 36.35 37.23 NOTE
r-devel-linux-x86_64-fedora-clang 2.1-0 81.76 NOTE
r-devel-linux-x86_64-fedora-gcc 2.1-0 75.38 NOTE
r-devel-osx-x86_64-clang 2.1-0 74.05 NOTE
r-devel-windows-ix86+x86_64 2.1-0 5.00 51.00 56.00 OK
r-patched-linux-x86_64 2.1-0 1.17 38.70 39.87 OK
r-patched-solaris-sparc 2.1-0 472.00 OK
r-patched-solaris-x86 2.1-0 103.70 OK
r-release-linux-ix86 2.1-0 1.31 46.80 48.11 OK
r-release-linux-x86_64 2.1-0 0.90 40.40 41.30 OK
r-release-osx-x86_64-mavericks 2.1-0 OK
r-release-osx-x86_64-snowleopard 2.1-0 OK
r-release-windows-ix86+x86_64 2.1-0 4.00 63.00 67.00 OK
r-oldrel-windows-ix86+x86_64 2.1-0 4.00 59.00 63.00 OK

Check Details

Version: 2.1-0
Check: S3 generic/method consistency
Result: NOTE
    Found the following apparent S3 methods exported but not registered:
     CEriskav.default bcea.default evppi.default mixedAn.default
     summary.bcea summary.mixedAn contour.bcea plot.CEriskav plot.bcea
     plot.evppi plot.mixedAn
    See section ‘Registering S3 methods’ in the ‘Writing R Extensions’
    manual.
Flavors: r-devel-linux-x86_64-debian-clang, r-devel-linux-x86_64-debian-gcc, r-devel-linux-x86_64-fedora-clang, r-devel-linux-x86_64-fedora-gcc, r-devel-osx-x86_64-clang