CRAN Package Check Results for Package BCEA

Last updated on 2016-08-28 21:49:43.

Flavor Version Tinstall Tcheck Ttotal Status Flags
r-devel-linux-x86_64-debian-clang 2.2-3 0.93 37.15 38.07 NOTE
r-devel-linux-x86_64-debian-gcc 2.2-3 0.96 37.73 38.69 NOTE
r-devel-linux-x86_64-fedora-clang 2.2-3 66.96 OK
r-devel-linux-x86_64-fedora-gcc 2.2-3 75.05 OK
r-devel-osx-x86_64-clang 2.2-3 59.87 OK
r-devel-windows-ix86+x86_64 2.2-3 5.00 63.00 68.00 OK
r-patched-linux-x86_64 2.2-3 0.94 36.25 37.19 NOTE
r-patched-solaris-sparc 2.2-3 488.30 NOTE
r-patched-solaris-x86 2.2-3 85.00 NOTE
r-release-linux-x86_64 2.2-3 0.87 36.32 37.19 NOTE
r-release-osx-x86_64-mavericks 2.2-3 NOTE
r-release-windows-ix86+x86_64 2.2-3 8.00 92.00 100.00 OK
r-oldrel-windows-ix86+x86_64 2.2-3 7.00 88.00 95.00 OK

Check Details

Version: 2.2-3
Check: package dependencies
Result: NOTE
    Package suggested but not available for checking: ‘INLA’
Flavors: r-devel-linux-x86_64-debian-clang, r-devel-linux-x86_64-debian-gcc, r-patched-linux-x86_64, r-patched-solaris-sparc, r-patched-solaris-x86, r-release-linux-x86_64, r-release-osx-x86_64-mavericks