CRAN Package Check Results for Package BCEA

Last updated on 2015-09-02 03:48:17.

Flavor Version Tinstall Tcheck Ttotal Status Flags
r-devel-linux-x86_64-debian-clang 2.1-1 0.89 34.22 35.10 NOTE
r-devel-linux-x86_64-debian-gcc 2.1-1 0.78 34.05 34.83 NOTE
r-devel-linux-x86_64-fedora-clang 2.1-1 69.65 NOTE
r-devel-linux-x86_64-fedora-gcc 2.1-1 64.28 NOTE
r-devel-osx-x86_64-clang 2.1-1 62.53 OK
r-devel-windows-ix86+x86_64 2.1-1 6.00 68.00 74.00 NOTE
r-patched-linux-x86_64 2.1-1 0.84 36.50 37.34 NOTE
r-patched-solaris-sparc 2.1-1 483.60 NOTE
r-patched-solaris-x86 2.1-1 89.40 NOTE
r-release-linux-x86_64 2.1-1 0.89 34.87 35.76 NOTE
r-release-osx-x86_64-mavericks 2.1-1 NOTE
r-release-windows-ix86+x86_64 2.1-1 6.00 54.00 60.00 OK
r-oldrel-windows-ix86+x86_64 2.1-1 5.00 61.00 66.00 OK

Check Details

Version: 2.1-1
Check: package dependencies
Result: NOTE
    Package suggested but not available for checking: ‘INLA’
Flavors: r-devel-linux-x86_64-debian-clang, r-devel-linux-x86_64-debian-gcc, r-patched-linux-x86_64, r-patched-solaris-sparc, r-patched-solaris-x86, r-release-linux-x86_64, r-release-osx-x86_64-mavericks

Version: 2.1-1
Check: R code for possible problems
Result: NOTE
    ceac.plot: no visible global function definition for ‘plot’
    ceac.plot: no visible global function definition for ‘colors’
    ceac.plot: no visible global function definition for ‘points’
    ceac.plot: no visible global function definition for ‘legend’
    ceaf.plot: no visible global function definition for ‘plot’
    ceef.plot: no visible global function definition for ‘colours’
    ceef.plot: no visible global function definition for ‘plot’
    ceef.plot: no visible global function definition for ‘rect’
    ceef.plot: no visible global function definition for ‘abline’
    ceef.plot: no visible global function definition for ‘points’
    ceef.plot: no visible global function definition for ‘legend’
    ceef.plot: no visible global function definition for ‘box’
    ceplane.plot: no visible global function definition for ‘ps.options’
    ceplane.plot: no visible global function definition for ‘pdf.options’
    ceplane.plot: no visible global function definition for ‘plot’
    ceplane.plot: no visible global function definition for ‘polygon’
    ceplane.plot: no visible global function definition for ‘axis’
    ceplane.plot: no visible global function definition for ‘box’
    ceplane.plot: no visible global function definition for ‘points’
    ceplane.plot: no visible global function definition for ‘abline’
    ceplane.plot: no visible global function definition for ‘colors’
    ceplane.plot: no visible global function definition for ‘legend’
    contour.bcea: no visible global function definition for ‘sd’
    contour.bcea: no visible global function definition for ‘plot’
    contour.bcea: no visible global function definition for ‘abline’
    contour.bcea: no visible global function definition for ‘contour’
    contour.bcea: no visible global function definition for ‘text’
    contour2: no visible global function definition for ‘ps.options’
    contour2: no visible global function definition for ‘pdf.options’
    contour2: no visible global function definition for ‘plot’
    contour2: no visible global function definition for ‘polygon’
    contour2: no visible global function definition for ‘axis’
    contour2: no visible global function definition for ‘box’
    contour2: no visible global function definition for ‘points’
    contour2: no visible global function definition for ‘abline’
    contour2: no visible global function definition for ‘text’
    contour2: no visible global function definition for ‘sd’
    contour2: no visible global function definition for ‘par’
    diag.evppi: no visible global function definition for ‘par’
    diag.evppi: no visible global function definition for ‘plot’
    diag.evppi: no visible global function definition for ‘abline’
    diag.evppi: no visible global function definition for ‘qqnorm’
    diag.evppi: no visible global function definition for ‘qqline’
    eib.plot : eib.plot.cri : <anonymous>: no visible global function
     definition for ‘quantile’
    eib.plot : eib.plot.cri : <anonymous>: no visible global function
     definition for ‘qnorm’
    eib.plot : eib.plot.cri : <anonymous>: no visible global function
     definition for ‘sd’
    eib.plot: no visible global function definition for ‘plot’
    eib.plot: no visible global function definition for ‘abline’
    eib.plot: no visible global function definition for ‘lines’
    eib.plot: no visible global function definition for ‘legend’
    evi.plot: no visible global function definition for ‘plot’
    evi.plot: no visible global function definition for ‘points’
    evppi.default: no visible global function definition for
     ‘installed.packages’
    evppi.default: no visible global function definition for
     ‘install.packages’
    evppi.default: no visible global function definition for ‘update’
    evppi.default: no visible global function definition for ‘prcomp’
    evppi.default: no visible global function definition for ‘sd’
    evppi.default: no visible global function definition for ‘points’
    evppi.default: no visible binding for global variable ‘sd’
    evppi.default: no visible global function definition for ‘as.formula’
    ib.plot: no visible global function definition for ‘sd’
    ib.plot: no visible global function definition for ‘plot’
    ib.plot: no visible global function definition for ‘box’
    ib.plot: no visible global function definition for ‘axis’
    ib.plot: no visible global function definition for ‘text’
    ib.plot: no visible global function definition for ‘polygon’
    ib.plot: no visible global function definition for ‘points’
    ib.plot: no visible global function definition for ‘abline’
    mce.plot: no visible global function definition for ‘colors’
    mce.plot: no visible global function definition for ‘plot’
    mce.plot: no visible global function definition for ‘points’
    mce.plot: no visible global function definition for ‘legend’
    multi.ce: no visible global function definition for ‘colors’
    plot.CEriskav: no visible global function definition for ‘plot’
    plot.CEriskav: no visible global function definition for ‘points’
    plot.CEriskav: no visible global function definition for ‘legend’
    plot.CEriskav: no visible global function definition for ‘abline’
    plot.CEriskav: no visible global function definition for ‘dev.new’
    plot.CEriskav: no visible global function definition for
     ‘devAskNewPage’
    plot.bcea: no visible global function definition for ‘par’
    plot.evppi: no visible global function definition for ‘plot’
    plot.evppi: no visible global function definition for ‘colors’
    plot.evppi: no visible global function definition for ‘points’
    plot.evppi: no visible global function definition for ‘legend’
    plot.mixedAn: no visible global function definition for ‘plot’
    plot.mixedAn: no visible global function definition for ‘polygon’
    plot.mixedAn: no visible global function definition for ‘points’
    plot.mixedAn: no visible global function definition for ‘legend’
    sim.table: no visible binding for global variable ‘step’
    Undefined global functions or variables:
     abline as.formula axis box colors colours contour dev.new
     devAskNewPage install.packages installed.packages legend lines par
     pdf.options plot points polygon prcomp ps.options qnorm qqline qqnorm
     quantile rect sd step text update
    Consider adding
     importFrom("grDevices", "colors", "colours", "dev.new",
     "devAskNewPage", "pdf.options", "ps.options")
     importFrom("graphics", "abline", "axis", "box", "contour", "legend",
     "lines", "par", "plot", "points", "polygon", "rect", "text")
     importFrom("stats", "as.formula", "prcomp", "qnorm", "qqline",
     "qqnorm", "quantile", "sd", "step", "update")
     importFrom("utils", "install.packages", "installed.packages")
    to your NAMESPACE.
Flavors: r-devel-linux-x86_64-debian-clang, r-devel-linux-x86_64-debian-gcc, r-devel-linux-x86_64-fedora-clang, r-devel-linux-x86_64-fedora-gcc, r-devel-windows-ix86+x86_64