CRAN Package Check Results for Package BCEA

Last updated on 2015-03-29 06:49:42.

Flavor Version Tinstall Tcheck Ttotal Status Flags
r-devel-linux-x86_64-debian-clang 2.1-0 0.85 39.13 39.98 NOTE
r-devel-linux-x86_64-debian-gcc 2.1-0 0.86 34.97 35.84 NOTE
r-devel-linux-x86_64-fedora-clang 2.1-0 74.73 NOTE
r-devel-linux-x86_64-fedora-gcc 2.1-0 72.36 NOTE
r-devel-osx-x86_64-clang 2.1-0 73.75 NOTE
r-prerel-windows-ix86+x86_64 2.1-0 5.00 54.00 59.00 NOTE
r-prerel-linux-x86_64 2.1-0 0.84 37.62 38.46 NOTE
r-prerel-solaris-sparc 2.1-0 509.90 NOTE
r-prerel-solaris-x86 2.1-0 92.90 NOTE
r-release-linux-x86_64 2.1-0 0.91 38.63 39.54 OK
r-release-osx-x86_64-mavericks 2.1-0 OK
r-release-osx-x86_64-snowleopard 2.1-0 OK
r-release-windows-ix86+x86_64 2.1-0 3.00 54.00 57.00 OK
r-oldrel-windows-ix86+x86_64 2.1-0 4.00 64.00 68.00 OK

Check Details

Version: 2.1-0
Check: DESCRIPTION meta-information
Result: NOTE
    Malformed Description field: should contain one or more complete sentences.
Flavors: r-devel-linux-x86_64-debian-clang, r-devel-linux-x86_64-debian-gcc, r-devel-linux-x86_64-fedora-clang, r-devel-linux-x86_64-fedora-gcc, r-devel-osx-x86_64-clang, r-prerel-windows-ix86+x86_64, r-prerel-linux-x86_64, r-prerel-solaris-sparc, r-prerel-solaris-x86

Version: 2.1-0
Check: S3 generic/method consistency
Result: NOTE
    Found the following apparent S3 methods exported but not registered:
     CEriskav.default bcea.default contour.bcea evppi.default
     mixedAn.default plot.CEriskav plot.bcea plot.evppi plot.mixedAn
     summary.bcea summary.mixedAn
    See section ‘Registering S3 methods’ in the ‘Writing R Extensions’
    manual.
Flavors: r-devel-linux-x86_64-debian-clang, r-devel-linux-x86_64-debian-gcc, r-devel-linux-x86_64-fedora-clang, r-devel-linux-x86_64-fedora-gcc, r-devel-osx-x86_64-clang, r-prerel-linux-x86_64