CRAN Package Check Results for Package BCEA

Last updated on 2017-02-20 20:47:38.

Flavor Version Tinstall Tcheck Ttotal Status Flags
r-devel-linux-x86_64-debian-clang 2.2-5 1.03 43.69 44.72 NOTE
r-devel-linux-x86_64-debian-gcc 2.2-5 1.01 41.04 42.05 NOTE
r-devel-linux-x86_64-fedora-clang 2.2-5 77.03 OK --no-stop-on-test-error
r-devel-linux-x86_64-fedora-gcc 2.2-5 80.56 OK --no-stop-on-test-error
r-devel-macos-x86_64-clang 2.2-5 65.81 OK --no-stop-on-test-error
r-devel-windows-ix86+x86_64 2.2-5 4.00 102.00 106.00 OK
r-patched-linux-x86_64 2.2-5 0.90 36.67 37.56 NOTE
r-patched-solaris-sparc 2.2-5 491.40 NOTE
r-patched-solaris-x86 2.2-5 89.80 NOTE
r-release-linux-x86_64 2.2-5 0.89 37.49 38.38 NOTE
r-release-osx-x86_64-mavericks 2.2-5 NOTE
r-release-windows-ix86+x86_64 2.2-5 3.00 71.00 74.00 OK
r-oldrel-windows-ix86+x86_64 2.2-5 4.00 50.00 54.00 ERROR

Check Details

Version: 2.2-5
Check: package dependencies
Result: NOTE
    Package suggested but not available for checking: ‘INLA’
Flavors: r-devel-linux-x86_64-debian-clang, r-devel-linux-x86_64-debian-gcc, r-patched-linux-x86_64, r-patched-solaris-sparc, r-patched-solaris-x86, r-release-linux-x86_64, r-release-osx-x86_64-mavericks

Version: 2.2-5
Check: examples
Result: ERROR
    Running examples in 'BCEA-Ex.R' failed
    The error most likely occurred in:
    
    > ### Name: evppi
    > ### Title: Expected Value of Perfect Partial Information (EVPPI) for
    > ### selected parameters
    > ### Aliases: evppi evppi.default
    > ### Keywords: Health economic evaluation Expected value of partial
    > ### information
    >
    > ### ** Examples
    >
    > # See Baio G., Dawid A.P. (2011) for a detailed description of the
    > # Bayesian model and economic problem
    > #
    > # Load the processed results of the MCMC simulation model
    > data(Vaccine)
    Warning: namespace 'rjags' is not available and has been replaced
    by .GlobalEnv when processing object 'vaccine'
    > #
    > # Runs the health economic evaluation using BCEA
    > m <- bcea(e,c,ref=2,interventions=treats)
    > #
    > # Computes the EVPPI for a bunch of parameters
    > inp <- CreateInputs(vaccine)
    Error in CreateInputs(vaccine) :
     You need to install the package 'R2jags'. Please run in your R terminal:
     install.packages('R2jags')
    Execution halted
Flavor: r-oldrel-windows-ix86+x86_64