CRAN Package Check Results for Package BCEA

Last updated on 2019-08-21 02:49:01 CEST.

Flavor Version Tinstall Tcheck Ttotal Status Flags
r-devel-linux-x86_64-debian-clang 2.3-1 9.93 75.09 85.02 WARN
r-devel-linux-x86_64-debian-gcc 2.3-1 7.70 56.52 64.22 WARN
r-devel-linux-x86_64-fedora-clang 2.3-1 97.89 WARN
r-devel-linux-x86_64-fedora-gcc 2.3-1 99.43 WARN
r-devel-windows-ix86+x86_64 2.3-1 17.00 110.00 127.00 OK
r-patched-linux-x86_64 2.3-1 8.02 73.78 81.80 NOTE
r-patched-solaris-x86 2.3-1 135.30 NOTE
r-release-linux-x86_64 2.3-1 8.17 73.02 81.19 NOTE
r-release-windows-ix86+x86_64 2.3-1 11.00 77.00 88.00 OK
r-release-osx-x86_64 2.3-1 NOTE
r-oldrel-windows-ix86+x86_64 2.3-1 16.00 81.00 97.00 OK
r-oldrel-osx-x86_64 2.3-1 NOTE

Check Details

Version: 2.3-1
Check: package dependencies
Result: NOTE
    Package suggested but not available for checking: 'INLA'
Flavors: r-devel-linux-x86_64-debian-clang, r-devel-linux-x86_64-debian-gcc, r-patched-linux-x86_64, r-patched-solaris-x86, r-release-linux-x86_64, r-release-osx-x86_64, r-oldrel-osx-x86_64

Version: 2.3-1
Check: contents of ‘data’ directory
Result: WARN
    File 'data/datalist' contains malformed line(s):
     ''
Flavors: r-devel-linux-x86_64-debian-clang, r-devel-linux-x86_64-debian-gcc, r-devel-linux-x86_64-fedora-clang, r-devel-linux-x86_64-fedora-gcc