CRAN Package Check Results for Package BCEA

Last updated on 2017-04-30 23:51:18.

Flavor Version Tinstall Tcheck Ttotal Status Flags
r-devel-linux-x86_64-debian-clang 2.2-5 0.98 42.86 43.84 NOTE
r-devel-linux-x86_64-debian-gcc 2.2-5 1.04 41.39 42.43 NOTE
r-devel-linux-x86_64-fedora-clang 2.2-5 79.56 OK --no-stop-on-test-error
r-devel-linux-x86_64-fedora-gcc 2.2-5 77.84 OK --no-stop-on-test-error
r-devel-windows-ix86+x86_64 2.2-5 3.00 79.00 82.00 OK
r-patched-linux-x86_64 2.2-5 1.00 41.25 42.25 NOTE
r-patched-solaris-sparc 2.2-5 527.80 NOTE
r-patched-solaris-x86 2.2-5 95.80 NOTE
r-release-linux-x86_64 2.2-5 0.96 40.39 41.35 NOTE
r-release-windows-ix86+x86_64 2.2-5 5.00 99.00 104.00 OK
r-release-osx-x86_64 2.2-5 ERROR
r-oldrel-windows-ix86+x86_64 2.2-5 7.00 87.00 94.00 OK
r-oldrel-osx-x86_64 2.2-5 NOTE

Check Details

Version: 2.2-5
Check: package dependencies
Result: NOTE
    Package suggested but not available for checking: ‘INLA’
Flavors: r-devel-linux-x86_64-debian-clang, r-devel-linux-x86_64-debian-gcc, r-patched-linux-x86_64, r-patched-solaris-sparc, r-patched-solaris-x86, r-release-linux-x86_64, r-oldrel-osx-x86_64

Version: 2.2-5
Check: package dependencies
Result: NOTE
    Packages suggested but not available for checking: ‘R2jags’ ‘INLA’
Flavor: r-release-osx-x86_64

Version: 2.2-5
Check: examples
Result: ERROR
    Running examples in ‘BCEA-Ex.R’ failed
    The error most likely occurred in:
    
    > ### Name: evppi
    > ### Title: Expected Value of Perfect Partial Information (EVPPI) for
    > ### selected parameters
    > ### Aliases: evppi evppi.default
    > ### Keywords: Health economic evaluation Expected value of partial
    > ### information
    >
    > ### ** Examples
    >
    > # See Baio G., Dawid A.P. (2011) for a detailed description of the
    > # Bayesian model and economic problem
    > #
    > # Load the processed results of the MCMC simulation model
    > data(Vaccine)
    Warning: namespace ‘rjags’ is not available and has been replaced
    by .GlobalEnv when processing object ‘vaccine’
    > #
    > # Runs the health economic evaluation using BCEA
    > m <- bcea(e,c,ref=2,interventions=treats)
    > #
    > # Computes the EVPPI for a bunch of parameters
    > inp <- CreateInputs(vaccine)
    Error in CreateInputs(vaccine) :
     You need to install the package 'R2jags'. Please run in your R terminal:
     install.packages('R2jags')
    Execution halted
Flavor: r-release-osx-x86_64