CRAN Package Check Results for Package BCEA

Last updated on 2016-12-03 23:47:30.

Flavor Version Tinstall Tcheck Ttotal Status Flags
r-devel-linux-x86_64-debian-clang 2.2-5 1.09 43.35 44.43 NOTE
r-devel-linux-x86_64-debian-gcc 2.2-5 2.73 41.06 43.79 NOTE
r-devel-linux-x86_64-fedora-clang 2.2-5 80.99 OK
r-devel-linux-x86_64-fedora-gcc 2.2-5 80.02 OK
r-devel-macos-x86_64-clang 2.2-5 66.29 OK
r-devel-windows-ix86+x86_64 2.2-5 4.00 70.00 74.00 OK
r-patched-linux-x86_64 2.2-5 0.84 36.73 37.57 NOTE
r-patched-solaris-sparc 2.2-5 493.60 NOTE
r-patched-solaris-x86 2.2-5 83.80 NOTE
r-release-linux-x86_64 2.2-5 0.99 35.95 36.94 NOTE
r-release-osx-x86_64-mavericks 2.2-5 NOTE
r-release-windows-ix86+x86_64 2.2-5 5.00 75.00 80.00 OK
r-oldrel-windows-ix86+x86_64 2.2-5 5.00 68.00 73.00 OK

Check Details

Version: 2.2-5
Check: package dependencies
Result: NOTE
    Package suggested but not available for checking: ‘INLA’
Flavors: r-devel-linux-x86_64-debian-clang, r-devel-linux-x86_64-debian-gcc, r-patched-linux-x86_64, r-patched-solaris-sparc, r-patched-solaris-x86, r-release-linux-x86_64, r-release-osx-x86_64-mavericks