CRAN Package Check Results for Package BCHM

Last updated on 2022-08-19 09:52:08 CEST.

Flavor Version Tinstall Tcheck Ttotal Status Flags
r-devel-linux-x86_64-debian-clang 1.00 3.54 54.04 57.58 NOTE
r-devel-linux-x86_64-debian-gcc 1.00 2.70 40.98 43.68 NOTE
r-devel-linux-x86_64-fedora-clang 1.00 79.01 NOTE
r-devel-linux-x86_64-fedora-gcc 1.00 81.25 NOTE
r-devel-windows-x86_64 1.00 11.00 84.00 95.00 NOTE
r-patched-linux-x86_64 1.00 2.18 52.18 54.36 NOTE
r-release-linux-x86_64 1.00 NOTE
r-release-macos-arm64 1.00 30.00 NOTE
r-release-macos-x86_64 1.00 37.00 NOTE
r-release-windows-x86_64 1.00 9.00 83.00 92.00 NOTE
r-oldrel-macos-arm64 1.00 29.00 NOTE
r-oldrel-macos-x86_64 1.00 44.00 NOTE
r-oldrel-windows-ix86+x86_64 1.00 7.00 68.00 75.00 NOTE

Check Details

Version: 1.00
Check: LazyData
Result: NOTE
     'LazyData' is specified without a 'data' directory
Flavors: r-devel-linux-x86_64-debian-clang, r-devel-linux-x86_64-debian-gcc, r-devel-linux-x86_64-fedora-clang, r-devel-linux-x86_64-fedora-gcc, r-devel-windows-x86_64, r-patched-linux-x86_64, r-release-linux-x86_64, r-release-macos-arm64, r-release-macos-x86_64, r-release-windows-x86_64, r-oldrel-macos-arm64, r-oldrel-macos-x86_64, r-oldrel-windows-ix86+x86_64

Version: 1.00
Check: dependencies in R code
Result: NOTE
    Namespaces in Imports field not imported from:
     ‘coda’ ‘knitr’ ‘plyr’
     All declared Imports should be used.
Flavors: r-devel-linux-x86_64-fedora-clang, r-devel-linux-x86_64-fedora-gcc, r-release-macos-arm64, r-release-macos-x86_64, r-oldrel-macos-arm64, r-oldrel-macos-x86_64