CRAN Package Check Results for Package BCSub

Last updated on 2022-12-03 21:49:46 CET.

Flavor Version Tinstall Tcheck Ttotal Status Flags
r-devel-linux-x86_64-debian-clang 0.5 40.61 46.72 87.33 NOTE
r-devel-linux-x86_64-debian-gcc 0.5 29.75 35.34 65.09 NOTE
r-devel-linux-x86_64-fedora-clang 0.5 132.35 NOTE
r-devel-linux-x86_64-fedora-gcc 0.5 154.83 NOTE
r-devel-windows-x86_64 0.5 42.00 97.00 139.00 NOTE
r-patched-linux-x86_64 0.5 34.84 44.19 79.03 NOTE
r-release-linux-x86_64 0.5 32.76 66.86 99.62 NOTE
r-release-macos-arm64 0.5 49.00 NOTE
r-release-macos-x86_64 0.5 57.00 NOTE
r-release-windows-x86_64 0.5 38.00 132.00 170.00 NOTE
r-oldrel-macos-arm64 0.5 58.00 NOTE
r-oldrel-macos-x86_64 0.5 82.00 NOTE
r-oldrel-windows-ix86+x86_64 0.5 99.00 113.00 212.00 NOTE

Check Details

Version: 0.5
Check: LazyData
Result: NOTE
     'LazyData' is specified without a 'data' directory
Flavors: r-devel-linux-x86_64-debian-clang, r-devel-linux-x86_64-debian-gcc, r-devel-linux-x86_64-fedora-clang, r-devel-linux-x86_64-fedora-gcc, r-devel-windows-x86_64, r-patched-linux-x86_64, r-release-linux-x86_64, r-release-macos-arm64, r-release-macos-x86_64, r-release-windows-x86_64, r-oldrel-macos-arm64, r-oldrel-macos-x86_64, r-oldrel-windows-ix86+x86_64