Last updated on 2023-09-22 15:54:38 CEST.
Flavor | Version | Tinstall | Tcheck | Ttotal | Status | Flags |
---|---|---|---|---|---|---|
r-devel-linux-x86_64-debian-clang | 0.5 | 33.25 | 46.92 | 80.17 | NOTE | |
r-devel-linux-x86_64-debian-gcc | 0.5 | 29.09 | 34.69 | 63.78 | NOTE | |
r-devel-linux-x86_64-fedora-clang | 0.5 | 118.57 | NOTE | |||
r-devel-linux-x86_64-fedora-gcc | 0.5 | 161.21 | NOTE | |||
r-devel-windows-x86_64 | 0.5 | 33.00 | 74.00 | 107.00 | NOTE | |
r-patched-linux-x86_64 | 0.5 | 37.70 | 43.40 | 81.10 | NOTE | |
r-release-linux-x86_64 | 0.5 | 40.11 | 43.39 | 83.50 | NOTE | |
r-release-macos-arm64 | 0.5 | 58.00 | NOTE | |||
r-release-macos-x86_64 | 0.5 | 83.00 | NOTE | |||
r-release-windows-x86_64 | 0.5 | 44.00 | 81.00 | 125.00 | NOTE | |
r-oldrel-macos-arm64 | 0.5 | 49.00 | NOTE | |||
r-oldrel-macos-x86_64 | 0.5 | 57.00 | NOTE | |||
r-oldrel-windows-x86_64 | 0.5 | 40.00 | 82.00 | 122.00 | NOTE |
Version: 0.5
Check: LazyData
Result: NOTE
'LazyData' is specified without a 'data' directory
Flavors: r-devel-linux-x86_64-debian-clang, r-devel-linux-x86_64-debian-gcc, r-devel-linux-x86_64-fedora-clang, r-devel-linux-x86_64-fedora-gcc, r-devel-windows-x86_64, r-patched-linux-x86_64, r-release-linux-x86_64, r-release-macos-arm64, r-release-macos-x86_64, r-release-windows-x86_64, r-oldrel-macos-arm64, r-oldrel-macos-x86_64, r-oldrel-windows-x86_64