Last updated on 2023-12-08 21:58:24 CET.
Flavor | Version | Tinstall | Tcheck | Ttotal | Status | Flags |
---|---|---|---|---|---|---|
r-devel-linux-x86_64-debian-clang | 1.2.0 | 8.36 | 87.33 | 95.69 | NOTE | |
r-devel-linux-x86_64-debian-gcc | 1.2.0 | 7.13 | 66.49 | 73.62 | NOTE | |
r-devel-linux-x86_64-fedora-clang | 1.2.0 | 119.31 | NOTE | |||
r-devel-linux-x86_64-fedora-gcc | 1.2.0 | 115.63 | NOTE | |||
r-devel-windows-x86_64 | 1.2.0 | 10.00 | 84.00 | 94.00 | NOTE | |
r-patched-linux-x86_64 | 1.2.0 | 11.43 | 87.55 | 98.98 | OK | |
r-release-linux-x86_64 | 1.2.0 | 8.56 | 85.64 | 94.20 | OK | |
r-release-macos-arm64 | 1.2.0 | 37.00 | OK | |||
r-release-macos-x86_64 | 1.2.0 | 56.00 | OK | |||
r-release-windows-x86_64 | 1.2.0 | 13.00 | 95.00 | 108.00 | OK | |
r-oldrel-macos-arm64 | 1.2.0 | 35.00 | OK | |||
r-oldrel-macos-x86_64 | 1.2.0 | 60.00 | OK | |||
r-oldrel-windows-x86_64 | 1.2.0 | 12.00 | 94.00 | 106.00 | OK |
Version: 1.2.0
Check: Rd files
Result: NOTE
checkRd: (-1) bdw.Rd:105: Lost braces; missing escapes or markup?
105 | {chain : }{Including estimation of marginal densities}\cr
| ^
checkRd: (-1) bdw.Rd:105: Lost braces
105 | {chain : }{Including estimation of marginal densities}\cr
| ^
checkRd: (-1) bdw.Rd:106: Lost braces; missing escapes or markup?
106 | {acceptance.rate: }{Acceptance rate of sampler}\cr
| ^
checkRd: (-1) bdw.Rd:106: Lost braces
106 | {acceptance.rate: }{Acceptance rate of sampler}\cr
| ^
checkRd: (-1) bdw.Rd:107: Lost braces; missing escapes or markup?
107 | {RejAccChain : }{A zero-one vector reporting rejection (0) and acceptance (1) of the samples}\cr
| ^
checkRd: (-1) bdw.Rd:107: Lost braces
107 | {RejAccChain : }{A zero-one vector reporting rejection (0) and acceptance (1) of the samples}\cr
| ^
checkRd: (-1) bdw.Rd:108: Lost braces; missing escapes or markup?
108 | {error : }{Total number of errors during the sampling procedure}\cr
| ^
checkRd: (-1) bdw.Rd:108: Lost braces
108 | {error : }{Total number of errors during the sampling procedure}\cr
| ^
checkRd: (-1) bdw.Rd:109: Lost braces; missing escapes or markup?
109 | {minf : }{Minimum loglikelihood among all iterations}\cr
| ^
checkRd: (-1) bdw.Rd:109: Lost braces
109 | {minf : }{Minimum loglikelihood among all iterations}\cr
| ^
checkRd: (-1) bdw.Rd:110: Lost braces; missing escapes or markup?
110 | {minState : }{Coefficients corresponding to minimum loglikelihood}\cr
| ^
checkRd: (-1) bdw.Rd:110: Lost braces
110 | {minState : }{Coefficients corresponding to minimum loglikelihood}\cr
| ^
checkRd: (-1) bdw.Rd:111: Lost braces; missing escapes or markup?
111 | {lb : }{The number of gamma parameters}\cr
| ^
checkRd: (-1) bdw.Rd:111: Lost braces
111 | {lb : }{The number of gamma parameters}\cr
| ^
checkRd: (-1) bdw.Rd:112: Lost braces; missing escapes or markup?
112 | {lq : }{The number of theta parameters}\cr
| ^
checkRd: (-1) bdw.Rd:112: Lost braces
112 | {lq : }{The number of theta parameters}\cr
| ^
checkRd: (-1) bdw.Rd:113: Lost braces; missing escapes or markup?
113 | {model.chain : }{If RJ=TRUE then this chain contains acceptance (+values) and rejection (-values) of models}\cr
| ^
checkRd: (-1) bdw.Rd:113: Lost braces
113 | {model.chain : }{If RJ=TRUE then this chain contains acceptance (+values) and rejection (-values) of models}\cr
| ^
checkRd: (-1) bdw.Rd:114: Lost braces; missing escapes or markup?
114 | {duration : }{Time elapsed until completion of the sampling procedure}\cr
| ^
checkRd: (-1) bdw.Rd:114: Lost braces
114 | {duration : }{Time elapsed until completion of the sampling procedure}\cr
| ^
Flavors: r-devel-linux-x86_64-debian-clang, r-devel-linux-x86_64-debian-gcc
Version: 1.2.0
Check: Rd contents
Result: NOTE
Argument items with no description in Rd file 'bdw.Rd':
‘\dots’
Argument items with no description in Rd file 'plot.bdw.Rd':
‘\dots’
Argument items with no description in Rd file 'summary.bdw.Rd':
‘\dots’
Flavors: r-devel-linux-x86_64-debian-clang, r-devel-linux-x86_64-debian-gcc, r-devel-linux-x86_64-fedora-clang, r-devel-linux-x86_64-fedora-gcc, r-devel-windows-x86_64