CRAN Package Check Results for Package BDgraph

Last updated on 2017-09-22 02:47:23.

Flavor Version Tinstall Tcheck Ttotal Status Flags
r-devel-linux-x86_64-debian-clang 2.40 22.11 38.19 60.30 OK
r-devel-linux-x86_64-debian-gcc 2.40 28.44 37.68 66.12 OK
r-devel-linux-x86_64-fedora-clang 2.40 135.60 OK
r-devel-linux-x86_64-fedora-gcc 2.40 136.27 OK
r-devel-windows-ix86+x86_64 2.40 70.00 90.00 160.00 OK
r-patched-linux-x86_64 2.40 27.02 37.86 64.88 OK
r-patched-solaris-x86 2.40 4.50 ERROR
r-release-linux-x86_64 2.40 27.21 38.02 65.23 OK
r-release-windows-ix86+x86_64 2.40 76.00 93.00 169.00 OK
r-release-osx-x86_64 2.40 OK
r-oldrel-windows-ix86+x86_64 2.40 75.00 84.00 159.00 OK
r-oldrel-osx-x86_64 2.40 OK

Check Details

Version: 2.40
Check: whether package can be installed
Result: ERROR
    Installation failed.
Flavor: r-patched-solaris-x86