CRAN Package Check Results for Package BDgraph

Last updated on 2019-03-26 13:51:05 CET.

Flavor Version Tinstall Tcheck Ttotal Status Flags
r-devel-linux-x86_64-debian-clang 2.56 40.06 49.75 89.81 OK
r-devel-linux-x86_64-debian-gcc 2.56 39.39 47.88 87.27 OK
r-devel-linux-x86_64-fedora-clang 2.56 143.49 NOTE
r-devel-linux-x86_64-fedora-gcc 2.56 123.57 OK
r-devel-windows-ix86+x86_64 2.56 119.00 106.00 225.00 OK
r-patched-linux-x86_64 2.56 42.43 46.93 89.36 OK
r-patched-solaris-x86 2.56 147.40 OK
r-release-linux-x86_64 2.56 47.32 56.32 103.64 OK
r-release-windows-ix86+x86_64 2.56 124.00 105.00 229.00 OK
r-release-osx-x86_64 2.55 NOTE
r-oldrel-windows-ix86+x86_64 2.56 103.00 85.00 188.00 OK
r-oldrel-osx-x86_64 2.55 NOTE

Check Details

Version: 2.56
Check: installed package size
Result: NOTE
     installed size is 5.7Mb
     sub-directories of 1Mb or more:
     doc 1.4Mb
     libs 3.8Mb
Flavor: r-devel-linux-x86_64-fedora-clang

Version: 2.55
Check: installed package size
Result: NOTE
     installed size is 6.0Mb
     sub-directories of 1Mb or more:
     doc 2.4Mb
     libs 3.1Mb
Flavors: r-release-osx-x86_64, r-oldrel-osx-x86_64