CRAN Package Check Results for Package BDgraph

Last updated on 2014-04-18 11:47:14.

Flavor Version Tinstall Tcheck Ttotal Status Flags
r-devel-linux-x86_64-debian-clang 2.7 3.89 42.35 46.24 NOTE
r-devel-linux-x86_64-debian-gcc NOTE
r-devel-linux-x86_64-fedora-clang 2.7 102.47 NOTE
r-devel-linux-x86_64-fedora-gcc 2.7 99.30 NOTE
r-devel-macosx-x86_64-clang 2.7 85.51 NOTE
r-devel-macosx-x86_64-gcc 2.7 ERROR
r-devel-windows-ix86+x86_64 2.7 9.00 56.00 65.00 NOTE
r-patched-linux-x86_64 2.7 3.81 41.84 45.65 NOTE
r-patched-solaris-sparc 2.7 542.20 NOTE
r-patched-solaris-x86 2.7 138.70 NOTE
r-release-linux-ix86 2.7 8.00 97.00 105.00 NOTE
r-release-linux-x86_64 2.7 3.95 42.02 45.98 NOTE
r-release-macosx-x86_64 2.7 OK
r-release-windows-ix86+x86_64 2.7 8.00 59.00 67.00 NOTE
r-oldrel-windows-ix86+x86_64 2.7 10.00 56.00 66.00 NOTE

Check Details

Version: 2.7
Check: dependencies in R code
Result: NOTE
    Package in Depends field not imported from: ‘huge’
     These packages need to be imported from (in the NAMESPACE file)
     for when this namespace is loaded but not attached.
    See the information on DESCRIPTION files in the chapter ‘Creating R
    packages’ of the ‘Writing R Extensions’ manual.
Flavors: r-devel-linux-x86_64-debian-clang, r-devel-linux-x86_64-debian-gcc, r-devel-linux-x86_64-fedora-clang, r-devel-linux-x86_64-fedora-gcc, r-devel-macosx-x86_64-clang, r-devel-windows-ix86+x86_64, r-patched-linux-x86_64, r-patched-solaris-sparc, r-patched-solaris-x86, r-release-linux-ix86, r-release-linux-x86_64, r-release-windows-ix86+x86_64, r-oldrel-windows-ix86+x86_64

Version: 2.7
Check: package dependencies
Result: ERROR
    Package required but not available: ‘huge’
    
    See the information on DESCRIPTION files in the chapter ‘Creating R
    packages’ of the ‘Writing R Extensions’ manual.
Flavor: r-devel-macosx-x86_64-gcc