CRAN Package Check Results for Package BDgraph

Last updated on 2014-09-01 21:48:45.

Flavor Version Tinstall Tcheck Ttotal Status Flags
r-devel-linux-x86_64-debian-clang 2.10 4.53 41.94 46.46 NOTE
r-devel-linux-x86_64-debian-gcc 2.10 5.00 39.85 44.85 NOTE
r-devel-linux-x86_64-fedora-clang 2.10 103.56 NOTE
r-devel-linux-x86_64-fedora-gcc 2.10 102.14 NOTE
r-devel-osx-x86_64-clang 2.10 85.34 NOTE
r-devel-windows-ix86+x86_64 2.10 16.00 78.00 94.00 NOTE
r-patched-linux-x86_64 2.10 5.66 42.59 48.25 OK
r-patched-solaris-sparc 2.10 609.20 OK
r-patched-solaris-x86 2.10 145.40 OK
r-release-linux-ix86 2.10 6.36 51.47 57.83 OK
r-release-linux-x86_64 2.10 5.68 42.75 48.44 OK
r-release-osx-x86_64-mavericks 2.10 OK
r-release-osx-x86_64-snowleopard 2.10 OK
r-release-windows-ix86+x86_64 2.10 15.00 81.00 96.00 OK
r-oldrel-windows-ix86+x86_64 2.10 17.00 77.00 94.00 OK

Check Details

Version: 2.10
Check: compiled code
Result: NOTE
    File ‘/home/hornik/tmp/R.check/r-devel-clang/Work/build/Packages/BDgraph/libs/BDgraph.so’:
     Found ‘rand’, possibly from ‘rand’ (C)
     Object: ‘bdmcmc.o’
     Found ‘srand’, possibly from ‘srand’ (C)
     Object: ‘bdmcmc.o’
    
    Compiled code should not call entry points which might terminate R nor
    write to stdout/stderr instead of to the console, nor the C RNG.
    
    See ‘Writing portable packages’ in the ‘Writing R Extensions’ manual.
Flavor: r-devel-linux-x86_64-debian-clang

Version: 2.10
Check: compiled code
Result: NOTE
    File ‘/home/hornik/tmp/R.check/r-devel-gcc/Work/build/Packages/BDgraph/libs/BDgraph.so’:
     Found ‘rand’, possibly from ‘rand’ (C)
     Object: ‘bdmcmc.o’
     Found ‘srand’, possibly from ‘srand’ (C)
     Object: ‘bdmcmc.o’
    
    Compiled code should not call entry points which might terminate R nor
    write to stdout/stderr instead of to the console, nor the C RNG.
    
    See ‘Writing portable packages’ in the ‘Writing R Extensions’ manual.
Flavor: r-devel-linux-x86_64-debian-gcc

Version: 2.10
Check: compiled code
Result: NOTE
    File ‘/data/gannet/ripley/R/packages/tests-clang/BDgraph.Rcheck/BDgraph/libs/BDgraph.so’:
     Found ‘rand’, possibly from ‘rand’ (C)
     Object: ‘bdmcmc.o’
     Found ‘srand’, possibly from ‘srand’ (C)
     Object: ‘bdmcmc.o’
    
    Compiled code should not call entry points which might terminate R nor
    write to stdout/stderr instead of to the console, nor the C RNG.
    
    See ‘Writing portable packages’ in the ‘Writing R Extensions’ manual.
Flavor: r-devel-linux-x86_64-fedora-clang

Version: 2.10
Check: compiled code
Result: NOTE
    File ‘/data/gannet/ripley/R/packages/tests-devel/BDgraph.Rcheck/BDgraph/libs/BDgraph.so’:
     Found ‘rand’, possibly from ‘rand’ (C)
     Object: ‘bdmcmc.o’
     Found ‘srand’, possibly from ‘srand’ (C)
     Object: ‘bdmcmc.o’
    
    Compiled code should not call entry points which might terminate R nor
    write to stdout/stderr instead of to the console, nor the C RNG.
    
    See ‘Writing portable packages’ in the ‘Writing R Extensions’ manual.
Flavor: r-devel-linux-x86_64-fedora-gcc

Version: 2.10
Check: compiled code
Result: NOTE
    File ‘/Users/ripley/R/packages/tests-devel/BDgraph.Rcheck/BDgraph/libs/BDgraph.so’:
     Found ‘_rand’, possibly from ‘rand’ (C)
     Object: ‘bdmcmc.o’
     Found ‘_srand’, possibly from ‘srand’ (C)
     Object: ‘bdmcmc.o’
    
    Compiled code should not call entry points which might terminate R nor
    write to stdout/stderr instead of to the console, nor the C RNG.
    
    See ‘Writing portable packages’ in the ‘Writing R Extensions’ manual.
Flavor: r-devel-osx-x86_64-clang

Version: 2.10
Check: compiled code
Result: NOTE
    File 'd:/Rcompile/CRANpkg/lib/3.2/BDgraph/libs/i386/BDgraph.dll':
     Found 'rand', possibly from 'rand' (C)
     Object: 'bdmcmc.o'
     Found 'srand', possibly from 'srand' (C)
     Object: 'bdmcmc.o'
    File 'd:/Rcompile/CRANpkg/lib/3.2/BDgraph/libs/x64/BDgraph.dll':
     Found 'rand', possibly from 'rand' (C)
     Object: 'bdmcmc.o'
     Found 'srand', possibly from 'srand' (C)
     Object: 'bdmcmc.o'
    
    Compiled code should not call entry points which might terminate R nor
    write to stdout/stderr instead of to the console, nor the C RNG.
    
    See 'Writing portable packages' in the 'Writing R Extensions' manual.
Flavor: r-devel-windows-ix86+x86_64