CRAN Package Check Results for Package BDgraph

Last updated on 2019-05-22 20:47:42 CEST.

Flavor Version Tinstall Tcheck Ttotal Status Flags
r-devel-linux-x86_64-debian-clang 2.59 39.79 45.89 85.68 OK
r-devel-linux-x86_64-debian-gcc 2.59 36.54 39.01 75.55 OK
r-devel-linux-x86_64-fedora-clang 2.59 129.46 NOTE
r-devel-linux-x86_64-fedora-gcc 2.59 120.27 OK
r-devel-windows-ix86+x86_64 2.59 89.00 102.00 191.00 OK
r-patched-linux-x86_64 2.59 44.41 45.24 89.65 OK
r-patched-solaris-x86 2.59 153.60 OK
r-release-linux-x86_64 2.59 43.14 46.32 89.46 OK
r-release-windows-ix86+x86_64 2.59 118.00 79.00 197.00 OK
r-release-osx-x86_64 2.59 NOTE
r-oldrel-windows-ix86+x86_64 2.59 86.00 70.00 156.00 OK
r-oldrel-osx-x86_64 2.59 OK

Additional issues

LTO

Check Details

Version: 2.59
Check: installed package size
Result: NOTE
     installed size is 5.5Mb
     sub-directories of 1Mb or more:
     doc 1.2Mb
     libs 3.8Mb
Flavors: r-devel-linux-x86_64-fedora-clang, r-release-osx-x86_64