CRAN Package Check Results for Package BDgraph

Last updated on 2016-12-09 13:46:45.

Flavor Version Tinstall Tcheck Ttotal Status Flags
r-devel-linux-x86_64-debian-clang 2.30 18.00 34.11 52.11 OK
r-devel-linux-x86_64-debian-gcc 2.30 24.17 34.24 58.42 OK
r-devel-linux-x86_64-fedora-clang 2.30 120.31 OK --no-stop-on-test-error
r-devel-linux-x86_64-fedora-gcc 2.30 130.90 NOTE --no-stop-on-test-error
r-devel-macos-x86_64-clang 2.30 86.90 OK
r-devel-windows-ix86+x86_64 2.30 49.00 78.00 127.00 OK
r-patched-linux-x86_64 2.30 22.04 30.79 52.83 OK
r-patched-solaris-sparc 2.30 657.60 OK
r-patched-solaris-x86 2.30 187.60 OK
r-release-linux-x86_64 2.30 21.88 31.44 53.33 OK
r-release-osx-x86_64-mavericks 2.30 OK
r-release-windows-ix86+x86_64 2.30 47.00 68.00 115.00 OK
r-oldrel-windows-ix86+x86_64 2.30 62.00 77.00 139.00 OK

Check Details

Version: 2.30
Flags: --no-stop-on-test-error
Check: installed package size
Result: NOTE
     installed size is 5.0Mb
     sub-directories of 1Mb or more:
     libs 4.8Mb
Flavor: r-devel-linux-x86_64-fedora-gcc