CRAN Package Check Results for Package BDgraph

Last updated on 2015-04-27 23:47:18.

Flavor Version Tinstall Tcheck Ttotal Status Flags
r-devel-linux-x86_64-debian-clang 2.18 4.64 42.00 46.64 OK
r-devel-linux-x86_64-debian-gcc 2.18 4.62 41.92 46.54 OK
r-devel-linux-x86_64-fedora-clang 2.18 100.10 OK
r-devel-linux-x86_64-fedora-gcc 2.18 96.54 OK
r-devel-osx-x86_64-clang 2.18 78.63 OK
r-devel-windows-ix86+x86_64 2.18 15.00 77.00 92.00 OK
r-patched-linux-x86_64 2.18 4.84 41.59 46.43 OK
r-patched-solaris-sparc 2.18 471.50 OK
r-patched-solaris-x86 2.18 128.10 OK
r-release-linux-x86_64 2.18 4.58 41.69 46.26 OK
r-release-osx-x86_64-mavericks 2.18 OK
r-release-osx-x86_64-snowleopard 2.18 ERROR
r-release-windows-ix86+x86_64 2.18 21.00 100.00 121.00 OK
r-oldrel-windows-ix86+x86_64 2.18 15.00 88.00 103.00 OK

Check Details

Version: 2.18
Check: package dependencies
Result: ERROR
    Package required but not available: ‘igraph’
    
    See section ‘The DESCRIPTION file’ in the ‘Writing R Extensions’
    manual.
Flavor: r-release-osx-x86_64-snowleopard