CRAN Package Check Results for Package BDgraph

Last updated on 2018-04-22 07:49:02 CEST.

Flavor Version Tinstall Tcheck Ttotal Status Flags
r-devel-linux-x86_64-debian-clang 2.46 41.91 62.74 104.65 OK
r-devel-linux-x86_64-debian-gcc 2.46 37.82 49.56 87.38 OK
r-devel-linux-x86_64-fedora-clang 2.46 144.77 OK
r-devel-linux-x86_64-fedora-gcc 2.46 135.49 NOTE
r-devel-windows-ix86+x86_64 2.46 127.00 124.00 251.00 OK
r-devel-osx-x86_64 2.46 OK
r-patched-linux-x86_64 2.46 43.70 61.35 105.05 OK
r-patched-solaris-x86 2.46 151.60 OK
r-release-linux-x86_64 2.46 40.88 62.07 102.95 OK
r-release-windows-ix86+x86_64 2.46 90.00 101.00 191.00 OK
r-release-osx-x86_64 2.46 OK
r-oldrel-windows-ix86+x86_64 2.46 127.00 74.00 201.00 OK

Check Details

Version: 2.46
Check: installed package size
Result: NOTE
     installed size is 5.4Mb
     sub-directories of 1Mb or more:
     libs 5.0Mb
Flavor: r-devel-linux-x86_64-fedora-gcc