CRAN Package Check Results for Package BDgraph

Last updated on 2018-02-23 18:47:24 CET.

Flavor Version Tinstall Tcheck Ttotal Status Flags
r-devel-linux-x86_64-debian-clang 2.44 41.37 62.60 103.97 OK
r-devel-linux-x86_64-debian-gcc 2.44 38.52 48.70 87.22 OK
r-devel-linux-x86_64-fedora-clang 2.44 144.40 OK
r-devel-linux-x86_64-fedora-gcc 2.44 152.82 NOTE
r-devel-windows-ix86+x86_64 2.44 124.00 120.00 244.00 OK
r-patched-linux-x86_64 2.44 41.95 61.89 103.84 OK
r-patched-solaris-x86 2.44 172.80 OK
r-release-linux-x86_64 2.44 42.81 61.26 104.07 OK
r-release-windows-ix86+x86_64 2.44 122.00 119.00 241.00 OK
r-release-osx-x86_64 2.44 OK
r-oldrel-windows-ix86+x86_64 2.44 99.00 92.00 191.00 OK
r-oldrel-osx-x86_64 2.44 OK

Check Details

Version: 2.44
Check: installed package size
Result: NOTE
     installed size is 5.4Mb
     sub-directories of 1Mb or more:
     libs 5.0Mb
Flavor: r-devel-linux-x86_64-fedora-gcc