CRAN Package Check Results for Package BDgraph

Last updated on 2017-02-24 19:47:58.

Flavor Version Tinstall Tcheck Ttotal Status Flags
r-devel-linux-x86_64-debian-clang 2.33 18.09 34.93 53.02 NOTE
r-devel-linux-x86_64-debian-gcc 2.33 24.18 35.14 59.32 NOTE
r-devel-linux-x86_64-fedora-clang 2.33 119.74 NOTE --no-stop-on-test-error
r-devel-linux-x86_64-fedora-gcc 2.33 158.37 NOTE --no-stop-on-test-error
r-devel-macos-x86_64-clang 2.33 88.46 NOTE --no-stop-on-test-error
r-devel-windows-ix86+x86_64 2.33 98.00 80.00 178.00 OK
r-patched-linux-x86_64 2.33 22.12 33.46 55.57 OK
r-patched-solaris-sparc 2.33 670.60 OK
r-patched-solaris-x86 2.33 153.20 OK
r-release-linux-x86_64 2.33 21.85 32.33 54.18 OK
r-release-osx-x86_64-mavericks 2.33 OK
r-release-windows-ix86+x86_64 2.33 97.00 103.00 200.00 OK
r-oldrel-windows-ix86+x86_64 2.33 64.00 108.00 172.00 OK

Check Details

Version: 2.33
Check: compiled code
Result: NOTE
    File ‘BDgraph/libs/BDgraph.so’:
     Found no calls to: ‘R_registerRoutines’, ‘R_useDynamicSymbols’
    
    It is good practice to register native routines and to disable symbol
    search.
    
    See ‘Writing portable packages’ in the ‘Writing R Extensions’ manual.
Flavors: r-devel-linux-x86_64-debian-clang, r-devel-linux-x86_64-debian-gcc

Version: 2.33
Flags: --no-stop-on-test-error
Check: compiled code
Result: NOTE
    File ‘BDgraph/libs/BDgraph.so’:
     Found no calls to: ‘R_registerRoutines’, ‘R_useDynamicSymbols’
    
    It is good practice to register native routines and to disable symbol
    search.
    
    See ‘Writing portable packages’ in the ‘Writing R Extensions’ manual.
Flavors: r-devel-linux-x86_64-fedora-clang, r-devel-linux-x86_64-fedora-gcc, r-devel-macos-x86_64-clang