CRAN Package Check Results for Package BDgraph

Last updated on 2017-04-24 12:47:22.

Flavor Version Tinstall Tcheck Ttotal Status Flags
r-devel-linux-x86_64-debian-clang 2.35 21.86 36.23 58.10 OK
r-devel-linux-x86_64-debian-gcc 2.35 27.45 35.59 63.04 OK
r-devel-linux-x86_64-fedora-clang 2.35 131.51 OK --no-stop-on-test-error
r-devel-linux-x86_64-fedora-gcc 2.35 137.36 NOTE --no-stop-on-test-error
r-devel-windows-ix86+x86_64 2.35 94.00 124.00 218.00 OK
r-patched-linux-x86_64 2.35 24.40 35.46 59.87 OK
r-patched-solaris-sparc 2.35 734.20 OK
r-patched-solaris-x86 2.35 161.50 OK
r-release-linux-x86_64 2.35 24.84 35.95 60.79 OK
r-release-windows-ix86+x86_64 2.35 69.00 94.00 163.00 OK
r-release-osx-x86_64 2.35 OK
r-oldrel-windows-ix86+x86_64 2.35 73.00 79.00 152.00 OK
r-oldrel-osx-x86_64 2.35 OK

Check Details

Version: 2.35
Flags: --no-stop-on-test-error
Check: installed package size
Result: NOTE
     installed size is 5.6Mb
     sub-directories of 1Mb or more:
     libs 5.3Mb
Flavor: r-devel-linux-x86_64-fedora-gcc