CRAN Package Check Results for Package BDgraph

Last updated on 2017-03-27 03:49:30.

Flavor Version Tinstall Tcheck Ttotal Status Flags
r-devel-linux-x86_64-debian-clang 2.33 18.30 35.61 53.91 NOTE
r-devel-linux-x86_64-debian-gcc 2.33 23.81 35.18 58.99 NOTE
r-devel-linux-x86_64-fedora-clang 2.33 120.48 NOTE --no-stop-on-test-error
r-devel-linux-x86_64-fedora-gcc 2.33 154.68 NOTE --no-stop-on-test-error
r-devel-macos-x86_64-clang 2.33 88.60 NOTE --no-stop-on-test-error
r-patched-linux-x86_64 2.33 21.60 34.62 56.22 NOTE
r-patched-solaris-sparc 2.33 639.80 OK
r-patched-solaris-x86 2.33 161.00 OK
r-release-linux-x86_64 2.33 21.26 32.81 54.06 OK
r-release-osx-x86_64-mavericks 2.33 OK
r-release-windows-ix86+x86_64 2.33 78.00 82.00 160.00 OK
r-oldrel-windows-ix86+x86_64 2.33 47.00 77.00 124.00 OK

Check Details

Version: 2.33
Check: compiled code
Result: NOTE
    File ‘BDgraph/libs/BDgraph.so’:
     Found no calls to: ‘R_registerRoutines’, ‘R_useDynamicSymbols’
    
    It is good practice to register native routines and to disable symbol
    search.
    
    See ‘Writing portable packages’ in the ‘Writing R Extensions’ manual.
Flavors: r-devel-linux-x86_64-debian-clang, r-devel-linux-x86_64-debian-gcc, r-patched-linux-x86_64

Version: 2.33
Flags: --no-stop-on-test-error
Check: compiled code
Result: NOTE
    File ‘BDgraph/libs/BDgraph.so’:
     Found no calls to: ‘R_registerRoutines’, ‘R_useDynamicSymbols’
    
    It is good practice to register native routines and to disable symbol
    search.
    
    See ‘Writing portable packages’ in the ‘Writing R Extensions’ manual.
Flavors: r-devel-linux-x86_64-fedora-clang, r-devel-linux-x86_64-fedora-gcc, r-devel-macos-x86_64-clang