CRAN Package Check Results for Package BDgraph

Last updated on 2015-07-30 22:49:43.

Flavor Version Tinstall Tcheck Ttotal Status Flags
r-devel-linux-x86_64-debian-clang 2.19 4.99 42.41 47.40 NOTE
r-devel-linux-x86_64-debian-gcc 2.19 4.76 41.40 46.16 NOTE
r-devel-linux-x86_64-fedora-clang 2.19 95.65 NOTE
r-devel-linux-x86_64-fedora-gcc 2.19 90.26 NOTE
r-devel-osx-x86_64-clang 2.19 80.10 OK
r-devel-windows-ix86+x86_64 2.19 24.00 75.00 99.00 NOTE
r-patched-linux-x86_64 2.19 4.76 41.16 45.92 OK
r-patched-solaris-sparc 2.19 556.20 OK
r-patched-solaris-x86 2.19 123.70 OK
r-release-linux-x86_64 2.19 4.62 40.94 45.57 OK
r-release-osx-x86_64-mavericks 2.19 OK
r-release-windows-ix86+x86_64 2.19 24.00 77.00 101.00 OK
r-oldrel-windows-ix86+x86_64 2.19 16.00 86.00 102.00 OK

Check Details

Version: 2.19
Check: R code for possible problems
Result: NOTE
    bdgraph: no visible global function definition for ‘qnorm’
    bdgraph: no visible global function definition for ‘rnorm’
    bdgraph: no visible binding for global variable ‘sd’
    bdgraph.npn: no visible global function definition for ‘qnorm’
    bdgraph.npn: no visible global function definition for ‘sd’
    bdgraph.npn: no visible global function definition for ‘cor’
    bdgraph.sim: no visible global function definition for ‘rbinom’
    bdgraph.sim: no visible global function definition for ‘rnorm’
    bdgraph.sim: no visible global function definition for ‘pnorm’
    bdgraph.sim: no visible global function definition for ‘qpois’
    bdgraph.sim: no visible global function definition for ‘qexp’
    bdgraph.sim: no visible global function definition for ‘qbinom’
    bdgraph.sim: no visible global function definition for ‘runif’
    bdgraph.sim : <anonymous>: no visible global function definition for
     ‘qnorm’
    compare: no visible global function definition for ‘par’
    log.Exp.MC: no visible global function definition for ‘rchisq’
    log.Exp.MC: no visible global function definition for ‘rnorm’
    plot.bdgraph: no visible global function definition for ‘par’
    plot.bdgraph: no visible global function definition for ‘dev.new’
    plotcoda: no visible global function definition for ‘flush.console’
    plotcoda: no visible global function definition for ‘matplot’
    plotcoda: no visible global function definition for ‘title’
    plotroc: no visible global function definition for ‘smooth.spline’
    plotroc: no visible global function definition for ‘plot’
    plotroc: no visible global function definition for ‘points’
    summary.bdgraph: no visible global function definition for ‘par’
    summary.bdgraph: no visible global function definition for ‘plot’
    summary.bdgraph: no visible global function definition for ‘abline’
    summary.bdgraph: no visible global function definition for ‘text’
    traceplot: no visible global function definition for ‘plot’
    traceplot: no visible global function definition for ‘abline’
    traceplot: no visible global function definition for ‘par’
    Undefined global functions or variables:
     abline cor dev.new flush.console matplot par plot pnorm points qbinom
     qexp qnorm qpois rbinom rchisq rnorm runif sd smooth.spline text
     title
    Consider adding
     importFrom("grDevices", "dev.new")
     importFrom("graphics", "abline", "matplot", "par", "plot", "points",
     "text", "title")
     importFrom("stats", "cor", "pnorm", "qbinom", "qexp", "qnorm", "qpois",
     "rbinom", "rchisq", "rnorm", "runif", "sd", "smooth.spline")
     importFrom("utils", "flush.console")
    to your NAMESPACE.
Flavors: r-devel-linux-x86_64-debian-clang, r-devel-linux-x86_64-debian-gcc, r-devel-linux-x86_64-fedora-clang, r-devel-linux-x86_64-fedora-gcc, r-devel-windows-ix86+x86_64