CRAN Package Check Results for Package BDgraph

Last updated on 2015-05-23 14:46:50.

Flavor Version Tinstall Tcheck Ttotal Status Flags
r-devel-linux-x86_64-debian-clang 2.18 4.48 42.01 46.48 OK
r-devel-linux-x86_64-debian-gcc 2.18 4.75 41.18 45.92 OK
r-devel-linux-x86_64-fedora-clang 2.18 97.57 OK
r-devel-linux-x86_64-fedora-gcc 2.18 93.50 OK
r-devel-osx-x86_64-clang 2.18 79.86 OK
r-devel-windows-ix86+x86_64 2.18 14.00 80.00 94.00 OK
r-patched-linux-x86_64 2.18 4.66 41.16 45.82 OK
r-patched-solaris-sparc 2.18 536.40 OK
r-patched-solaris-x86 2.18 127.40 OK
r-release-linux-x86_64 2.18 4.64 42.12 46.76 OK
r-release-osx-x86_64-mavericks 2.18 OK
r-release-osx-x86_64-snowleopard 2.18 ERROR
r-release-windows-ix86+x86_64 2.18 16.00 69.00 85.00 OK
r-oldrel-windows-ix86+x86_64 2.18 17.00 81.00 98.00 OK

Check Details

Version: 2.18
Check: package dependencies
Result: ERROR
    Package required but not available: ‘igraph’
    
    See section ‘The DESCRIPTION file’ in the ‘Writing R Extensions’
    manual.
Flavor: r-release-osx-x86_64-snowleopard