CRAN Package Check Results for Package BED

Last updated on 2021-04-11 21:48:29 CEST.

Flavor Version Tinstall Tcheck Ttotal Status Flags
r-devel-linux-x86_64-debian-clang 1.4.4 14.06 92.57 106.63 NOTE
r-devel-linux-x86_64-debian-gcc 1.4.4 10.41 68.15 78.56 NOTE
r-devel-linux-x86_64-fedora-clang 1.4.4 146.02 NOTE
r-devel-linux-x86_64-fedora-gcc 1.4.4 129.17 NOTE
r-devel-windows-ix86+x86_64 1.4.4 27.00 119.00 146.00 NOTE
r-devel-windows-x86_64-gcc10-UCRT 1.4.4 NOTE
r-patched-linux-x86_64 1.4.4 12.31 83.66 95.97 OK
r-patched-solaris-x86 1.4.4 159.00 NOTE
r-release-linux-x86_64 1.4.4 12.03 84.45 96.48 OK
r-release-macos-x86_64 1.4.4 NOTE
r-release-windows-ix86+x86_64 1.4.4 35.00 111.00 146.00 OK
r-oldrel-macos-x86_64 1.4.4 NOTE
r-oldrel-windows-ix86+x86_64 1.4.4 24.00 75.00 99.00 OK

Check Details

Version: 1.4.4
Check: LazyData
Result: NOTE
     'LazyData' is specified without a 'data' directory
Flavors: r-devel-linux-x86_64-debian-clang, r-devel-linux-x86_64-debian-gcc, r-devel-linux-x86_64-fedora-clang, r-devel-linux-x86_64-fedora-gcc, r-devel-windows-ix86+x86_64, r-devel-windows-x86_64-gcc10-UCRT

Version: 1.4.4
Check: dependencies in R code
Result: NOTE
    Namespaces in Imports field not imported from:
     ‘htmltools’ ‘rstudioapi’
     All declared Imports should be used.
Flavors: r-devel-linux-x86_64-fedora-clang, r-devel-linux-x86_64-fedora-gcc, r-devel-windows-x86_64-gcc10-UCRT, r-patched-solaris-x86, r-release-macos-x86_64, r-oldrel-macos-x86_64