CRAN Package Check Results for Package BEST

Last updated on 2014-04-25 05:47:12.

Flavor Version Tinstall Tcheck Ttotal Status Flags
r-devel-linux-x86_64-debian-clang 0.2.0 1.02 54.67 55.69 NOTE
r-devel-linux-x86_64-debian-gcc 0.2.0 0.99 55.12 56.10 NOTE
r-devel-linux-x86_64-fedora-clang 0.2.0 102.95 NOTE
r-devel-linux-x86_64-fedora-gcc 0.2.0 102.47 NOTE
r-devel-osx-x86_64-clang 0.2.0 78.61 NOTE
r-devel-osx-x86_64-gcc 0.2.0 NOTE
r-devel-windows-ix86+x86_64 0.2.0 4.00 81.00 85.00 NOTE
r-patched-linux-x86_64 0.2.0 0.99 55.38 56.36 NOTE
r-patched-solaris-sparc 0.2.0 854.60 NOTE
r-patched-solaris-x86 0.2.0 211.30 NOTE
r-release-linux-ix86 0.2.0 2.00 99.00 101.00 NOTE
r-release-linux-x86_64 0.2.0 1.01 54.89 55.90 NOTE
r-release-osx-x86_64-mavericks 0.2.0 ERROR
r-release-windows-ix86+x86_64 0.2.0 4.00 82.00 86.00 NOTE
r-oldrel-windows-ix86+x86_64 0.2.0 4.00 85.00 89.00 NOTE

Check Details

Version: 0.2.0
Check: dependencies in R code
Result: NOTE
    Package in Depends field not imported from: ‘rjags’
     These packages need to be imported from (in the NAMESPACE file)
     for when this namespace is loaded but not attached.
    See the information on DESCRIPTION files in the chapter ‘Creating R
    packages’ of the ‘Writing R Extensions’ manual.
Flavors: r-devel-linux-x86_64-debian-clang, r-devel-linux-x86_64-debian-gcc, r-devel-linux-x86_64-fedora-clang, r-devel-linux-x86_64-fedora-gcc, r-devel-osx-x86_64-clang, r-devel-osx-x86_64-gcc, r-devel-windows-ix86+x86_64, r-patched-linux-x86_64, r-patched-solaris-sparc, r-patched-solaris-x86, r-release-linux-ix86, r-release-linux-x86_64, r-release-windows-ix86+x86_64, r-oldrel-windows-ix86+x86_64

Version: 0.2.0
Check: package dependencies
Result: ERROR
    Package required but not available: ‘rjags’
    
    See the information on DESCRIPTION files in the chapter ‘Creating R
    packages’ of the ‘Writing R Extensions’ manual.
Flavor: r-release-osx-x86_64-mavericks