CRAN Package Check Results for Package BEST

Last updated on 2017-04-29 08:48:38.

Flavor Version Tinstall Tcheck Ttotal Status Flags
r-devel-linux-x86_64-debian-clang 0.4.0 1.17 39.99 41.16 OK
r-devel-linux-x86_64-debian-gcc 0.4.0 1.18 39.26 40.44 OK
r-devel-linux-x86_64-fedora-clang 0.4.0 84.32 OK --no-stop-on-test-error
r-devel-linux-x86_64-fedora-gcc 0.4.0 82.92 OK --no-stop-on-test-error
r-devel-windows-ix86+x86_64 0.4.0 5.00 96.00 101.00 OK
r-patched-linux-x86_64 0.4.0 1.05 39.12 40.17 OK
r-patched-solaris-sparc 0.4.0 619.30 OK
r-patched-solaris-x86 0.4.0 138.40 OK
r-release-linux-x86_64 0.4.0 1.17 39.46 40.63 OK
r-release-windows-ix86+x86_64 0.4.0 8.00 99.00 107.00 OK
r-release-osx-x86_64 0.4.0 NOTE
r-oldrel-windows-ix86+x86_64 0.4.0 6.00 90.00 96.00 OK
r-oldrel-osx-x86_64 0.4.0 OK

Check Details

Version: 0.4.0
Check: re-building of vignette outputs
Result: NOTE
    Error in re-building vignettes:
     ...
    Error in texi2dvi(file = file, pdf = TRUE, clean = clean, quiet = quiet, :
     Running 'texi2dvi' on 'BEST.tex' failed.
    LaTeX errors:
    ! LaTeX Error: File `placeins.sty' not found.
    
    Type X to quit or <RETURN> to proceed,
    or enter new name. (Default extension: sty)
    
    ! Emergency stop.
    <read *>
    
    l.10 \usepackage
     [usenames,dvipsnames,svgnames]{xcolor}^^M
    ! ==> Fatal error occurred, no output PDF file produced!
    Calls: buildVignettes -> texi2pdf -> texi2dvi
    Execution halted
Flavor: r-release-osx-x86_64