CRAN Package Check Results for Package BEST

Last updated on 2014-07-26 11:52:17.

Flavor Version Tinstall Tcheck Ttotal Status Flags
r-devel-linux-x86_64-debian-clang 0.2.2 0.85 55.12 55.97 OK
r-devel-linux-x86_64-debian-gcc 0.2.2 0.84 55.32 56.16 OK
r-devel-linux-x86_64-fedora-clang 0.2.2 104.52 OK
r-devel-linux-x86_64-fedora-gcc 0.2.2 103.52 OK
r-devel-osx-x86_64-clang 0.2.2 77.76 OK
r-devel-windows-ix86+x86_64 0.2.2 4.00 93.00 97.00 OK
r-patched-linux-x86_64 0.2.2 0.88 55.70 56.58 OK
r-patched-solaris-sparc 0.2.2 839.40 OK
r-patched-solaris-x86 0.2.2 213.90 OK
r-release-linux-ix86 0.2.2 1.30 77.92 79.22 OK
r-release-linux-x86_64 0.2.2 0.89 57.36 58.25 OK
r-release-osx-x86_64-mavericks 0.2.2 ERROR
r-release-osx-x86_64-snowleopard 0.2.2 OK
r-release-windows-ix86+x86_64 0.2.2 4.00 87.00 91.00 OK
r-oldrel-windows-ix86+x86_64 0.2.2 4.00 89.00 93.00 OK

Check Details

Version: 0.2.2
Check: package dependencies
Result: ERROR
    Package required but not available: ‘rjags’
    
    See the information on DESCRIPTION files in the chapter ‘Creating R
    packages’ of the ‘Writing R Extensions’ manual.
Flavor: r-release-osx-x86_64-mavericks