CRAN Package Check Results for Package BEST

Last updated on 2017-12-15 02:48:14 CET.

Flavor Version Tinstall Tcheck Ttotal Status Flags
r-devel-linux-x86_64-debian-clang 0.5.0 1.25 50.53 51.78 OK
r-devel-linux-x86_64-debian-gcc 0.5.0 1.46 43.95 45.41 OK
r-devel-linux-x86_64-fedora-clang 0.5.0 68.33 OK
r-devel-linux-x86_64-fedora-gcc 0.5.0 62.93 OK
r-devel-windows-ix86+x86_64 0.5.0 8.00 97.00 105.00 OK
r-patched-linux-x86_64 0.5.0 1.59 55.07 56.66 OK
r-patched-solaris-x86 0.5.0 126.70 OK
r-release-linux-x86_64 0.5.0 1.24 54.68 55.92 OK
r-release-windows-ix86+x86_64 0.5.0 4.00 101.00 105.00 OK
r-release-osx-x86_64 0.5.0 NOTE
r-oldrel-windows-ix86+x86_64 0.5.0 3.00 85.00 88.00 OK
r-oldrel-osx-x86_64 0.5.0 OK

Check Details

Version: 0.5.0
Check: re-building of vignette outputs
Result: NOTE
    Error in re-building vignettes:
     ...
    Loading required package: HDInterval
    Error in texi2dvi(file = file, pdf = TRUE, clean = clean, quiet = quiet, :
     Running 'texi2dvi' on 'BEST.tex' failed.
    LaTeX errors:
    ! LaTeX Error: File `placeins.sty' not found.
    
    Type X to quit or <RETURN> to proceed,
    or enter new name. (Default extension: sty)
    
    ! Emergency stop.
    <read *>
    
    l.10 \usepackage
     [usenames,dvipsnames,svgnames]{xcolor}^^M
    ! ==> Fatal error occurred, no output PDF file produced!
    Calls: buildVignettes -> texi2pdf -> texi2dvi
    Execution halted
Flavor: r-release-osx-x86_64