CRAN Package Check Results for Package BEST

Last updated on 2017-08-21 06:46:33.

Flavor Version Tinstall Tcheck Ttotal Status Flags
r-devel-linux-x86_64-debian-clang 0.5.0 1.12 38.33 39.45 OK
r-devel-linux-x86_64-debian-gcc 0.5.0 1.06 37.38 38.43 OK
r-devel-linux-x86_64-fedora-clang 0.5.0 85.86 OK
r-devel-linux-x86_64-fedora-gcc 0.5.0 79.99 OK
r-devel-windows-ix86+x86_64 0.5.0 4.00 70.00 74.00 OK
r-patched-linux-x86_64 0.5.0 1.12 37.17 38.29 OK
r-patched-solaris-x86 0.5.0 131.60 OK
r-release-linux-x86_64 0.5.0 1.03 37.37 38.41 OK
r-release-windows-ix86+x86_64 0.5.0 9.00 90.00 99.00 OK
r-release-osx-x86_64 0.5.0 NOTE
r-oldrel-windows-ix86+x86_64 0.5.0 3.00 65.00 68.00 OK
r-oldrel-osx-x86_64 0.5.0 OK

Check Details

Version: 0.5.0
Check: re-building of vignette outputs
Result: NOTE
    Error in re-building vignettes:
     ...
    Loading required package: HDInterval
    Error in texi2dvi(file = file, pdf = TRUE, clean = clean, quiet = quiet, :
     Running 'texi2dvi' on 'BEST.tex' failed.
    LaTeX errors:
    ! LaTeX Error: File `placeins.sty' not found.
    
    Type X to quit or <RETURN> to proceed,
    or enter new name. (Default extension: sty)
    
    ! Emergency stop.
    <read *>
    
    l.10 \usepackage
     [usenames,dvipsnames,svgnames]{xcolor}^^M
    ! ==> Fatal error occurred, no output PDF file produced!
    Calls: buildVignettes -> texi2pdf -> texi2dvi
    Execution halted
Flavor: r-release-osx-x86_64