CRAN Package Check Results for Package BEST

Last updated on 2017-06-26 21:49:18.

Flavor Version Tinstall Tcheck Ttotal Status Flags
r-devel-linux-x86_64-debian-clang 0.5.0 1.29 38.43 39.72 OK
r-devel-linux-x86_64-debian-gcc 0.5.0 1.03 37.49 38.52 OK
r-devel-linux-x86_64-fedora-clang 0.5.0 78.96 OK
r-devel-linux-x86_64-fedora-gcc 0.5.0 76.00 OK
r-devel-windows-ix86+x86_64 0.5.0 8.00 94.00 102.00 OK
r-patched-linux-x86_64 0.5.0 1.06 37.51 38.57 OK
r-patched-solaris-sparc 0.5.0 581.90 OK
r-patched-solaris-x86 0.5.0 129.80 OK
r-release-linux-x86_64 0.5.0 1.10 37.55 38.65 OK
r-release-windows-ix86+x86_64 0.5.0 3.00 91.00 94.00 OK
r-release-osx-x86_64 0.5.0 NOTE
r-oldrel-windows-ix86+x86_64 0.5.0 6.00 93.00 99.00 OK
r-oldrel-osx-x86_64 0.5.0 OK

Check Details

Version: 0.5.0
Check: re-building of vignette outputs
Result: NOTE
    Error in re-building vignettes:
     ...
    Loading required package: HDInterval
    Error in texi2dvi(file = file, pdf = TRUE, clean = clean, quiet = quiet, :
     Running 'texi2dvi' on 'BEST.tex' failed.
    LaTeX errors:
    ! LaTeX Error: File `placeins.sty' not found.
    
    Type X to quit or <RETURN> to proceed,
    or enter new name. (Default extension: sty)
    
    ! Emergency stop.
    <read *>
    
    l.10 \usepackage
     [usenames,dvipsnames,svgnames]{xcolor}^^M
    ! ==> Fatal error occurred, no output PDF file produced!
    Calls: buildVignettes -> texi2pdf -> texi2dvi
    Execution halted
Flavor: r-release-osx-x86_64