CRAN Package Check Results for Package BEST

Last updated on 2014-11-26 01:47:53.

Flavor Version Tinstall Tcheck Ttotal Status Flags
r-devel-linux-x86_64-debian-clang 0.2.2 0.86 62.26 63.12 OK
r-devel-linux-x86_64-debian-gcc 0.2.2 0.90 58.13 59.03 OK
r-devel-linux-x86_64-fedora-clang 0.2.2 109.84 OK
r-devel-linux-x86_64-fedora-gcc 0.2.2 103.93 OK
r-devel-osx-x86_64-clang 0.2.2 81.11 OK
r-devel-windows-ix86+x86_64 0.2.2 5.00 90.00 95.00 OK
r-patched-linux-x86_64 0.2.2 0.88 57.57 58.45 OK
r-patched-solaris-sparc 0.2.2 895.50 OK
r-patched-solaris-x86 0.2.2 213.90 OK
r-release-linux-ix86 0.2.2 1.33 74.74 76.07 OK
r-release-linux-x86_64 0.2.2 0.89 57.46 58.34 OK
r-release-osx-x86_64-mavericks 0.2.2 NOTE
r-release-osx-x86_64-snowleopard 0.2.2 OK
r-release-windows-ix86+x86_64 0.2.2 4.00 86.00 90.00 OK
r-oldrel-windows-ix86+x86_64 0.2.2 4.00 87.00 91.00 OK

Check Details

Version: 0.2.2
Check: re-building of vignette outputs
Result: NOTE
    Error in re-building vignettes:
     ...
    Loading required package: rjags
    Loading required package: coda
    Loading required package: lattice
    Linked to JAGS 3.4.0
    Loaded modules: basemod,bugs
    Error in texi2dvi(file = file, pdf = TRUE, clean = clean, quiet = quiet, :
     Running 'texi2dvi' on 'BEST.tex' failed.
    LaTeX errors:
    ! LaTeX Error: File `placeins.sty' not found.
    
    Type X to quit or <RETURN> to proceed,
    or enter new name. (Default extension: sty)
    
    st/BEST/vignettes/BEST.tex:10: ==> Fatal error occurred, no output PDF file pr
    oduced!
    Calls: buildVignettes -> texi2pdf -> texi2dvi
    Execution halted
Flavor: r-release-osx-x86_64-mavericks