CRAN Package Check Results for Package BEST

Last updated on 2017-03-27 21:48:31.

Flavor Version Tinstall Tcheck Ttotal Status Flags
r-devel-linux-x86_64-debian-clang 0.4.0 1.05 40.30 41.35 OK
r-devel-linux-x86_64-debian-gcc 0.4.0 1.11 39.55 40.66 OK
r-devel-linux-x86_64-fedora-clang 0.4.0 83.54 OK --no-stop-on-test-error
r-devel-linux-x86_64-fedora-gcc 0.4.0 91.83 OK --no-stop-on-test-error
r-devel-macos-x86_64-clang 0.4.0 53.57 OK --no-stop-on-test-error
r-devel-windows-ix86+x86_64 0.4.0 4.00 83.00 87.00 OK
r-patched-linux-x86_64 0.4.0 1.13 39.02 40.15 OK
r-patched-solaris-sparc 0.4.0 619.30 OK
r-patched-solaris-x86 0.4.0 139.70 OK
r-release-linux-x86_64 0.4.0 1.00 34.17 35.17 OK
r-release-osx-x86_64-mavericks 0.4.0 OK
r-release-windows-ix86+x86_64 0.4.0 4.00 87.00 91.00 OK
r-oldrel-windows-ix86+x86_64 0.4.0 2.00 2.00 4.00 ERROR

Check Details

Version: 0.4.0
Check: whether package can be installed
Result: ERROR
    Installation failed.
Flavor: r-oldrel-windows-ix86+x86_64