CRAN Package Check Results for Package BEST

Last updated on 2014-08-21 01:47:38.

Flavor Version Tinstall Tcheck Ttotal Status Flags
r-devel-linux-x86_64-debian-clang 0.2.2 0.84 56.26 57.09 OK
r-devel-linux-x86_64-debian-gcc 0.2.2 0.84 55.50 56.34 OK
r-devel-linux-x86_64-fedora-clang 0.2.2 111.93 OK
r-devel-linux-x86_64-fedora-gcc 0.2.2 103.44 OK
r-devel-osx-x86_64-clang 0.2.2 78.47 OK
r-devel-windows-ix86+x86_64 0.2.2 4.00 85.00 89.00 OK
r-patched-linux-x86_64 0.2.2 0.86 55.54 56.40 OK
r-patched-solaris-sparc 0.2.2 895.50 OK
r-patched-solaris-x86 0.2.2 214.40 OK
r-release-linux-ix86 0.2.2 1.37 79.10 80.48 OK
r-release-linux-x86_64 0.2.2 0.88 55.41 56.29 OK
r-release-osx-x86_64-mavericks 0.2.2 ERROR
r-release-osx-x86_64-snowleopard 0.2.2 OK
r-release-windows-ix86+x86_64 0.2.2 4.00 89.00 93.00 OK
r-oldrel-windows-ix86+x86_64 0.2.2 4.00 93.00 97.00 OK

Check Details

Version: 0.2.2
Check: package dependencies
Result: ERROR
    Package required but not available: ‘rjags’
    
    See the information on DESCRIPTION files in the chapter ‘Creating R
    packages’ of the ‘Writing R Extensions’ manual.
Flavor: r-release-osx-x86_64-mavericks