CRAN Package Check Results for Package BEST

Last updated on 2017-02-25 11:48:10.

Flavor Version Tinstall Tcheck Ttotal Status Flags
r-devel-linux-x86_64-debian-clang 0.4.0 1.02 40.20 41.22 OK
r-devel-linux-x86_64-debian-gcc 0.4.0 1.05 39.53 40.58 OK
r-devel-linux-x86_64-fedora-clang 0.4.0 84.09 OK --no-stop-on-test-error
r-devel-linux-x86_64-fedora-gcc 0.4.0 93.94 OK --no-stop-on-test-error
r-devel-macos-x86_64-clang 0.4.0 55.08 OK --no-stop-on-test-error
r-devel-windows-ix86+x86_64 0.4.0 6.00 94.00 100.00 OK
r-patched-linux-x86_64 0.4.0 0.92 34.51 35.43 OK
r-patched-solaris-sparc 0.4.0 567.20 OK
r-patched-solaris-x86 0.4.0 140.10 OK
r-release-linux-x86_64 0.4.0 0.94 34.50 35.44 OK
r-release-osx-x86_64-mavericks 0.4.0 OK
r-release-windows-ix86+x86_64 0.4.0 7.00 93.00 100.00 OK
r-oldrel-windows-ix86+x86_64 0.4.0 2.00 3.00 5.00 ERROR

Check Details

Version: 0.4.0
Check: whether package can be installed
Result: ERROR
    Installation failed.
Flavor: r-oldrel-windows-ix86+x86_64