CRAN Package Check Results for Package BESTree

Last updated on 2020-02-27 23:49:18 CET.

Flavor Version Tinstall Tcheck Ttotal Status Flags
r-devel-linux-x86_64-debian-clang 0.5.2 2.29 85.25 87.54 OK
r-devel-linux-x86_64-debian-gcc 0.5.2 2.36 59.79 62.15 OK
r-devel-linux-x86_64-fedora-clang 0.5.2 104.25 NOTE
r-devel-linux-x86_64-fedora-gcc 0.5.2 95.90 NOTE
r-devel-windows-ix86+x86_64 0.5.2 6.00 86.00 92.00 OK
r-devel-windows-ix86+x86_64-gcc8 0.5.2 7.00 98.00 105.00 OK
r-patched-linux-x86_64 0.5.2 2.57 75.53 78.10 OK
r-patched-solaris-x86 0.5.2 110.30 NOTE
r-release-linux-x86_64 0.5.2 2.60 74.24 76.84 OK
r-release-windows-ix86+x86_64 0.5.2 4.00 82.00 86.00 OK
r-release-osx-x86_64 0.5.2 NOTE
r-oldrel-windows-ix86+x86_64 0.5.2 3.00 80.00 83.00 OK
r-oldrel-osx-x86_64 0.5.2 NOTE

Check Details

Version: 0.5.2
Check: dependencies in R code
Result: NOTE
    Namespace in Imports field not imported from: ‘compiler’
     All declared Imports should be used.
Flavors: r-devel-linux-x86_64-fedora-clang, r-devel-linux-x86_64-fedora-gcc, r-patched-solaris-x86, r-release-osx-x86_64, r-oldrel-osx-x86_64